000
CXUS52 KMLB 010716
CF6ORL
PRELIMINARY LOCAL CLIMATOLOGICAL DATA (WS FORM: F-6)
STATION: ORLANDO EXEC
MONTH: DECEMBER
YEAR: 2021
LATITUDE: 28 32 N
LONGITUDE: 81 20 W
TEMPERATURE IN F: :PCPN: SNOW: WIND :SUNSHINE: SKY :PK WND
================================================================================
1 2 3 4 5 6A 6B 7 8 9 10 11 12 13 14 15 16 17 18
12Z AVG MX 2MIN
DY MAX MIN AVG DEP HDD CDD WTR SNW DPTH SPD SPD DIR MIN PSBL S-S WX SPD DR
================================================================================
1 79 53 66 0 0 1 0.00 0.0 0 3.0 9 220 M M 1 12 220
2 77 58 68 2 0 3 0.00 0.0 0 4.8 16 350 M M 1 21 360
3 79 54 67 1 0 2 0.00 0.0 0 2.7 10 20 M M 0 15 20
4 78 52 65 -1 0 0 0.00 0.0 0 1.6 9 100 M M 0 12 12 10
5 81 56 69 4 0 4 0.00 0.0 0 2.6 12 110 M M 4 1 17 100
6 84 61 73 8 0 8 0.00 0.0 0 4.7 14 250 M M 2 12 17 250
7 81 65 73 8 0 8 0.00 0.0 0 4.6 10 290 M M 4 12 17 290
8 85 61 73 8 0 8 0.00 0.0 0 6.8 17 250 M M 3 12 21 230
9 81 67 74 9 0 9 0.00 0.0 0 3.4 12 60 M M 5 14 60
10 86 62 74 9 0 9 0.00 0.0 0 3.5 10 90 M M 1 1 14 80
11 84 66 75 11 0 10 0.00 0.0 0 3.0 10 180 M M 1 12 14 210
12 86 65 76 12 0 11 0.23 0.0 0 5.2 18 10 M M 4 12 22 10
13 85 65 75 11 0 10 0.00 0.0 0 6.2 13 30 M M 2 17 30
14 83 67 75 11 0 10 T 0.0 0 8.9 18 70 M M 7 1 22 70
15 79 66 73 9 0 8 0.13 0.0 0 7.2 18 80 M M 6 1 23 50
16 84 67 76 12 0 11 0.04 0.0 0 6.1 14 120 M M 3 1 19 130
17 84 64 74 10 0 9 0.00 0.0 0 4.4 14 140 M M 2 12 17 110
18 84 64 74 11 0 9 0.00 0.0 0 5.9 16 150 M M 2 1 19 150
19 86 73 80 17 0 15 0.00 0.0 0 8.6 16 240 M M 5 1 21 240
20 76 66 71 8 0 6 0.74 0.0 0 10.1 16 10 M M 10 13 23 20
21 74 60 67 4 0 2 1.02 0.0 0 9.5 21 280 M M 10 1 26 280
22 66 51 59 -4 6 0 0.00 0.0 0 12.0 21 310 M M 5 27 300
23 73 49 61 -2 4 0 0.00 0.0 0 5.9 10 50 M M 1 15 60
24 79 56 68 5 0 3 0.00 0.0 0 3.4 9 110 M M 3 16 100
25 80 54 67 5 0 2 0.00 0.0 0 6.2 16 250 M M 1 22 280
26 79 59 69 7 0 4 0.00 0.0 0 5.8 15 280 M M 0 19 280
27 79 59 69 7 0 4 0.00 0.0 0 2.1 10 290 M M 1 1 13 300
28 82 58 70 8 0 5 0.00 0.0 0 4.3 13 190 M M 2 12 16 180
29 84 63 74 12 0 9 0.00 0.0 0 5.7 15 200 M M 1 1 18 210
30 83 64 74 12 0 9 0.00 0.0 0 4.2 13 200 M M 3 128 16 190
31 85 65 75 13 0 10 0.00 0.0 0 3.9 9 190 M M 4 128 13 240
================================================================================
SM 2506 1890 10 199 2.16 0.0 166.3 M 94
================================================================================
AV 80.8 61.0 5.4 FASTST M M 3 MAX(MPH)
MISC ----> # 21 280 27 300
================================================================================
NOTES:
# LAST OF SEVERAL OCCURRENCES
COLUMN 17 PEAK WIND IN M.P.H.
PRELIMINARY LOCAL CLIMATOLOGICAL DATA (WS FORM: F-6) , PAGE 2
STATION: ORLANDO EXEC
MONTH: DECEMBER
YEAR: 2021
LATITUDE: 28 32 N
LONGITUDE: 81 20 W
[TEMPERATURE DATA] [PRECIPITATION DATA] SYMBOLS USED IN COLUMN 16
AVERAGE MONTHLY: 70.9 TOTAL FOR MONTH: 2.16 1 = FOG OR MIST
DPTR FM NORMAL: 7.1 DPTR FM NORMAL: -0.12 2 = FOG REDUCING VISIBILITY
HIGHEST: 86 ON 19,12 GRTST 24HR 1.75 ON 20-21 TO 1/4 MILE OR LESS
LOWEST: 49 ON 23 3 = THUNDER
SNOW, ICE PELLETS, HAIL 4 = ICE PELLETS
TOTAL MONTH: 0.0 INCH 5 = HAIL
GRTST 24HR 0.0 6 = FREEZING RAIN OR DRIZZLE
GRTST DEPTH: 0 7 = DUSTSTORM OR SANDSTORM:
VSBY 1/2 MILE OR LESS
8 = SMOKE OR HAZE
[NO. OF DAYS WITH] [WEATHER - DAYS WITH] 9 = BLOWING SNOW
X = TORNADO
MAX 32 OR BELOW: 0 0.01 INCH OR MORE: 5
MAX 90 OR ABOVE: 0 0.10 INCH OR MORE: 4
MIN 32 OR BELOW: 0 0.50 INCH OR MORE: 2
MIN 0 OR BELOW: 0 1.00 INCH OR MORE: 1
[HDD (BASE 65) ]
TOTAL THIS MO. 10 CLEAR (SCALE 0-3) 19
DPTR FM NORMAL -110 PTCLDY (SCALE 4-7) 10
TOTAL FM JUL 1 47 CLOUDY (SCALE 8-10) 2
DPTR FM NORMAL -112
[CDD (BASE 65) ]
TOTAL THIS MO. 199
DPTR FM NORMAL 116 [PRESSURE DATA]
TOTAL FM JAN 1 4114 HIGHEST SLP M ON M
DPTR FM NORMAL 421 LOWEST SLP 29.64 ON 21
[REMARKS]
#FINAL-12-21#