000
CXUS53 KGRB 021252
CF6OSH
PRELIMINARY LOCAL CLIMATOLOGICAL DATA (WS FORM: F-6)
STATION: OSHKOSH WI
MONTH: APRIL
YEAR: 2022
LATITUDE: 44 0 N
LONGITUDE: 88 34 W
TEMPERATURE IN F: :PCPN: SNOW: WIND :SUNSHINE: SKY :PK WND
================================================================================
1 2 3 4 5 6A 6B 7 8 9 10 11 12 13 14 15 16 17 18
12Z AVG MX 2MIN
DY MAX MIN AVG DEP HDD CDD WTR SNW DPTH SPD SPD DIR MIN PSBL S-S WX SPD DR
================================================================================
1 45 28 37 -3 28 0 0.00 0.0 0 7.8 15 320 M M 5 20 330
2 40 33 37 -3 28 0 0.12 T T 5.3 12 190 M M 8 18 16 290
3 45 33 39 -1 26 0 0.13 T 0 6.9 14 130 M M 8 1 18 170
4 44 33 39 -2 26 0 0.19 T 0 6.9 16 320 M M 10 1 22 320
5 45 32 39 -2 26 0 0.25 0.0 0 8.4 17 130 M M 9 12 23 110
6 52 38 45 3 20 0 0.30 0.0 0 12.0 28 200 M M 8 1 40 210
7 42 36 39 -3 26 0 0.02 T 0 7.6 14 10 M M 10 1 21 200
8 37 31 34 -8 31 0 0.15 T 0 13.2 20 340 M M 10 18 27 320
9 50 28 39 -4 26 0 0.00 0.0 0 7.8 16 320 M M 3 27 310
10 56 28 42 -1 23 0 0.00 0.0 0 12.5 28 130 M M 1 42 130
11 62 37 50 7 15 0 0.00 0.0 0 8.6 20 290 M M 0 30 290
12 62 32 47 3 18 0 0.05 0.0 0 11.0 29 120 M M 4 1 39 130
13 66 36 51 7 14 0 0.67 0.0 0 10.3 24 300 M M 8 128 43 290
14 41 33 37 -8 28 0 0.00 0.0 0 14.8 28 210 M M 5 45 240
15 43 28 36 -9 29 0 0.00 0.0 0 11.0 24 290 M M 2 38 270
16 39 27 33 -12 32 0 0.00 0.0 0 12.5 23 300 M M 8 33 310
17 41 25 33 -13 32 0 T T 0 8.3 15 100 M M 2 20 90
18 38 30 34 -12 31 0 0.09 T T 8.6 17 290 M M 10 1 25 290
19 49 33 41 -5 24 0 0.00 0.0 0 9.0 21 330 M M 5 32 350
20 50 34 42 -5 23 0 0.27 0.0 0 12.0 23 140 M M 9 18 34 140
21 62 39 51 4 14 0 0.00 0.0 0 10.8 25 290 M M 3 1 40 280
22 47 40 44 -4 21 0 0.23 0.0 0 11.9 22 150 M M 6 1 28 130
23 78 46 62 14 3 0 0.00 0.0 0 16.6 28 190 M M 2 39 180
24 68 49 59 11 6 0 0.01 0.0 0 15.7 29 200 M M 4 45 200
25 49 38 44 -5 21 0 0.00 0.0 0 10.4 17 290 M M 9 26 290
26 38 28 33 -16 32 0 0.00 0.0 0 12.0 20 290 M M 9 29 290
27 42 25 34 -16 31 0 0.00 0.0 0 9.3 16 80 M M 4 25 80
28 47 34 41 -9 24 0 0.00 0.0 0 11.7 21 120 M M 9 25 120
29 61 39 50 0 15 0 T 0.0 0 12.8 23 130 M M 4 31 110
30 54 45 50 -1 15 0 0.26 0.0 0 17.6 28 120 M M 10 13 40 120
================================================================================
SM 1493 1018 688 0 2.74 T 323.3 M 185
================================================================================
AV 49.8 33.9 10.8 FASTST M M 6 MAX(MPH)
MISC ----> # 29 120 # 45 240
================================================================================
NOTES:
# LAST OF SEVERAL OCCURRENCES
COLUMN 17 PEAK WIND IN M.P.H.
PRELIMINARY LOCAL CLIMATOLOGICAL DATA (WS FORM: F-6) , PAGE 2
STATION: OSHKOSH WI
MONTH: APRIL
YEAR: 2022
LATITUDE: 44 0 N
LONGITUDE: 88 34 W
[TEMPERATURE DATA] [PRECIPITATION DATA] SYMBOLS USED IN COLUMN 16
AVERAGE MONTHLY: 41.9 TOTAL FOR MONTH: 2.74 1 = FOG OR MIST
DPTR FM NORMAL: -3.2 DPTR FM NORMAL: -0.15 2 = FOG REDUCING VISIBILITY
HIGHEST: 78 ON 23 GRTST 24HR 0.67 ON 13-13 TO 1/4 MILE OR LESS
LOWEST: 25 ON 27,17 3 = THUNDER
SNOW, ICE PELLETS, HAIL 4 = ICE PELLETS
TOTAL MONTH: T 5 = HAIL
GRTST 24HR T ON 2- 2 6 = FREEZING RAIN OR DRIZZLE
GRTST DEPTH: T 7 = DUSTSTORM OR SANDSTORM:
VSBY 1/2 MILE OR LESS
8 = SMOKE OR HAZE
[NO. OF DAYS WITH] [WEATHER - DAYS WITH] 9 = BLOWING SNOW
X = TORNADO
MAX 32 OR BELOW: 0 0.01 INCH OR MORE: 14
MAX 90 OR ABOVE: 0 0.10 INCH OR MORE: 10
MIN 32 OR BELOW: 12 0.50 INCH OR MORE: 1
MIN 0 OR BELOW: 0 1.00 INCH OR MORE: 0
[HDD (BASE 65) ]
TOTAL THIS MO. 688 CLEAR (SCALE 0-3) 5
DPTR FM NORMAL 91 PTCLDY (SCALE 4-7) 14
TOTAL FM JUL 1 6872 CLOUDY (SCALE 8-10) 11
DPTR FM NORMAL -157
[CDD (BASE 65) ]
TOTAL THIS MO. 0
DPTR FM NORMAL -1 [PRESSURE DATA]
TOTAL FM JAN 1 0 HIGHEST SLP 30.46 ON 22
DPTR FM NORMAL -2 LOWEST SLP 29.33 ON 6
[REMARKS]
#FINAL-04-22#