000
CXUS56 KMFR 011030
CF6OTH
PRELIMINARY LOCAL CLIMATOLOGICAL DATA (WS FORM: F-6)
STATION: NORTH BEND OR
MONTH: DECEMBER
YEAR: 2022
LATITUDE: 43 25 N
LONGITUDE: 124 15 W
TEMPERATURE IN F: :PCPN: SNOW: WIND :SUNSHINE: SKY :PK WND
================================================================================
1 2 3 4 5 6A 6B 7 8 9 10 11 12 13 14 15 16 17 18
12Z AVG MX 2MIN
DY MAX MIN AVG DEP HDD CDD WTR SNW DPTH SPD SPD DIR MIN PSBL S-S WX SPD DR
================================================================================
1 46 34 40 -8 25 0 0.05 M M 9.5 26 250 M M 7 1 31 260
2 50 35 43 -5 22 0 T M M 13.1 21 160 M M 7 26 150
3 54 37 46 -1 19 0 T M M 7.1 16 140 M M 5 8 20 140
4 54 41 48 1 17 0 0.11 M M 6.9 15 190 M M 9 20 190
5 52 41 47 0 18 0 0.05 M M 3.5 9 150 M M 9 1 9 150
6 51 35 43 -4 22 0 0.00 M M 6.8 12 150 M M 1 1 14 150
7 48 35 42 -5 23 0 T M M 9.8 17 170 M M 8 21 170
8 48 39 44 -3 21 0 1.46 M M 8.0 20 270 M M 10 1 23 270
9 50 41 46 -1 19 0 0.51 M M 15.4 28 160 M M 9 37 160
10 49 40 45 -2 20 0 0.84 M M 12.0 26 160 M M 10 1 36 190
11 49 37 43 -4 22 0 0.01 M M 5.9 14 360 M M 6 15 330
12 50 36 43 -3 22 0 0.20 M M 4.8 12 350 M M 7 12 13 350
13 48 33 41 -5 24 0 T M M 6.1 15 90 M M 3 12 20 110
14 50 31 41 -5 24 0 0.00 M M 4.0 13 360 M M 0 16 360
15 54 32 43 -3 22 0 0.00 M M 5.1 15 100 M M 0 18 100
16 54 33 44 -2 21 0 0.00 M M 7.1 20 100 M M 0 26 90
17 49 30 40 -6 25 0 0.00 M M 6.6 12 140 M M 2 13 150
18 48 37 43 -3 22 0 0.00 M M 6.6 12 150 M M 10 13 150
19 50 37 44 -2 21 0 0.00 M M 6.0 12 130 M M 2 13 160
20 52 42 47 1 18 0 0.31 M M 8.8 18 220 M M 10 1 25 230
21 51 39 45 -1 20 0 0.03 M M 5.1 14 10 M M 9 12 16 360
22 48 39 44 -2 21 0 0.27 M M 7.5 13 140 M M 9 1 15 120
23 56 47 52 6 13 0 0.12 M M 9.6 21 190 M M 10 1 29 200
24 61 49 55 9 10 0 0.40 M M 8.6 24 220 M M 10 1 35 210
25 62 54 58 12 7 0 0.03 M M 7.8 22 210 M M 10 1 29 190
26 61 55 58 12 7 0 1.50 M M 12.9 39 200 M M 10 1 54 210
27 59 45 52 6 13 0 0.47 M M 20.3 45 220 M M 10 18 59 200
28 54 41 48 2 17 0 0.19 M M 7.2 26 280 M M 9 1 31 280
29 55 44 50 4 15 0 1.11 M M 10.0 28 210 M M 10 1 40 210
30 54 44 49 2 16 0 0.83 M M 6.0 18 230 M M 10 1 26 230
31 53 40 47 0 18 0 T M M 4.8 8 330 M M 7 12 M M
================================================================================
SM 1620 1223 584 0 8.49 M 252.9 M 219
================================================================================
AV 52.3 39.5 8.2 FASTST M M 7 MAX(MPH)
MISC ----> 45 220 59 200
================================================================================
NOTES:
# LAST OF SEVERAL OCCURRENCES
COLUMN 17 PEAK WIND IN M.P.H.
PRELIMINARY LOCAL CLIMATOLOGICAL DATA (WS FORM: F-6) , PAGE 2
STATION: NORTH BEND OR
MONTH: DECEMBER
YEAR: 2022
LATITUDE: 43 25 N
LONGITUDE: 124 15 W
[TEMPERATURE DATA] [PRECIPITATION DATA] SYMBOLS USED IN COLUMN 16
AVERAGE MONTHLY: 45.9 TOTAL FOR MONTH: 8.49 1 = FOG OR MIST
DPTR FM NORMAL: -0.8 DPTR FM NORMAL: -1.98 2 = FOG REDUCING VISIBILITY
HIGHEST: 62 ON 25 GRTST 24HR 1.63 ON 26-27 TO 1/4 MILE OR LESS
LOWEST: 30 ON 17 3 = THUNDER
SNOW, ICE PELLETS, HAIL 4 = ICE PELLETS
TOTAL MONTH: M 5 = HAIL
GRTST 24HR M ON M 6 = FREEZING RAIN OR DRIZZLE
GRTST DEPTH: M ON M 7 = DUSTSTORM OR SANDSTORM:
VSBY 1/2 MILE OR LESS
8 = SMOKE OR HAZE
[NO. OF DAYS WITH] [WEATHER - DAYS WITH] 9 = BLOWING SNOW
X = TORNADO
MAX 32 OR BELOW: 0 0.01 INCH OR MORE: 19
MAX 90 OR ABOVE: 0 0.10 INCH OR MORE: 14
MIN 32 OR BELOW: 3 0.50 INCH OR MORE: 6
MIN 0 OR BELOW: 0 1.00 INCH OR MORE: 3
[HDD (BASE 65) ]
TOTAL THIS MO. 584 CLEAR (SCALE 0-3) 7
DPTR FM NORMAL 15 PTCLDY (SCALE 4-7) 7
TOTAL FM JUL 1 1756 CLOUDY (SCALE 8-10) 17
DPTR FM NORMAL -61
[CDD (BASE 65) ]
TOTAL THIS MO. 0
DPTR FM NORMAL 0 [PRESSURE DATA]
TOTAL FM JAN 1 14 HIGHEST SLP 30.37 ON 14
DPTR FM NORMAL 7 LOWEST SLP 29.16 ON 27
[REMARKS]
#FINAL-12-22#