000
CXUS53 KARX 022220
CF6OVS
PRELIMINARY LOCAL CLIMATOLOGICAL DATA (WS FORM: F-6)
STATION: BOSCOBEL_(ASOS) WI
MONTH: OCTOBER
YEAR: 2021
LATITUDE: 43 9 N
LONGITUDE: 90 41 W
TEMPERATURE IN F: :PCPN: SNOW: WIND :SUNSHINE: SKY :PK WND
================================================================================
1 2 3 4 5 6A 6B 7 8 9 10 11 12 13 14 15 16 17 18
12Z AVG MX 2MIN
DY MAX MIN AVG DEP HDD CDD WTR SNW DPTH SPD SPD DIR MIN PSBL S-S WX SPD DR
================================================================================
1 87 55 71 14 0 6 0.21 0.0 0 1.8 14 210 M M 2 1 20 200
2 81 63 72 16 0 7 0.00 0.0 0 1.9 10 270 M M 6 128 14 260
3 73 62 68 12 0 3 0.02 0.0 0 3.0 13 310 M M 8 1 19 270
4 71 59 65 9 0 0 T 0.0 0 2.3 9 360 M M 9 1 14 340
5 72 55 64 9 1 0 0.00 0.0 0 2.8 12 80 M M 9 12 17 90
6 78 63 71 16 0 6 0.00 0.0 0 3.0 10 70 M M 7 16 60
7 67 62 65 11 0 0 0.12 0.0 0 1.8 6 190 M M 10 1 10 30
8 69 61 65 11 0 0 0.30 0.0 0 0.6 9 230 M M 10 12 12 220
9 83 58 71 18 0 6 T 0.0 0 4.5 12 120 M M 5 12 20 130
10 78 62 70 17 0 5 0.01 0.0 0 6.5 22 230 M M 2 34 220
11 63 57 60 8 5 0 0.21 0.0 0 2.4 9 220 M M 9 1 13 220
12 68 58 63 11 2 0 0.00 0.0 0 3.5 10 290 M M 10 18 15 280
13 69 56 63 11 2 0 0.32 0.0 0 5.3 16 130 M M 8 12 29 100
14 69 44 57 6 8 0 0.00 0.0 0 5.3 14 210 M M 0 1 20 250
15 65 39 52 1 13 0 0.01 0.0 0 4.6 15 290 M M 3 1 22 280
16 63 36 50 0 15 0 0.00 0.0 0 6.1 20 270 M M 1 18 30 310
17 69 33 51 1 14 0 0.00 0.0 0 2.6 12 280 M M 0 18 17 250
18 76 34 55 5 10 0 0.00 0.0 0 1.4 12 230 M M 1 12 18 230
19 76 37 57 8 8 0 T 0.0 0 2.8 14 200 M M 2 128 23 190
20 76 44 60 11 5 0 T 0.0 0 4.1 17 240 M M 4 1 25 240
21 56 35 46 -2 19 0 0.01 0.0 0 5.6 16 320 M M 8 12 23 350
22 52 31 42 -6 23 0 0.00 0.0 0 0.9 7 310 M M 7 128 10 300
23 57 29 43 -5 22 0 0.00 0.0 0 0.5 7 90 M M 3 128 11 70
24 51 33 42 -5 23 0 0.39 0.0 0 4.9 10 60 M M 5 1 23 50
25 58 30 44 -3 21 0 0.06 0.0 0 5.2 15 30 M M 5 1 22 40
26 59 29 44 -2 21 0 0.00 0.0 0 3.1 12 100 M M 3 12 18 100
27 60 38 49 3 16 0 0.00 0.0 0 5.0 15 120 M M 6 28 130
28 53 47 50 5 15 0 0.42 0.0 0 5.2 13 10 M M 8 1 19 350
29 57 47 52 7 13 0 T 0.0 0 8.0 16 350 M M 8 25 360
30 64 38 51 7 14 0 0.00 0.0 0 2.4 10 290 M M 1 18 14 300
31 53 36 45 1 20 0 0.00 0.0 0 9.2 23 320 M M 2 1 32 300
================================================================================
SM 2073 1431 290 33 2.08 0.0 116.3 M 162
================================================================================
AV 66.9 46.2 3.8 FASTST M M 5 MAX(MPH)
MISC ----> 23 320 34 220
================================================================================
NOTES:
# LAST OF SEVERAL OCCURRENCES
COLUMN 17 PEAK WIND IN M.P.H.
PRELIMINARY LOCAL CLIMATOLOGICAL DATA (WS FORM: F-6) , PAGE 2
STATION: BOSCOBEL_(ASOS) WI
MONTH: OCTOBER
YEAR: 2021
LATITUDE: 43 9 N
LONGITUDE: 90 41 W
[TEMPERATURE DATA] [PRECIPITATION DATA] SYMBOLS USED IN COLUMN 16
AVERAGE MONTHLY: 56.5 TOTAL FOR MONTH: 2.08 1 = FOG OR MIST
DPTR FM NORMAL: 6.1 DPTR FM NORMAL: -0.40 2 = FOG REDUCING VISIBILITY
HIGHEST: 87 ON 1 GRTST 24HR 0.45 ON 24-25 TO 1/4 MILE OR LESS
LOWEST: 29 ON 26,23 3 = THUNDER
SNOW, ICE PELLETS, HAIL 4 = ICE PELLETS
TOTAL MONTH: 0.0 INCH 5 = HAIL
GRTST 24HR 0.0 6 = FREEZING RAIN OR DRIZZLE
GRTST DEPTH: 0 7 = DUSTSTORM OR SANDSTORM:
VSBY 1/2 MILE OR LESS
8 = SMOKE OR HAZE
[NO. OF DAYS WITH] [WEATHER - DAYS WITH] 9 = BLOWING SNOW
X = TORNADO
MAX 32 OR BELOW: 0 0.01 INCH OR MORE: 12
MAX 90 OR ABOVE: 0 0.10 INCH OR MORE: 7
MIN 32 OR BELOW: 4 0.50 INCH OR MORE: 0
MIN 0 OR BELOW: 0 1.00 INCH OR MORE: 0
[HDD (BASE 65) ]
TOTAL THIS MO. 290 CLEAR (SCALE 0-3) 11
DPTR FM NORMAL -171 PTCLDY (SCALE 4-7) 13
TOTAL FM JUL 1 323 CLOUDY (SCALE 8-10) 7
DPTR FM NORMAL -283
[CDD (BASE 65) ]
TOTAL THIS MO. 33
DPTR FM NORMAL 25 [PRESSURE DATA]
TOTAL FM JAN 1 901 HIGHEST SLP 30.29 ON 5
DPTR FM NORMAL 163 LOWEST SLP 29.57 ON 10
[REMARKS]
#FINAL-10-21#