000
CXUS53 KDDC 011446
CF6P28
PRELIMINARY LOCAL CLIMATOLOGICAL DATA (WS FORM: F-6)
STATION: MEDICINE LODGE KS
MONTH: APRIL
YEAR: 2020
LATITUDE: 37 17 N
LONGITUDE: 98 35 W
TEMPERATURE IN F: :PCPN: SNOW: WIND :SUNSHINE: SKY :PK WND
================================================================================
1 2 3 4 5 6A 6B 7 8 9 10 11 12 13 14 15 16 17 18
12Z AVG MX 2MIN
DY MAX MIN AVG DEP HDD CDD WTR SNW DPTH SPD SPD DIR MIN PSBL S-S WX SPD DR
================================================================================
1 71 47 59 7 6 0 0.00 0.0 0 14.8 31 180 M M 0 41 170
2 73 28 51 -1 14 0 0.00 0.0 0 16.2 28 360 M M 0 40 360
3 50 26 38 -14 27 0 0.00 0.0 0 15.4 29 360 M M 0 40 360
4 50 26 38 -14 27 0 0.00 0.0 0 5.9 13 130 M M 0 17 110
5 64 36 50 -3 15 0 0.00 0.0 0 9.8 18 160 M M 0 30 170
6 79 56 68 15 0 3 0.00 0.0 0 13.7 26 190 M M 0 37 190
7 88 56 72 19 0 7 0.00 0.0 0 5.1 12 40 M M 0 17 40
8 88 46 67 13 0 2 0.00 0.0 0 11.7 25 360 M M 0 35 10
9 66 43 55 1 10 0 0.00 0.0 0 9.6 20 50 M M 0 30 60
10 65 31 48 -6 17 0 0.00 0.0 0 9.2 22 180 M M 0 31 170
11 88 49 69 15 0 4 0.00 0.0 0 12.3 26 220 M M 0 41 230
12 61 32 47 -8 18 0 0.00 0.0 0 21.4 40 360 M M 0 60 350
13 46 29 38 -17 27 0 0.00 0.0 0 9.1 23 360 M M 0 31 10
14 53 30 42 -14 23 0 0.00 0.0 0 5.4 17 300 M M 0 26 290
15 65 30 48 -8 17 0 0.00 0.0 0 8.9 18 170 M M 0 28 160
16 76 35 56 0 9 0 0.05 0.0 0 17.5 35 360 M M 0 46 360
17 55 33 44 -12 21 0 0.00 0.0 0 12.2 28 10 M M 0 40 360
18 69 31 50 -7 15 0 0.00 0.0 0 10.7 28 200 M M 0 38 180
19 73 47 60 3 5 0 0.30 0.0 0 6.4 17 40 M M 0 27 40
20 77 43 60 2 5 0 0.00 0.0 0 5.3 16 340 M M 0 23 360
21 77 45 61 3 4 0 0.02 0.0 0 6.1 15 170 M M 0 22 130
22 63 52 58 0 7 0 0.77 0.0 0 9.4 46 30 M M 0 62 20
23 82 45 64 5 1 0 0.00 0.0 0 6.3 21 180 M M 0 30 190
24 71 47 59 0 6 0 0.00 0.0 0 11.4 24 340 M M 0 36 360
25 73 43 58 -1 7 0 0.00 0.0 0 8.1 17 360 M M 0 30 10
26 76 41 59 -1 6 0 0.00 0.0 0 8.8 21 170 M M 0 32 150
27 80 56 68 8 0 3 0.00 0.0 0 6.8 20 170 M M 0 26 170
28 84 53 69 9 0 4 0.00 0.0 0 10.2 28 360 M M 0 40 10
29 72 45 59 -2 6 0 0.00 0.0 0 13.5 35 350 M M 0 51 360
30 80 39 60 -1 5 0 0.00 0.0 0 7.4 16 170 M M 0 25 160
================================================================================
SM 2115 1220 298 23 1.14 0.0 308.6 M 0
================================================================================
AV 70.5 40.7 10.3 FASTST M M 0 MAX(MPH)
MISC ----> 46 30 62 20
================================================================================
NOTES:
# LAST OF SEVERAL OCCURRENCES
COLUMN 17 PEAK WIND IN M.P.H.
PRELIMINARY LOCAL CLIMATOLOGICAL DATA (WS FORM: F-6) , PAGE 2
STATION: MEDICINE LODGE KS
MONTH: APRIL
YEAR: 2020
LATITUDE: 37 17 N
LONGITUDE: 98 35 W
[TEMPERATURE DATA] [PRECIPITATION DATA] SYMBOLS USED IN COLUMN 16
AVERAGE MONTHLY: 55.6 TOTAL FOR MONTH: 1.14 1 = FOG OR MIST
DPTR FM NORMAL: -0.5 DPTR FM NORMAL: -1.29 2 = FOG REDUCING VISIBILITY
HIGHEST: 88 ON 11, 8 GRTST 24HR 0.79 ON 21-22 TO 1/4 MILE OR LESS
LOWEST: 26 ON 4, 3 3 = THUNDER
SNOW, ICE PELLETS, HAIL 4 = ICE PELLETS
TOTAL MONTH: 0.0 INCH 5 = HAIL
GRTST 24HR 0.0 6 = FREEZING RAIN OR DRIZZLE
GRTST DEPTH: 0 7 = DUSTSTORM OR SANDSTORM:
VSBY 1/2 MILE OR LESS
8 = SMOKE OR HAZE
[NO. OF DAYS WITH] [WEATHER - DAYS WITH] 9 = BLOWING SNOW
X = TORNADO
MAX 32 OR BELOW: 0 0.01 INCH OR MORE: 4
MAX 90 OR ABOVE: 0 0.10 INCH OR MORE: 2
MIN 32 OR BELOW: 9 0.50 INCH OR MORE: 1
MIN 0 OR BELOW: 0 1.00 INCH OR MORE: 0
[HDD (BASE 65) ]
TOTAL THIS MO. 298
DPTR FM NORMAL 10
TOTAL FM JUL 1 4299
DPTR FM NORMAL -86
[CDD (BASE 65) ]
TOTAL THIS MO. 23
DPTR FM NORMAL 1 [PRESSURE DATA]
TOTAL FM JAN 1 23 HIGHEST SLP 30.37 ON 14
DPTR FM NORMAL -1 LOWEST SLP 29.38 ON 12
[REMARKS]
#FINAL-04-20#