000
CXUS55 KRIW 020043
CF6P60
PRELIMINARY LOCAL CLIMATOLOGICAL DATA (WS FORM: F-6)
STATION: LAKE YELLOWSTONE WY
MONTH: JANUARY
YEAR: 2024
LATITUDE: 44 32 N
LONGITUDE: 110 25 W
TEMPERATURE IN F: :PCPN: SNOW: WIND :SUNSHINE: SKY :PK WND
================================================================================
1 2 3 4 5 6A 6B 7 8 9 10 11 12 13 14 15 16 17 18
12Z AVG MX 2MIN
DY MAX MIN AVG DEP HDD CDD WTR SNW DPTH SPD SPD DIR MIN PSBL S-S WX SPD DR
================================================================================
1 27 -1 13 1 52 0 0.00 M M 0.3 5 120 M M 0 7 140
2 24 -2 11 -1 54 0 0.00 M M 0.6 5 310 M M 0 7 110
3 23 -4 10 -2 55 0 0.00 M M 0.3 5 130 M M 0 6 110
4 23 4 14 2 51 0 0.02 M M 0.8 8 280 M M 0 13 310
5 26 -4 11 -1 54 0 0.08 M M 1.5 13 280 M M 0 21 300
6 19 -7 6 -6 59 0 0.02 M M 1.1 8 250 M M 0 17 230
7 18 -2 8 -4 57 0 0.07 M M 0.8 8 330 M M 0 17 310
8 12 -16 -2 -14 67 0 0.00 M M 0.6 12 260 M M 0 22 290
9 20 1 11 -1 54 0 0.12 M M 3.0 17 300 M M 0 33 300
10 15 2 9 -3 56 0 0.30 M M 1.4 10 250 M M 0 19 280
11 11 -11 0 -12 65 0 0.02 M M 2.9 10 270 M M 0 24 290
12 10 -18 -4 -16 69 0 0.15 M M 6.9 17 280 M M 0 35 310
13 1 -33 -16 -28 81 0 0.00 M M 0.9 7 280 M M 0 14 300
14 14 -21 -3 -15 68 0 0.02 M M 2.0 9 270 M M 0 16 270
15 5 -24 -9 -21 74 0 0.05 M M 2.6 13 320 M M 0 23 350
16 13 -25 -6 -18 71 0 0.00 M M 0.8 6 230 M M 0 12 230
17 24 2 13 1 52 0 0.16 M M 4.0 14 250 M M 0 28 280
18 25 9 17 5 48 0 0.02 M M 4.4 16 280 M M 0 27 270
19 30 13 22 10 43 0 0.01 M M 0.1 6 210 M M 0 11 200
20 38 25 32 20 33 0 0.01 M M 1.1 7 240 M M 0 13 160
21 35 26 31 19 34 0 0.02 M M 1.4 8 260 M M 0 17 200
22 34 26 30 18 35 0 0.01 M M 0.6 7 240 M M 0 14 230
23 29 20 25 13 40 0 0.09 M M 0.1 5 150 M M 0 9 280
24 30 21 26 14 39 0 0.00 M M 0.9 8 260 M M 0 18 300
25 27 15 21 9 44 0 0.00 M M 0.3 5 110 M M 0 7 110
26 29 11 20 8 45 0 0.00 M M 1.7 9 270 M M 0 20 280
27 28 19 24 12 41 0 0.01 M M 0.7 6 240 M M 0 11 260
28 35 24 30 18 35 0 0.00 M M 0.1 5 270 M M 0 8 190
29 41 21 31 19 34 0 0.00 M M 1.0 6 50 M M 0 12 40
30 34 11 23 11 42 0 0.00 M M 0.4 5 120 M M 0 7 140
31 37 4 21 9 44 0 0.00 M M 0.1 5 110 M M 0 7 110
================================================================================
SM 737 86 1596 0 1.18 M 43.4 M 0
================================================================================
AV 23.8 2.8 1.4 FASTST M M 0 MAX(MPH)
MISC ----> # 17 280 35 310
================================================================================
NOTES:
# LAST OF SEVERAL OCCURRENCES
COLUMN 17 PEAK WIND IN M.P.H.
PRELIMINARY LOCAL CLIMATOLOGICAL DATA (WS FORM: F-6) , PAGE 2
STATION: LAKE YELLOWSTONE WY
MONTH: JANUARY
YEAR: 2024
LATITUDE: 44 32 N
LONGITUDE: 110 25 W
[TEMPERATURE DATA] [PRECIPITATION DATA] SYMBOLS USED IN COLUMN 16
AVERAGE MONTHLY: 13.3 TOTAL FOR MONTH: 1.18 1 = FOG OR MIST
DPTR FM NORMAL: 1.3 DPTR FM NORMAL: -0.62 2 = FOG REDUCING VISIBILITY
HIGHEST: 41 ON 29 GRTST 24HR 0.30 ON 10-10 TO 1/4 MILE OR LESS
LOWEST: -33 ON 13 3 = THUNDER
SNOW, ICE PELLETS, HAIL 4 = ICE PELLETS
TOTAL MONTH: M 5 = HAIL
GRTST 24HR M ON M 6 = FREEZING RAIN OR DRIZZLE
GRTST DEPTH: M ON M 7 = DUSTSTORM OR SANDSTORM:
VSBY 1/2 MILE OR LESS
8 = SMOKE OR HAZE
[NO. OF DAYS WITH] [WEATHER - DAYS WITH] 9 = BLOWING SNOW
X = TORNADO
MAX 32 OR BELOW: 24 0.01 INCH OR MORE: 18
MAX 90 OR ABOVE: 0 0.10 INCH OR MORE: 4
MIN 32 OR BELOW: 31 0.50 INCH OR MORE: 0
MIN 0 OR BELOW: 13 1.00 INCH OR MORE: 0
[HDD (BASE 65) ]
TOTAL THIS MO. 1596 CLEAR (SCALE 0-3) 31
DPTR FM NORMAL -47 PTCLDY (SCALE 4-7) 0
TOTAL FM JUL 1 6113 CLOUDY (SCALE 8-10) 0
DPTR FM NORMAL -649
[CDD (BASE 65) ]
TOTAL THIS MO. 0
DPTR FM NORMAL 0 [PRESSURE DATA]
TOTAL FM JAN 1 0 HIGHEST SLP 30.67 ON 15
DPTR FM NORMAL 0 LOWEST SLP 29.46 ON 10
[REMARKS]
#FINAL-01-24#