000
CXUS53 KPAH 011411
CF6PAH
PRELIMINARY LOCAL CLIMATOLOGICAL DATA (WS FORM: F-6)
STATION: PADUCAH KY
MONTH: FEBRUARY
YEAR: 2022
LATITUDE: 37 4 N
LONGITUDE: 88 46 W
TEMPERATURE IN F: :PCPN: SNOW: WIND :SUNSHINE: SKY :PK WND
================================================================================
1 2 3 4 5 6A 6B 7 8 9 10 11 12 13 14 15 16 17 18
12Z AVG MX 2MIN
DY MAX MIN AVG DEP HDD CDD WTR SNW DPTH SPD SPD DIR MIN PSBL S-S WX SPD DR
================================================================================
1 66 37 52 15 13 0 0.01 0.0 0 7.3 20 180 M M 2 33 180
2 53 28 41 4 24 0 1.10 T T 10.3 18 180 M M 10 168 31 160
3 29 24 27 -10 38 0 0.90 0.9 T 11.9 21 10 M M 10 1468 30 10
4 30 19 25 -12 40 0 0.03 0.2 1 5.9 15 10 M M 6 18 20 350
5 31 16 24 -14 41 0 0.00 0.0 1 1.9 8 360 M M 0 13 360
6 42 16 29 -9 36 0 0.00 0.0 1 1.9 12 220 M M 0 15 230
7 42 23 33 -5 32 0 0.00 0.0 T 2.6 13 360 M M 1 18 330
8 52 30 41 3 24 0 0.00 0.0 T 4.4 14 230 M M 0 22 210
9 58 32 45 7 20 0 0.00 0.0 0 4.5 12 240 M M 3 20 230
10 55 26 41 2 24 0 0.00 0.0 0 3.5 12 290 M M 0 18 260
11 61 37 49 10 16 0 0.01 0.0 0 6.2 18 320 M M 5 1 27 250
12 43 19 31 -8 34 0 0.00 0.0 0 9.3 16 10 M M 5 25 340
13 38 14 26 -14 39 0 0.00 0.0 0 4.4 15 360 M M 1 24 360
14 49 21 35 -5 30 0 0.00 0.0 0 3.4 10 150 M M 2 16 180
15 67 26 47 7 18 0 0.00 0.0 0 6.3 16 180 M M 0 30 230
16 69 53 61 21 4 0 0.00 0.0 0 12.6 22 190 M M 5 38 190
17 67 28 48 7 17 0 3.14 T 0 13.0 25 330 M M 10 138 43 350
18 40 20 30 -11 35 0 0.00 0.0 0 5.6 16 340 M M 2 25 330
19 44 28 36 -5 29 0 0.00 0.0 0 6.3 17 30 M M 0 25 340
20 63 27 45 3 20 0 0.00 0.0 0 6.8 18 220 M M 0 32 220
21 62 48 55 13 10 0 0.08 0.0 0 9.9 20 180 M M 7 13 32 190
22 64 37 51 9 14 0 1.15 0.0 0 10.4 20 180 M M 9 13 33 190
23 37 28 33 -9 32 0 0.38 0.2 0 10.5 18 40 M M 10 16 26 10
24 33 28 31 -12 34 0 0.39 0.0 T 6.4 14 30 M M 10 1368 19 40
25 33 28 31 -12 34 0 T T 0 7.7 14 320 M M 10 8 25 310
26 41 27 34 -9 31 0 0.00 0.0 0 6.3 12 30 M M 4 18 40
27 51 29 40 -4 25 0 0.00 0.0 0 3.1 12 330 M M 3 16 330
28 58 25 42 -2 23 0 0.00 0.0 0 3.4 12 220 M M 0 21 210
================================================================================
SM 1378 774 737 0 7.19 1.3 185.8 M 115
================================================================================
AV 49.2 27.6 6.6 FASTST M M 4 MAX(MPH)
MISC ----> 25 330 43 350
================================================================================
NOTES:
# LAST OF SEVERAL OCCURRENCES
COLUMN 17 PEAK WIND IN M.P.H.
PRELIMINARY LOCAL CLIMATOLOGICAL DATA (WS FORM: F-6) , PAGE 2
STATION: PADUCAH KY
MONTH: FEBRUARY
YEAR: 2022
LATITUDE: 37 4 N
LONGITUDE: 88 46 W
[TEMPERATURE DATA] [PRECIPITATION DATA] SYMBOLS USED IN COLUMN 16
AVERAGE MONTHLY: 38.4 TOTAL FOR MONTH: 7.19 1 = FOG OR MIST
DPTR FM NORMAL: -1.7 DPTR FM NORMAL: 3.25 2 = FOG REDUCING VISIBILITY
HIGHEST: 69 ON 16 GRTST 24HR 3.14 ON 17-17 TO 1/4 MILE OR LESS
LOWEST: 14 ON 13 3 = THUNDER
SNOW, ICE PELLETS, HAIL 4 = ICE PELLETS
TOTAL MONTH: 1.3 INCHES 5 = HAIL
GRTST 24HR 0.9 ON 3- 3 6 = FREEZING RAIN OR DRIZZLE
GRTST DEPTH: 1 ON 6, 5 7 = DUSTSTORM OR SANDSTORM:
VSBY 1/2 MILE OR LESS
8 = SMOKE OR HAZE
[NO. OF DAYS WITH] [WEATHER - DAYS WITH] 9 = BLOWING SNOW
X = TORNADO
MAX 32 OR BELOW: 3 0.01 INCH OR MORE: 10
MAX 90 OR ABOVE: 0 0.10 INCH OR MORE: 6
MIN 32 OR BELOW: 23 0.50 INCH OR MORE: 4
MIN 0 OR BELOW: 0 1.00 INCH OR MORE: 3
[HDD (BASE 65) ]
TOTAL THIS MO. 737 CLEAR (SCALE 0-3) 15
DPTR FM NORMAL 39 PTCLDY (SCALE 4-7) 6
TOTAL FM JUL 1 2885 CLOUDY (SCALE 8-10) 7
DPTR FM NORMAL -259
[CDD (BASE 65) ]
TOTAL THIS MO. 0
DPTR FM NORMAL -1 [PRESSURE DATA]
TOTAL FM JAN 1 0 HIGHEST SLP 30.61 ON 26
DPTR FM NORMAL 0 LOWEST SLP 29.47 ON 17
[REMARKS]
#FINAL-02-22#