000
CXUS53 KPAH 010700
CF6PAH
PRELIMINARY LOCAL CLIMATOLOGICAL DATA (WS FORM: F-6)
STATION: PADUCAH KY
MONTH: MARCH
YEAR: 2021
LATITUDE: 37 4 N
LONGITUDE: 88 46 W
TEMPERATURE IN F: :PCPN: SNOW: WIND :SUNSHINE: SKY :PK WND
================================================================================
1 2 3 4 5 6A 6B 7 8 9 10 11 12 13 14 15 16 17 18
12Z AVG MX 2MIN
DY MAX MIN AVG DEP HDD CDD WTR SNW DPTH SPD SPD DIR MIN PSBL S-S WX SPD DR
================================================================================
1 50 33 42 -2 23 0 0.00 0.0 0 8.2 20 350 M M 0 28 350
2 54 30 42 -2 23 0 0.00 0.0 0 2.5 8 250 M M 0 12 30
3 64 30 47 3 18 0 0.00 0.0 0 6.4 16 240 M M 0 21 230
4 70 34 52 7 13 0 0.00 0.0 0 6.3 15 40 M M 0 21 40
5 48 37 43 -2 22 0 0.00 0.0 0 10.0 21 70 M M 0 29 80
6 57 28 43 -2 22 0 0.00 0.0 0 2.4 13 60 M M 1 16 80
7 63 28 46 0 19 0 0.00 0.0 0 2.4 12 270 M M 0 17 270
8 67 31 49 3 16 0 0.00 0.0 0 5.0 17 250 M M 0 25 230
9 71 36 54 8 11 0 0.00 0.0 0 6.9 21 230 M M 0 33 200
10 71 55 63 17 2 0 0.00 0.0 0 11.3 20 210 M M 5 37 240
11 75 57 66 19 0 1 0.03 0.0 0 11.5 22 240 M M 9 18 34 230
12 59 49 54 7 11 0 0.86 0.0 0 8.4 14 50 M M 10 1 18 40
13 58 49 54 7 11 0 0.39 0.0 0 8.3 17 120 M M 9 1 22 110
14 56 48 52 4 13 0 0.08 0.0 0 12.3 21 80 M M 8 29 90
15 69 48 59 11 6 0 0.50 0.0 0 10.1 25 280 M M 5 1 27 80
16 73 44 59 11 6 0 0.00 0.0 0 4.9 12 10 M M 0 19 310
17 61 48 55 6 10 0 1.33 0.0 0 9.2 21 150 M M 6 13 31 160
18 63 44 54 5 11 0 0.11 0.0 0 13.7 24 30 M M 9 138 35 240
19 55 39 47 -2 18 0 0.00 0.0 0 12.6 22 20 M M 3 30 10
20 65 35 50 0 15 0 0.00 0.0 0 4.3 12 80 M M 0 18 40
21 69 33 51 1 14 0 0.00 0.0 0 3.8 13 140 M M 0 18 20 170
22 71 43 57 7 8 0 0.00 0.0 0 6.2 17 160 M M 4 26 160
23 65 56 61 11 4 0 0.12 0.0 0 11.8 23 170 M M 7 35 150
24 73 49 61 10 4 0 0.00 0.0 0 7.9 20 230 M M 2 29 230
25 69 49 59 8 6 0 0.51 0.0 0 9.6 31 250 M M 6 1 44 250
26 69 49 59 7 6 0 0.00 0.0 0 3.9 17 250 M M 5 22 260
27 78 47 63 11 2 0 T 0.0 0 6.8 18 350 M M 3 3 26 310
28 61 38 50 -2 15 0 T 0.0 0 10.8 24 350 M M 4 34 330
29 66 33 50 -2 15 0 0.00 0.0 0 5.1 10 170 M M 0 20 210
30 74 50 62 9 3 0 0.59 0.0 0 8.2 25 250 M M 4 1 35 250
31 59 39 49 -4 16 0 0.00 0.0 0 13.8 26 20 M M 4 39 350
================================================================================
SM 2003 1289 363 1 4.52 0.0 244.6 M 104
================================================================================
AV 64.6 41.6 7.9 FASTST M M 3 MAX(MPH)
MISC ----> 31 250 44 250
================================================================================
NOTES:
# LAST OF SEVERAL OCCURRENCES
COLUMN 17 PEAK WIND IN M.P.H.
PRELIMINARY LOCAL CLIMATOLOGICAL DATA (WS FORM: F-6) , PAGE 2
STATION: PADUCAH KY
MONTH: MARCH
YEAR: 2021
LATITUDE: 37 4 N
LONGITUDE: 88 46 W
[TEMPERATURE DATA] [PRECIPITATION DATA] SYMBOLS USED IN COLUMN 16
AVERAGE MONTHLY: 53.1 TOTAL FOR MONTH: 4.52 1 = FOG OR MIST
DPTR FM NORMAL: 4.8 DPTR FM NORMAL: 0.59 2 = FOG REDUCING VISIBILITY
HIGHEST: 78 ON 27 GRTST 24HR 1.43 ON 17-18 TO 1/4 MILE OR LESS
LOWEST: 28 ON 7, 6 3 = THUNDER
SNOW, ICE PELLETS, HAIL 4 = ICE PELLETS
TOTAL MONTH: 0.0 INCH 5 = HAIL
GRTST 24HR 0.0 6 = FREEZING RAIN OR DRIZZLE
GRTST DEPTH: 0 7 = DUSTSTORM OR SANDSTORM:
VSBY 1/2 MILE OR LESS
8 = SMOKE OR HAZE
[NO. OF DAYS WITH] [WEATHER - DAYS WITH] 9 = BLOWING SNOW
X = TORNADO
MAX 32 OR BELOW: 0 0.01 INCH OR MORE: 10
MAX 90 OR ABOVE: 0 0.10 INCH OR MORE: 8
MIN 32 OR BELOW: 5 0.50 INCH OR MORE: 5
MIN 0 OR BELOW: 0 1.00 INCH OR MORE: 1
[HDD (BASE 65) ]
TOTAL THIS MO. 363 CLEAR (SCALE 0-3) 14
DPTR FM NORMAL -160 PTCLDY (SCALE 4-7) 13
TOTAL FM JUL 1 3559 CLOUDY (SCALE 8-10) 4
DPTR FM NORMAL -260
[CDD (BASE 65) ]
TOTAL THIS MO. 1
DPTR FM NORMAL -6 [PRESSURE DATA]
TOTAL FM JAN 1 1 HIGHEST SLP M ON M
DPTR FM NORMAL -6 LOWEST SLP 29.47 ON 18
[REMARKS]
#FINAL-03-21#