000
CXUS53 KPAH 010726
CLMPAH
CLIMATE REPORT
NATIONAL WEATHER SERVICE PADUCAH KY
226 AM CDT SUN OCT 01 2023
...................................
...THE PADUCAH KY CLIMATE SUMMARY FOR THE MONTH OF SEPTEMBER 2023...
CLIMATE NORMAL PERIOD 1991 TO 2020
CLIMATE RECORD PERIOD 1937 TO 2023
WEATHER OBSERVED NORMAL DEPART LAST YEAR`S
VALUE DATE(S) VALUE FROM VALUE DATE(S)
NORMAL
................................................................
TEMPERATURE (F)
RECORD
HIGH 104 09/05/1954
09/09/1939
LOW 34 09/30/1949
HIGHEST 91 09/04 101 09/21
LOWEST 50 09/15 40 09/28
09/19
AVG. MAXIMUM 84.5 83.2 1.3 85.5
AVG. MINIMUM 60.0 58.9 1.1 57.5
MEAN 72.3 71.0 1.3 71.5
DAYS MAX >= 90 4 6.5 -2.5 6
DAYS MAX <= 32 0 0.0 0.0 0
DAYS MIN <= 32 0 0.0 0.0 0
DAYS MIN <= 0 0 0.0 0.0 0
PRECIPITATION (INCHES)
RECORD
MAXIMUM 11.65 2006
MINIMUM 0.02 2004
TOTALS 2.17 3.55 -1.38 0.66
DAILY AVG. 0.07 0.12 -0.05 0.02
DAYS >= .01 7 6.9 0.1 3
DAYS >= .10 4 4.5 -0.5 1
DAYS >= .50 2 2.3 -0.3 1
DAYS >= 1.00 1 1.1 -0.1 0
GREATEST
24 HR. TOTAL 1.63 09/04 TO 09/05
DEGREE DAYS
HEATING TOTAL 0 28 -28 28
SINCE 7/1 0 26 -26 MM
COOLING TOTAL 225 209 16 232
SINCE 1/1 1589 1629 -40 MM
FREEZE DATES
EARLIEST MM
LATEST 03/29
................................................................
WIND (MPH)
AVERAGE WIND SPEED 2.8
HIGHEST WIND SPEED/DIRECTION 21/230 DATE 09/05
HIGHEST GUST SPEED/DIRECTION 32/230 DATE 09/05
SKY COVER
POSSIBLE SUNSHINE (PERCENT) MM
AVERAGE SKY COVER 0.21
NUMBER OF DAYS FAIR 23
NUMBER OF DAYS PC 7
NUMBER OF DAYS CLOUDY 0
AVERAGE RH (PERCENT) 73
WEATHER CONDITIONS. NUMBER OF DAYS WITH
THUNDERSTORM 5 MIXED PRECIP 0
HEAVY RAIN 4 RAIN 4
LIGHT RAIN 10 FREEZING RAIN 0
LT FREEZING RAIN 0 HAIL 0
HEAVY SNOW 0 SNOW 0
LIGHT SNOW 0 SLEET 0
FOG 27 FOG W/VIS <= 1/4 MILE 2
HAZE 2
- INDICATES NEGATIVE NUMBERS.
R INDICATES RECORD WAS SET OR TIED.
MM INDICATES DATA IS MISSING.
T INDICATES TRACE AMOUNT.
$$