000
CXUS54 KMAF 011210
CF6PEQ
PRELIMINARY LOCAL CLIMATOLOGICAL DATA (WS FORM: F-6)
STATION: PECOS MUNICIPAL AIRPORT
MONTH: DECEMBER
YEAR: 2020
LATITUDE: 31 22 N
LONGITUDE: 103 31 W
TEMPERATURE IN F: :PCPN: SNOW: WIND :SUNSHINE: SKY :PK WND
================================================================================
1 2 3 4 5 6A 6B 7 8 9 10 11 12 13 14 15 16 17 18
12Z AVG MX 2MIN
DY MAX MIN AVG DEP HDD CDD WTR SNW DPTH SPD SPD DIR MIN PSBL S-S WX SPD DR
================================================================================
1 69 24 47 M 18 0 M M M 8.8 22 240 M M 0 30 240
2 50 27 39 M 26 0 M M M 10.3 18 340 M M 2 26 360
3 46 24 35 M 30 0 M M M 7.9 14 310 M M 1 20 330
4 53 18 36 M 29 0 M M M 3.1 8 270 M M 2 M M
5 46 32 39 M 26 0 M M M 5.5 12 200 M M 7 M M
6 64 28 46 M 19 0 M M M 5.6 10 270 M M 0 M M
7 65 25 45 M 20 0 M M M 2.8 7 260 M M 0 M M
8 69 28 49 M 16 0 M M M 4.3 9 200 M M 0 M M
9 77 29 53 M 12 0 M M M 4.2 16 260 M M 0 8 20 160
10 76 36 56 M 9 0 0.12 M M 4.8 21 290 M M 4 24 290
11 69 45 57 M 8 0 M M M 12.5 23 260 M M 0 29 260
12 66 34 50 M 15 0 M M M 5.4 12 90 M M 0 M M
13 54 27 41 M 24 0 M M M 13.2 35 320 M M 4 44 320
14 60 16 38 M 27 0 M M M 5.8 15 90 M M 0 18 80
15 54 26 40 M 25 0 M M M 9.1 21 330 M M 0 26 320
16 62 18 40 M 25 0 M M M 6.4 20 280 M M 0 23 300
17 58 23 41 M 24 0 M M M 4.1 12 300 M M 0 M M
18 62 28 45 M 20 0 M M M 3.7 13 250 M M 0 M M
19 64 30 47 M 18 0 M M M 9.2 17 260 M M 0 24 310
20 60 32 46 M 19 0 M M M 6.8 15 250 M M 0 M M
21 69 24 47 M 18 0 M M M 2.0 8 240 M M 0 M M
22 74 25 50 M 15 0 M M M 4.9 14 230 M M 0 21 260
23 70 35 53 M 12 0 M M M 13.6 32 280 M M 0 41 280
24 54 22 38 M 27 0 M M M 5.7 9 250 M M 0 M M
25 60 18 39 M 26 0 M M M 2.8 8 250 M M 0 M M
26 72 27 50 M 15 0 M M M 9.0 22 260 M M 0 29 260
27 76 36 56 M 9 0 M M M 7.8 18 250 M M 0 26 280
28 64 34 49 M 16 0 M M M 5.7 15 120 M M 0 M M
29 74 32 53 M 12 0 M M M 7.5 15 330 M M 0 20 310
30 52 32 42 M 23 0 0.25 M M 11.6 18 350 M M 7 24 340
31 41 30 36 M 29 0 M M M 5.6 9 270 M M 7 M M
================================================================================
SM 1930 865 612 0 0.37 M 209.5 M 34
================================================================================
AV 62.3 27.9 6.8 FASTST M M 1 MAX(MPH)
MISC ----> 35 320 44 320
================================================================================
NOTES:
# LAST OF SEVERAL OCCURRENCES
COLUMN 17 PEAK WIND IN M.P.H.
PRELIMINARY LOCAL CLIMATOLOGICAL DATA (WS FORM: F-6) , PAGE 2
STATION: PECOS MUNICIPAL AIRPORT
MONTH: DECEMBER
YEAR: 2020
LATITUDE: 31 22 N
LONGITUDE: 103 31 W
[TEMPERATURE DATA] [PRECIPITATION DATA] SYMBOLS USED IN COLUMN 16
AVERAGE MONTHLY: 45.1 TOTAL FOR MONTH: 0.37 1 = FOG OR MIST
DPTR FM NORMAL: 0.0 DPTR FM NORMAL: M 2 = FOG REDUCING VISIBILITY
HIGHEST: 77 ON 9 GRTST 24HR 0.25 ON 30-30 TO 1/4 MILE OR LESS
LOWEST: 16 ON 14 3 = THUNDER
SNOW, ICE PELLETS, HAIL 4 = ICE PELLETS
TOTAL MONTH: M 5 = HAIL
GRTST 24HR M ON M 6 = FREEZING RAIN OR DRIZZLE
GRTST DEPTH: M ON M 7 = DUSTSTORM OR SANDSTORM:
VSBY 1/2 MILE OR LESS
8 = SMOKE OR HAZE
[NO. OF DAYS WITH] [WEATHER - DAYS WITH] 9 = BLOWING SNOW
X = TORNADO
MAX 32 OR BELOW: 0 0.01 INCH OR MORE: 2
MAX 90 OR ABOVE: 0 0.10 INCH OR MORE: 2
MIN 32 OR BELOW: 25 0.50 INCH OR MORE: 0
MIN 0 OR BELOW: 0 1.00 INCH OR MORE: 0
[HDD (BASE 65) ]
TOTAL THIS MO. 612 CLEAR (SCALE 0-3) 26
DPTR FM NORMAL M PTCLDY (SCALE 4-7) 5
TOTAL FM JUL 1 988 CLOUDY (SCALE 8-10) 0
DPTR FM NORMAL M
[CDD (BASE 65) ]
TOTAL THIS MO. 0
DPTR FM NORMAL M [PRESSURE DATA]
TOTAL FM JAN 1 3084 HIGHEST SLP M ON M
DPTR FM NORMAL M LOWEST SLP M ON M
[REMARKS]
#FINAL-12-20#