000
CXUS54 KEWX 011010
CF6PEZ
PRELIMINARY LOCAL CLIMATOLOGICAL DATA (WS FORM: F-6)
STATION: PLEASANTON MUNICIPAL AIRPORT
MONTH: APRIL
YEAR: 2022
LATITUDE: 28 57 N
LONGITUDE: 98 31 W
TEMPERATURE IN F: :PCPN: SNOW: WIND :SUNSHINE: SKY :PK WND
================================================================================
1 2 3 4 5 6A 6B 7 8 9 10 11 12 13 14 15 16 17 18
12Z AVG MX 2MIN
DY MAX MIN AVG DEP HDD CDD WTR SNW DPTH SPD SPD DIR MIN PSBL S-S WX SPD DR
================================================================================
1 87 50 69 M 0 4 0.00 M M 9.2 15 120 M M 0 29 130
2 93 63 78 M 0 13 0.00 M M 5.1 13 70 M M 3 1 16 320
3 90 60 75 M 0 10 0.00 M M 6.2 15 140 M M 3 1 24 140
4 91 66 79 M 0 14 0.00 M M 8.1 13 140 M M 7 21 130
5 95 67 81 M 0 16 0.00 M M 4.5 17 220 M M 4 1 25 0
6 85 55 70 M 0 5 0.00 M M 7.4 18 10 M M 0 25 20
7 82 47 65 M 0 0 0.00 M M 6.6 16 20 M M 0 24 340
8 83 38 61 M 4 0 0.00 M M 2.3 10 310 M M 0 10 250
9 91 41 66 M 0 1 0.00 M M 8.4 17 150 M M 0 25 170
10 96 63 80 M 0 15 0.00 M M 11.3 18 130 M M 1 28 140
11 86 73 80 M 0 15 0.00 M M 8.4 12 140 M M 8 20 110
12 98 73 86 M 0 21 0.00 M M 10.7 20 140 M M 4 26 140
13 101 71 86 M 0 21 0.00 M M 9.3 15 140 M M 4 22 140
14 89 58 74 M 0 9 0.00 M M 10.2 21 100 M M 2 29 90
15 85 63 74 M 0 9 0.00 M M 6.6 12 140 M M 8 1 17 150
16 88 72 80 M 0 15 0.00 M M 6.6 13 90 M M 6 23 90
17 93 71 82 M 0 17 0.00 M M 4.2 8 210 M M 5 1 M M
18 89 67 78 M 0 13 0.00 M M 8.7 14 70 M M 2 21 40
19 74 59 67 M 0 2 0.00 M M 9.2 15 110 M M 7 1 24 140
20 88 70 79 M 0 14 0.00 M M 9.9 15 170 M M 6 22 170
21 86 73 80 M 0 15 0.00 M M 9.3 17 150 M M 8 1 24 130
22 92 73 83 M 0 18 0.00 M M 13.7 21 150 M M 7 32 140
23 91 73 82 M 0 17 0.00 M M 13.6 22 160 M M 6 33 160
24 91 74 83 M 0 18 0.01 M M 11.8 17 140 M M 7 29 150
25 87 64 76 M 0 11 0.01 M M 11.3 28 130 M M 7 3 36 130
26 76 61 69 M 0 4 0.00 M M 8.9 14 30 M M 9 23 30
27 85 60 73 M 0 8 0.00 M M 6.4 14 150 M M 5 20 150
28 92 70 81 M 0 16 0.00 M M 10.8 17 140 M M 6 24 140
29 93 73 83 M 0 18 0.00 M M 10.9 17 140 M M 7 23 140
30 87 74 81 M 0 16 M M M 6.3 10 150 M M 6 20 160
================================================================================
SM 2664 1922 4 355 0.02 M 255.9 M 138
================================================================================
AV 88.8 64.1 8.5 FASTST M M 5 MAX(MPH)
MISC ----> 28 130 36 130
================================================================================
NOTES:
# LAST OF SEVERAL OCCURRENCES
COLUMN 17 PEAK WIND IN M.P.H.
PRELIMINARY LOCAL CLIMATOLOGICAL DATA (WS FORM: F-6) , PAGE 2
STATION: PLEASANTON MUNICIPAL AIRPORT
MONTH: APRIL
YEAR: 2022
LATITUDE: 28 57 N
LONGITUDE: 98 31 W
[TEMPERATURE DATA] [PRECIPITATION DATA] SYMBOLS USED IN COLUMN 16
AVERAGE MONTHLY: 76.4 TOTAL FOR MONTH: 0.02 1 = FOG OR MIST
DPTR FM NORMAL: 0.0 DPTR FM NORMAL: M 2 = FOG REDUCING VISIBILITY
HIGHEST: 101 ON 13 GRTST 24HR 0.01 ON 24-24 TO 1/4 MILE OR LESS
LOWEST: 38 ON 8 3 = THUNDER
SNOW, ICE PELLETS, HAIL 4 = ICE PELLETS
TOTAL MONTH: M 5 = HAIL
GRTST 24HR M ON M 6 = FREEZING RAIN OR DRIZZLE
GRTST DEPTH: M ON M 7 = DUSTSTORM OR SANDSTORM:
VSBY 1/2 MILE OR LESS
8 = SMOKE OR HAZE
[NO. OF DAYS WITH] [WEATHER - DAYS WITH] 9 = BLOWING SNOW
X = TORNADO
MAX 32 OR BELOW: 0 0.01 INCH OR MORE: 2
MAX 90 OR ABOVE: 14 0.10 INCH OR MORE: 0
MIN 32 OR BELOW: 0 0.50 INCH OR MORE: 0
MIN 0 OR BELOW: 0 1.00 INCH OR MORE: 0
[HDD (BASE 65) ]
TOTAL THIS MO. 4 CLEAR (SCALE 0-3) 9
DPTR FM NORMAL M PTCLDY (SCALE 4-7) 19
TOTAL FM JUL 1 1067 CLOUDY (SCALE 8-10) 2
DPTR FM NORMAL M
[CDD (BASE 65) ]
TOTAL THIS MO. 355
DPTR FM NORMAL M [PRESSURE DATA]
TOTAL FM JAN 1 495 HIGHEST SLP M ON M
DPTR FM NORMAL M LOWEST SLP M ON M
[REMARKS]
#FINAL-04-22#