302
CXUS54 KEWX 011010
CF6PEZ
PRELIMINARY LOCAL CLIMATOLOGICAL DATA (WS FORM: F-6)
STATION: PLEASANTON MUNICIPAL AIRPORT
MONTH: JANUARY
YEAR: 2021
LATITUDE: 28 57 N
LONGITUDE: 98 31 W
TEMPERATURE IN F: :PCPN: SNOW: WIND :SUNSHINE: SKY :PK WND
================================================================================
1 2 3 4 5 6A 6B 7 8 9 10 11 12 13 14 15 16 17 18
12Z AVG MX 2MIN
DY MAX MIN AVG DEP HDD CDD WTR SNW DPTH SPD SPD DIR MIN PSBL S-S WX SPD DR
================================================================================
1 60 33 47 M 18 0 0.00 M M 6.8 15 280 M M 0 20 310
2 65 37 51 M 14 0 0.00 M M 3.9 13 280 M M 0 17 290
3 72 32 52 M 13 0 0.00 M M 3.1 14 230 M M 0 18 230
4 78 36 57 M 8 0 0.00 M M 1.7 7 90 M M 0 M M
5 73 41 57 M 8 0 0.00 M M 4.0 9 140 M M 7 16 90
6 77 48 63 M 2 0 0.01 M M 9.8 22 320 M M 6 30 320
7 68 39 54 M 11 0 0.00 M M 5.7 13 320 M M 0 17 320
8 59 36 48 M 17 0 0.00 M M 4.4 12 60 M M 0 18 60
9 55 30 43 M 22 0 0.00 M M 4.7 14 60 M M 6 23 60
10 49 38 44 M 21 0 0.59 M M 10.0 13 20 M M 10 24 70
11 49 33 41 M 24 0 0.00 M M 5.3 10 330 M M 6 16 350
12 48 29 39 M 26 0 0.01 M M 0.3 5 40 M M 3 3 M M
13 66 27 47 M 18 0 0.00 M M 4.7 15 190 M M 0 1 23 190
14 77 28 53 M 12 0 0.00 M M 4.6 14 300 M M 0 21 20
15 64 32 48 M 17 0 0.00 M M 5.6 12 280 M M 0 20 310
16 68 30 49 M 16 0 0.00 M M 4.2 14 180 M M 0 22 190
17 72 35 54 M 11 0 0.00 M M 1.2 10 280 M M 0 17 280
18 80 40 60 M 5 0 0.00 M M 5.5 24 180 M M 4 1 33 180
19 76 52 64 M 1 0 0.00 M M 8.9 18 40 M M 9 1 24 130
20 55 50 53 M 12 0 0.03 M M 5.8 14 40 M M 10 1 23 50
21 63 54 59 M 6 0 0.01 M M 1.0 5 280 M M 8 1 M M
22 79 54 67 M 0 2 0.03 M M 4.0 12 190 M M 5 1 16 310
23 64 55 60 M 5 0 0.00 M M 4.7 10 60 M M 10 12 M M
24 78 63 71 M 0 6 0.01 M M 7.1 16 160 M M 10 12 24 160
25 78 49 64 M 1 0 0.00 M M 5.0 13 10 M M 6 1 22 10
26 82 47 65 M 0 0 0.00 M M 3.2 10 80 M M 0 M M
27 70 47 59 M 6 0 0.00 M M 7.7 16 360 M M 2 23 10
28 60 38 49 M 16 0 0.00 M M 6.2 14 60 M M 0 20 50
29 73 38 56 M 9 0 0.00 M M 4.6 10 190 M M 3 1 20 190
30 79 55 67 M 0 2 0.00 M M 4.7 10 180 M M 5 16 180
31 78 44 61 M 4 0 0.00 M M 5.3 13 20 M M 0 20 20
================================================================================
SM 2115 1270 323 10 0.69 M 153.6 M 110
================================================================================
AV 68.2 41.0 5.0 FASTST M M 4 MAX(MPH)
MISC ----> 24 180 33 180
================================================================================
NOTES:
# LAST OF SEVERAL OCCURRENCES
COLUMN 17 PEAK WIND IN M.P.H.
PRELIMINARY LOCAL CLIMATOLOGICAL DATA (WS FORM: F-6) , PAGE 2
STATION: PLEASANTON MUNICIPAL AIRPORT
MONTH: JANUARY
YEAR: 2021
LATITUDE: 28 57 N
LONGITUDE: 98 31 W
[TEMPERATURE DATA] [PRECIPITATION DATA] SYMBOLS USED IN COLUMN 16
AVERAGE MONTHLY: 54.6 TOTAL FOR MONTH: 0.69 1 = FOG OR MIST
DPTR FM NORMAL: 0.0 DPTR FM NORMAL: M 2 = FOG REDUCING VISIBILITY
HIGHEST: 82 ON 26 GRTST 24HR 0.83 ON 9-10 TO 1/4 MILE OR LESS
LOWEST: 27 ON 13 3 = THUNDER
SNOW, ICE PELLETS, HAIL 4 = ICE PELLETS
TOTAL MONTH: M 5 = HAIL
GRTST 24HR M ON M 6 = FREEZING RAIN OR DRIZZLE
GRTST DEPTH: M ON M 7 = DUSTSTORM OR SANDSTORM:
VSBY 1/2 MILE OR LESS
8 = SMOKE OR HAZE
[NO. OF DAYS WITH] [WEATHER - DAYS WITH] 9 = BLOWING SNOW
X = TORNADO
MAX 32 OR BELOW: 0 0.01 INCH OR MORE: 7
MAX 90 OR ABOVE: 0 0.10 INCH OR MORE: 1
MIN 32 OR BELOW: 7 0.50 INCH OR MORE: 1
MIN 0 OR BELOW: 0 1.00 INCH OR MORE: 0
[HDD (BASE 65) ]
TOTAL THIS MO. 323 CLEAR (SCALE 0-3) 16
DPTR FM NORMAL M PTCLDY (SCALE 4-7) 10
TOTAL FM JUL 1 729 CLOUDY (SCALE 8-10) 5
DPTR FM NORMAL M
[CDD (BASE 65) ]
TOTAL THIS MO. 10
DPTR FM NORMAL M [PRESSURE DATA]
TOTAL FM JAN 1 10 HIGHEST SLP M ON M
DPTR FM NORMAL M LOWEST SLP M ON M
[REMARKS]
#FINAL-01-21#