000
CXUS52 KTBW 021241
CF6PGD
PRELIMINARY LOCAL CLIMATOLOGICAL DATA (WS FORM: F-6)
STATION: PUNTA GORDA
MONTH: MARCH
YEAR: 2023
LATITUDE: 26 55 N
LONGITUDE: 82 0 W
TEMPERATURE IN F: :PCPN: SNOW: WIND :SUNSHINE: SKY :PK WND
================================================================================
1 2 3 4 5 6A 6B 7 8 9 10 11 12 13 14 15 16 17 18
12Z AVG MX 2MIN
DY MAX MIN AVG DEP HDD CDD WTR SNW DPTH SPD SPD DIR MIN PSBL S-S WX SPD DR
================================================================================
1 87 55 71 4 0 6 0.00 0.0 0 5.1 15 220 M M 3 128 19 220
2 86 60 73 6 0 8 0.00 0.0 0 7.1 17 230 M M 0 12 23 240
3 87 66 77 10 0 12 0.00 0.0 0 15.5 37 190 M M 1 18 50 170
4 86 66 76 9 0 11 0.00 0.0 0 9.5 22 200 M M 1 12 29 180
5 88 62 75 8 0 10 0.00 0.0 0 6.4 16 290 M M 3 12 22 240
6 91 66 79 12 0 14 0.00 0.0 0 6.8 16 290 M M 1 1 23 290
7 89 66 78 10 0 13 0.00 0.0 0 8.3 17 270 M M 2 1 23 280
8 90 68 79 11 0 14 0.00 0.0 0 9.4 20 70 M M 2 18 26 70
9 85 63 74 6 0 9 0.00 0.0 0 8.2 15 40 M M 3 19 70
10 83 56 70 2 0 5 T 0.0 0 7.7 17 240 M M 2 22 290
11 86 63 75 7 0 10 0.00 0.0 0 9.2 21 280 M M 2 28 280
12 83 55 69 1 0 4 0.00 0.0 0 7.3 18 240 M M 0 1 26 230
13 86 70 78 10 0 13 1.03 0.0 0 11.5 26 340 M M 6 123 35 320
14 81 58 70 2 0 5 0.00 0.0 0 9.6 17 350 M M 1 24 350
15 71 55 63 -5 2 0 T 0.0 0 9.5 17 30 M M 4 26 20
16 79 51 65 -3 0 0 0.00 0.0 0 10.0 20 90 M M 0 27 90
17 84 54 69 1 0 4 0.00 0.0 0 9.2 21 180 M M 1 30 160
18 85 64 75 6 0 10 0.00 0.0 0 10.9 22 240 M M 0 29 210
19 68 57 63 -6 2 0 T 0.0 0 11.0 20 10 M M 9 24 10
20 74 51 63 -6 2 0 0.00 0.0 0 10.4 17 350 M M 1 22 360
21 81 44 63 -6 2 0 0.00 0.0 0 7.2 16 290 M M 0 23 290
22 87 53 70 1 0 5 0.00 0.0 0 6.6 16 150 M M 2 12 23 100
23 89 57 73 4 0 8 0.00 0.0 0 8.4 15 110 M M 0 22 120
24 86 55 71 2 0 6 0.00 0.0 0 7.8 20 250 M M 1 1 25 240
25 89 63 76 6 0 11 0.00 0.0 0 8.7 20 220 M M 4 12 26 220
26 89 66 78 8 0 13 0.00 0.0 0 8.3 21 260 M M 4 12 27 260
27 89 67 78 8 0 13 0.00 0.0 0 7.8 17 270 M M 0 12 23 280
28 88 68 78 8 0 13 0.00 0.0 0 7.2 18 260 M M 4 128 27 260
29 87 65 76 6 0 11 0.01 0.0 0 6.6 16 280 M M 5 12 21 260
30 89 63 76 6 0 11 0.00 0.0 0 10.9 18 80 M M 3 26 60
31 89 59 74 4 0 9 0.00 0.0 0 9.3 21 130 M M 2 28 130
================================================================================
SM 2632 1866 8 248 1.04 0.0 271.4 M 67
================================================================================
AV 84.9 60.2 8.8 FASTST M M 2 MAX(MPH)
MISC ----> 37 190 50 170
================================================================================
NOTES:
# LAST OF SEVERAL OCCURRENCES
COLUMN 17 PEAK WIND IN M.P.H.
PRELIMINARY LOCAL CLIMATOLOGICAL DATA (WS FORM: F-6) , PAGE 2
STATION: PUNTA GORDA
MONTH: MARCH
YEAR: 2023
LATITUDE: 26 55 N
LONGITUDE: 82 0 W
[TEMPERATURE DATA] [PRECIPITATION DATA] SYMBOLS USED IN COLUMN 16
AVERAGE MONTHLY: 72.5 TOTAL FOR MONTH: 1.04 1 = FOG OR MIST
DPTR FM NORMAL: 4.0 DPTR FM NORMAL: -1.24 2 = FOG REDUCING VISIBILITY
HIGHEST: 91 ON 6 GRTST 24HR 1.03 ON 13-13 TO 1/4 MILE OR LESS
LOWEST: 44 ON 21 3 = THUNDER
SNOW, ICE PELLETS, HAIL 4 = ICE PELLETS
TOTAL MONTH: 0.0 INCH 5 = HAIL
GRTST 24HR 0.0 6 = FREEZING RAIN OR DRIZZLE
GRTST DEPTH: 0 7 = DUSTSTORM OR SANDSTORM:
VSBY 1/2 MILE OR LESS
8 = SMOKE OR HAZE
[NO. OF DAYS WITH] [WEATHER - DAYS WITH] 9 = BLOWING SNOW
X = TORNADO
MAX 32 OR BELOW: 0 0.01 INCH OR MORE: 2
MAX 90 OR ABOVE: 2 0.10 INCH OR MORE: 1
MIN 32 OR BELOW: 0 0.50 INCH OR MORE: 1
MIN 0 OR BELOW: 0 1.00 INCH OR MORE: 1
[HDD (BASE 65) ]
TOTAL THIS MO. 8 CLEAR (SCALE 0-3) 21
DPTR FM NORMAL -28 PTCLDY (SCALE 4-7) 9
TOTAL FM JUL 1 176 CLOUDY (SCALE 8-10) 1
DPTR FM NORMAL -175
[CDD (BASE 65) ]
TOTAL THIS MO. 248
DPTR FM NORMAL 103 [PRESSURE DATA]
TOTAL FM JAN 1 537 HIGHEST SLP 30.29 ON 23
DPTR FM NORMAL 238 LOWEST SLP 29.83 ON 3
[REMARKS]
#FINAL-03-23#