000
CXUS51 KPBZ 141249
CF6PHD
PRELIMINARY LOCAL CLIMATOLOGICAL DATA (WS FORM: F-6)
STATION: NEW PHILADELPHIA OH
MONTH: JANUARY
YEAR: 2022
LATITUDE: 40 28 N
LONGITUDE: 81 25 W
TEMPERATURE IN F: :PCPN: SNOW: WIND :SUNSHINE: SKY :PK WND
================================================================================
1 2 3 4 5 6A 6B 7 8 9 10 11 12 13 14 15 16 17 18
12Z AVG MX 2MIN
DY MAX MIN AVG DEP HDD CDD WTR SNW DPTH SPD SPD DIR MIN PSBL S-S WX SPD DR
================================================================================
1 57 42 50 20 15 0 1.15 M M 4.5 14 330 M M 9 1 16 320
2 42 29 36 6 29 0 0.08 M M 8.7 17 330 M M 10 1 25 320
3 29 20 25 -5 40 0 0.00 M M 6.4 20 350 M M 8 24 350
4 40 20 30 0 35 0 0.00 M M 5.2 13 160 M M 0 18 160
5 48 24 36 6 29 0 0.00 M M 12.2 25 240 M M 4 37 260
6 24 17 21 -8 44 0 T M M 6.1 16 290 M M 8 1 23 270
7 24 15 20 -9 45 0 T M M 6.8 15 230 M M 9 1 22 270
8 40 9 25 -4 40 0 0.01 M M 6.2 15 120 M M 3 19 130
9 43 24 34 5 31 0 0.32 M M 9.8 20 290 M M 8 1 26 300
10 24 17 21 -8 44 0 T M M 9.7 22 300 M M 7 28 290
11 27 13 20 -9 45 0 0.00 M M 7.2 17 340 M M 5 8 23 340
12 43 27 35 6 30 0 0.00 M M 5.0 15 180 M M 1 21 170
13 42 29 36 7 29 0 T M M 2.2 8 130 M M 8 9 140
14 36 28 32 3 33 0 0.00 M M 8.3 14 350 M M 10 18 19 360
15 28 16 22 -7 43 0 0.00 M M 6.6 13 40 M M 4 18 60
16 31 14 23 -5 42 0 T M M 6.5 23 60 M M 5 12 31 80
17 30 23 27 -1 38 0 0.00 M M 12.2 22 290 M M 10 1 31 290
18 30 26 28 0 37 0 0.00 M M 8.1 14 160 M M 9 1 19 260
19 45 28 37 9 28 0 0.00 M M 8.3 18 330 M M 5 24 320
20 28 8 18 -10 47 0 T M M 8.4 17 330 M M 9 18 24 320
21 21 0 11 -17 54 0 0.00 M M 4.5 14 80 M M 5 19 60
22 27 -7 10 -18 55 0 0.00 M M 4.5 15 190 M M 4 18 21 170
23 29 19 24 -4 41 0 0.06 M M 6.6 17 340 M M 9 18 22 350
24 31 1 16 -12 49 0 0.08 M M 4.0 15 170 M M 8 128 19 170
25 30 7 19 -9 46 0 T M M 6.0 16 330 M M 7 18 22 320
26 18 -4 7 -22 58 0 0.00 M M 1.9 9 310 M M 4 18 14 300
27 31 -11 10 -19 55 0 T M M 5.3 15 200 M M 5 22 200
28 30 11 21 -8 44 0 0.05 M M 6.2 14 340 M M 9 18 19 350
29 18 -1 9 -20 56 0 0.00 M M 4.7 12 290 M M 1 18 17 340
30 30 -2 14 -15 51 0 T M M 2.5 8 130 M M 9 18 11 130
31 37 8 23 -6 42 0 0.00 M M 0.4 5 150 M M 0 18 7 170
================================================================================
SM 1013 450 1275 0 1.75 M 195.0 M 193
================================================================================
AV 32.7 14.5 6.3 FASTST M M 6 MAX(MPH)
MISC ----> 25 240 37 260
================================================================================
NOTES:
# LAST OF SEVERAL OCCURRENCES
COLUMN 17 PEAK WIND IN M.P.H.
PRELIMINARY LOCAL CLIMATOLOGICAL DATA (WS FORM: F-6) , PAGE 2
STATION: NEW PHILADELPHIA OH
MONTH: JANUARY
YEAR: 2022
LATITUDE: 40 28 N
LONGITUDE: 81 25 W
[TEMPERATURE DATA] [PRECIPITATION DATA] SYMBOLS USED IN COLUMN 16
AVERAGE MONTHLY: 23.6 TOTAL FOR MONTH: 1.75 1 = FOG OR MIST
DPTR FM NORMAL: -5.3 DPTR FM NORMAL: -0.87 2 = FOG REDUCING VISIBILITY
HIGHEST: 57 ON 1 GRTST 24HR 1.40 ON 1- 1 TO 1/4 MILE OR LESS
LOWEST: -11 ON 27 3 = THUNDER
SNOW, ICE PELLETS, HAIL 4 = ICE PELLETS
TOTAL MONTH: M 5 = HAIL
GRTST 24HR M ON M 6 = FREEZING RAIN OR DRIZZLE
GRTST DEPTH: M ON M 7 = DUSTSTORM OR SANDSTORM:
VSBY 1/2 MILE OR LESS
8 = SMOKE OR HAZE
[NO. OF DAYS WITH] [WEATHER - DAYS WITH] 9 = BLOWING SNOW
X = TORNADO
MAX 32 OR BELOW: 20 0.01 INCH OR MORE: 7
MAX 90 OR ABOVE: 0 0.10 INCH OR MORE: 2
MIN 32 OR BELOW: 30 0.50 INCH OR MORE: 1
MIN 0 OR BELOW: 6 1.00 INCH OR MORE: 1
[HDD (BASE 65) ]
TOTAL THIS MO. 1275 CLEAR (SCALE 0-3) 5
DPTR FM NORMAL 156 PTCLDY (SCALE 4-7) 15
TOTAL FM JUL 1 2969 CLOUDY (SCALE 8-10) 11
DPTR FM NORMAL -258
[CDD (BASE 65) ]
TOTAL THIS MO. 0
DPTR FM NORMAL 0 [PRESSURE DATA]
TOTAL FM JAN 1 0 HIGHEST SLP M ON M
DPTR FM NORMAL 0 LOWEST SLP 29.28 ON 17
[REMARKS]
#FINAL-01-22#