000
CXUS51 KPHI 010915
CF6PHL
PRELIMINARY LOCAL CLIMATOLOGICAL DATA (WS FORM: F-6)
STATION: PHILADELPHIA PA
MONTH: NOVEMBER
YEAR: 2021
LATITUDE: 39 52 N
LONGITUDE: 75 15 W
TEMPERATURE IN F: :PCPN: SNOW: WIND :SUNSHINE: SKY :PK WND
================================================================================
1 2 3 4 5 6A 6B 7 8 9 10 11 12 13 14 15 16 17 18
12Z AVG MX 2MIN
DY MAX MIN AVG DEP HDD CDD WTR SNW DPTH SPD SPD DIR MIN PSBL S-S WX SPD DR
================================================================================
1 60 48 54 2 11 0 0.00 0.0 0 10.6 18 320 M M 4 25 290
2 53 41 47 -5 18 0 0.02 0.0 0 7.0 16 300 M M 8 21 300
3 53 37 45 -7 20 0 0.00 0.0 0 7.4 17 320 M M 3 22 290
4 53 36 45 -6 20 0 0.00 0.0 0 5.0 10 350 M M 7 20 350
5 54 35 45 -6 20 0 0.00 0.0 0 6.5 16 30 M M 2 23 360
6 57 34 46 -4 19 0 0.00 0.0 0 5.9 14 80 M M 3 17 40
7 55 37 46 -4 19 0 0.00 0.0 0 5.0 13 20 M M 6 20 30
8 67 40 54 4 11 0 0.00 0.0 0 5.6 16 30 M M 2 23 360
9 71 44 58 9 7 0 0.00 0.0 0 5.6 15 240 M M 2 19 230
10 68 47 58 9 7 0 0.00 0.0 0 6.0 20 340 M M 4 25 340
11 67 42 55 6 10 0 0.00 0.0 0 6.7 17 110 M M 8 22 100
12 68 45 57 9 8 0 0.15 0.0 0 10.3 24 230 M M 6 1 31 140
13 62 40 51 3 14 0 T 0.0 0 10.6 36 280 M M 3 47 290
14 49 37 43 -5 22 0 0.01 0.0 0 8.9 22 230 M M 6 26 230
15 49 38 44 -3 21 0 T 0.0 0 13.5 26 270 M M 6 36 270
16 50 34 42 -5 23 0 0.00 0.0 0 7.9 18 260 M M 2 23 270
17 66 30 48 1 17 0 0.00 0.0 0 4.7 15 190 M M 6 24 180
18 73 47 60 14 5 0 0.07 0.0 0 10.8 26 310 M M 3 38 310
19 49 37 43 -3 22 0 T 0.0 0 13.3 26 300 M M 4 34 310
20 49 32 41 -5 24 0 0.00 0.0 0 3.7 12 200 M M 7 15 190
21 54 39 47 1 18 0 T 0.0 0 3.4 10 180 M M 9 14 200
22 54 38 46 1 19 0 0.05 0.0 0 10.2 21 320 M M 9 1 26 320
23 46 33 40 -5 25 0 0.00 0.0 0 11.5 25 340 M M 2 33 340
24 49 29 39 -6 26 0 0.00 0.0 0 6.3 15 320 M M 2 19 320
25 57 35 46 2 19 0 T 0.0 0 6.4 12 240 M M 7 14 250
26 50 40 45 1 20 0 0.16 0.0 0 16.1 32 280 M M 8 1 42 290
27 43 38 41 -3 24 0 0.00 0.0 0 13.7 24 300 M M 7 30 290
28 53 37 45 2 20 0 T 0.0 0 3.9 13 20 M M 8 17 320
29 46 34 40 -3 25 0 T 0.0 0 11.1 22 320 M M 5 30 340
30 45 30 38 -5 27 0 T 0.0 0 5.9 12 230 M M 9 19 210
================================================================================
SM 1670 1134 541 0 0.46 0.0 243.5 M 158
================================================================================
AV 55.7 37.8 8.1 FASTST M M 5 MAX(MPH)
MISC ----> 36 280 47 290
================================================================================
NOTES:
# LAST OF SEVERAL OCCURRENCES
COLUMN 17 PEAK WIND IN M.P.H.
PRELIMINARY LOCAL CLIMATOLOGICAL DATA (WS FORM: F-6) , PAGE 2
STATION: PHILADELPHIA PA
MONTH: NOVEMBER
YEAR: 2021
LATITUDE: 39 52 N
LONGITUDE: 75 15 W
[TEMPERATURE DATA] [PRECIPITATION DATA] SYMBOLS USED IN COLUMN 16
AVERAGE MONTHLY: 46.7 TOTAL FOR MONTH: 0.46 1 = FOG OR MIST
DPTR FM NORMAL: -0.7 DPTR FM NORMAL: -2.45 2 = FOG REDUCING VISIBILITY
HIGHEST: 73 ON 18 GRTST 24HR 0.16 ON 25-26 TO 1/4 MILE OR LESS
LOWEST: 29 ON 24 3 = THUNDER
SNOW, ICE PELLETS, HAIL 4 = ICE PELLETS
TOTAL MONTH: 0.0 INCH 5 = HAIL
GRTST 24HR 0.0 6 = FREEZING RAIN OR DRIZZLE
GRTST DEPTH: 0 7 = DUSTSTORM OR SANDSTORM:
VSBY 1/2 MILE OR LESS
8 = SMOKE OR HAZE
[NO. OF DAYS WITH] [WEATHER - DAYS WITH] 9 = BLOWING SNOW
X = TORNADO
MAX 32 OR BELOW: 0 0.01 INCH OR MORE: 6
MAX 90 OR ABOVE: 0 0.10 INCH OR MORE: 2
MIN 32 OR BELOW: 4 0.50 INCH OR MORE: 0
MIN 0 OR BELOW: 0 1.00 INCH OR MORE: 0
[HDD (BASE 65) ]
TOTAL THIS MO. 541 CLEAR (SCALE 0-3) 7
DPTR FM NORMAL 11 PTCLDY (SCALE 4-7) 17
TOTAL FM JUL 1 635 CLOUDY (SCALE 8-10) 6
DPTR FM NORMAL -161
[CDD (BASE 65) ]
TOTAL THIS MO. 0
DPTR FM NORMAL -1 [PRESSURE DATA]
TOTAL FM JAN 1 1586 HIGHEST SLP 30.60 ON 20
DPTR FM NORMAL 227 LOWEST SLP 29.67 ON 13
[REMARKS]
#FINAL-11-21#