000
CXUS51 KPHI 010915
CF6PHL
PRELIMINARY LOCAL CLIMATOLOGICAL DATA (WS FORM: F-6)
STATION: PHILADELPHIA PA
MONTH: DECEMBER
YEAR: 2023
LATITUDE: 39 52 N
LONGITUDE: 75 15 W
TEMPERATURE IN F: :PCPN: SNOW: WIND :SUNSHINE: SKY :PK WND
================================================================================
1 2 3 4 5 6A 6B 7 8 9 10 11 12 13 14 15 16 17 18
12Z AVG MX 2MIN
DY MAX MIN AVG DEP HDD CDD WTR SNW DPTH SPD SPD DIR MIN PSBL S-S WX SPD DR
================================================================================
1 49 35 42 0 23 0 0.42 0.0 0 3.4 12 250 M M 7 1 15 250
2 53 45 49 7 16 0 T 0.0 0 3.5 9 260 M M 10 12 12 240
3 53 46 50 8 15 0 0.69 0.0 0 5.1 14 100 M M 10 12 18 300
4 52 38 45 3 20 0 0.00 0.0 0 8.6 20 310 M M 6 1 23 310
5 46 35 41 0 24 0 0.00 0.0 0 4.6 10 300 M M 7 14 320
6 42 34 38 -3 27 0 T T 0 8.5 18 320 M M 8 27 330
7 42 30 36 -5 29 0 0.01 T 0 7.2 15 240 M M 9 1 19 240
8 53 32 43 3 22 0 0.00 0.0 0 3.4 10 200 M M 4 15 190
9 53 35 44 4 21 0 0.00 0.0 0 2.9 8 90 M M 7 128 9 350
10 63 46 55 15 10 0 1.66 0.0 0 8.2 26 340 M M 10 1 32 320
11 48 37 43 3 22 0 0.42 T 0 14.5 26 310 M M 7 1 33 300
12 46 31 39 -1 26 0 0.00 0.0 0 10.2 16 220 M M 2 21 250
13 47 32 40 1 25 0 0.00 0.0 0 9.6 20 270 M M 3 24 310
14 44 29 37 -2 28 0 0.00 0.0 0 6.9 14 280 M M 2 18 300
15 57 32 45 6 20 0 0.00 0.0 0 9.4 17 260 M M 1 23 280
16 58 34 46 8 19 0 0.00 0.0 0 5.3 13 110 M M 5 17 100
17 60 42 51 13 14 0 0.83 0.0 0 8.5 24 120 M M 10 1 33 120
18 62 41 52 14 13 0 2.19 0.0 0 16.4 30 280 M M 9 1 39 280
19 42 30 36 -2 29 0 0.00 0.0 0 12.9 26 320 M M 5 33 320
20 46 29 38 0 27 0 0.00 0.0 0 8.1 15 320 M M 3 21 340
21 47 34 41 4 24 0 0.00 0.0 0 6.8 14 30 M M 5 20 340
22 37 29 33 -4 32 0 0.00 0.0 0 4.7 14 40 M M 8 16 40
23 47 32 40 3 25 0 0.00 0.0 0 3.5 9 80 M M 9 13 350
24 50 39 45 8 20 0 0.01 0.0 0 1.3 8 110 M M 9 1 10 110
25 53 39 46 10 19 0 0.00 0.0 0 3.3 12 80 M M 9 128 13 70
26 50 44 47 11 18 0 0.00 0.0 0 4.9 9 40 M M 9 1 15 10
27 52 45 49 13 16 0 1.48 0.0 0 8.5 18 340 M M 10 1 23 340
28 54 50 52 16 13 0 0.21 0.0 0 7.7 22 30 M M 10 1 27 30
29 54 42 48 12 17 0 0.00 0.0 0 9.2 17 320 M M 5 23 330
30 47 37 42 7 23 0 0.00 0.0 0 12.3 21 260 M M 8 29 280
31 47 37 42 7 23 0 0.00 0.0 0 6.1 14 320 M M 8 19 320
================================================================================
SM 1554 1141 660 0 7.92 T 225.5 M 215
================================================================================
AV 50.1 36.8 7.3 FASTST M M 7 MAX(MPH)
MISC ----> 30 280 39 280
================================================================================
NOTES:
# LAST OF SEVERAL OCCURRENCES
COLUMN 17 PEAK WIND IN M.P.H.
PRELIMINARY LOCAL CLIMATOLOGICAL DATA (WS FORM: F-6) , PAGE 2
STATION: PHILADELPHIA PA
MONTH: DECEMBER
YEAR: 2023
LATITUDE: 39 52 N
LONGITUDE: 75 15 W
[TEMPERATURE DATA] [PRECIPITATION DATA] SYMBOLS USED IN COLUMN 16
AVERAGE MONTHLY: 43.5 TOTAL FOR MONTH: 7.92 1 = FOG OR MIST
DPTR FM NORMAL: 4.9 DPTR FM NORMAL: 3.95 2 = FOG REDUCING VISIBILITY
HIGHEST: 63 ON 10 GRTST 24HR 3.02 ON 17-18 TO 1/4 MILE OR LESS
LOWEST: 29 ON 22,20 3 = THUNDER
SNOW, ICE PELLETS, HAIL 4 = ICE PELLETS
TOTAL MONTH: T 5 = HAIL
GRTST 24HR T ON 6- 6 6 = FREEZING RAIN OR DRIZZLE
GRTST DEPTH: 0 7 = DUSTSTORM OR SANDSTORM:
VSBY 1/2 MILE OR LESS
8 = SMOKE OR HAZE
[NO. OF DAYS WITH] [WEATHER - DAYS WITH] 9 = BLOWING SNOW
X = TORNADO
MAX 32 OR BELOW: 0 0.01 INCH OR MORE: 10
MAX 90 OR ABOVE: 0 0.10 INCH OR MORE: 8
MIN 32 OR BELOW: 10 0.50 INCH OR MORE: 5
MIN 0 OR BELOW: 0 1.00 INCH OR MORE: 3
[HDD (BASE 65) ]
TOTAL THIS MO. 660 CLEAR (SCALE 0-3) 4
DPTR FM NORMAL -158 PTCLDY (SCALE 4-7) 13
TOTAL FM JUL 1 1369 CLOUDY (SCALE 8-10) 14
DPTR FM NORMAL -244
[CDD (BASE 65) ]
TOTAL THIS MO. 0
DPTR FM NORMAL 0 [PRESSURE DATA]
TOTAL FM JAN 1 1345 HIGHEST SLP 30.74 ON 14
DPTR FM NORMAL -14 LOWEST SLP 29.06 ON 18
[REMARKS]
#FINAL-12-23#