000
CXUS53 KILX 040513
CF6PIA
PRELIMINARY LOCAL CLIMATOLOGICAL DATA (WS FORM: F-6)
STATION: PEORIA IL
MONTH: APRIL
YEAR: 2023
LATITUDE: 40 40 N
LONGITUDE: 89 41 W
TEMPERATURE IN F: :PCPN: SNOW: WIND :SUNSHINE: SKY :PK WND
================================================================================
1 2 3 4 5 6A 6B 7 8 9 10 11 12 13 14 15 16 17 18
12Z AVG MX 2MIN
DY MAX MIN AVG DEP HDD CDD WTR SNW DPTH SPD SPD DIR MIN PSBL S-S WX SPD DR
================================================================================
1 48 37 43 -5 22 0 0.04 0.0 0 12.9 33 270 M M 8 49 280
2 63 34 49 1 16 0 0.00 0.0 0 12.8 26 180 M M 0 39 160
3 71 45 58 10 7 0 0.00 0.0 0 11.4 23 60 M M 6 31 60
4 83 48 66 17 0 1 0.57 0.0 0 15.5 28 170 M M 6 1 40 180
5 73 36 55 6 10 0 0.24 0.0 0 13.1 25 280 M M 4 1 36 280
6 54 31 43 -6 22 0 0.00 0.0 0 4.2 13 290 M M 0 21 290
7 61 31 46 -4 19 0 0.00 0.0 0 6.2 13 140 M M 0 19 120
8 67 40 54 4 11 0 0.00 0.0 0 8.2 15 160 M M 0 22 160
9 70 44 57 7 8 0 0.00 0.0 0 8.8 20 150 M M 0 27 180
10 73 48 61 10 4 0 0.00 0.0 0 7.0 16 180 M M 0 22 180
11 79 50 65 14 0 0 0.00 0.0 0 8.4 21 230 M M 0 28 220
12 80 50 65 13 0 0 0.00 0.0 0 11.2 22 220 M M 0 29 210
13 82 52 67 15 0 2 0.00 0.0 0 7.6 17 200 M M 0 23 210
14 82 55 69 17 0 4 0.00 0.0 0 6.9 16 190 M M 2 21 190
15 81 52 67 14 0 2 0.32 0.0 0 11.7 41 220 M M 3 13 55 220
16 53 36 45 -8 20 0 0.22 T 0 17.1 29 280 M M 10 1 44 270
17 59 35 47 -7 18 0 0.05 T 0 15.0 29 300 M M 6 43 300
18 64 32 48 -6 17 0 0.00 0.0 0 3.2 9 90 M M 0 13 80
19 81 52 67 13 0 2 0.05 0.0 0 13.4 29 190 M M 3 3 43 210
20 80 45 63 8 2 0 0.89 0.0 0 14.0 31 200 M M 5 13 44 260
21 65 42 54 -1 11 0 0.00 0.0 0 8.9 23 270 M M 3 39 230
22 44 38 41 -14 24 0 0.01 T 0 11.2 28 280 M M 7 4 36 280
23 45 32 39 -17 26 0 0.00 0.0 0 6.3 16 300 M M 7 22 280
24 59 30 45 -11 20 0 0.06 0.0 0 4.3 14 220 M M 4 24 230
25 61 40 51 -5 14 0 0.18 0.0 0 7.9 20 60 M M 6 1 26 60
26 59 33 46 -11 19 0 0.00 0.0 0 7.6 16 80 M M 0 23 70
27 69 38 54 -3 11 0 0.00 0.0 0 5.6 13 170 M M M 17 130
28 73 45 59 2 6 0 0.00 0.0 0 4.8 10 90 M M 0 16 40
29 64 44 54 -4 11 0 T 0.0 0 10.4 24 280 M M 4 36 260
30 50 42 46 -12 19 0 0.02 0.0 0 12.2 25 300 M M 8 40 290
================================================================================
SM 1993 1237 337 11 2.65 T 287.8 M 92
================================================================================
AV 66.4 41.2 9.6 FASTST M M 3 MAX(MPH)
MISC ----> 41 220 55 220
================================================================================
NOTES:
# LAST OF SEVERAL OCCURRENCES
COLUMN 17 PEAK WIND IN M.P.H.
PRELIMINARY LOCAL CLIMATOLOGICAL DATA (WS FORM: F-6) , PAGE 2
STATION: PEORIA IL
MONTH: APRIL
YEAR: 2023
LATITUDE: 40 40 N
LONGITUDE: 89 41 W
[TEMPERATURE DATA] [PRECIPITATION DATA] SYMBOLS USED IN COLUMN 16
AVERAGE MONTHLY: 53.8 TOTAL FOR MONTH: 2.65 1 = FOG OR MIST
DPTR FM NORMAL: 0.9 DPTR FM NORMAL: -1.34 2 = FOG REDUCING VISIBILITY
HIGHEST: 83 ON 4 GRTST 24HR 0.89 ON 20 TO 1/4 MILE OR LESS
LOWEST: 30 ON 24 3 = THUNDER
SNOW, ICE PELLETS, HAIL 4 = ICE PELLETS
TOTAL MONTH: T 5 = HAIL
GRTST 24HR T ON 16 6 = FREEZING RAIN OR DRIZZLE
GRTST DEPTH: 0 7 = DUSTSTORM OR SANDSTORM:
VSBY 1/2 MILE OR LESS
8 = SMOKE OR HAZE
[NO. OF DAYS WITH] [WEATHER - DAYS WITH] 9 = BLOWING SNOW
X = TORNADO
MAX 32 OR BELOW: 0 0.01 INCH OR MORE: 12
MAX 90 OR ABOVE: 0 0.10 INCH OR MORE: 6
MIN 32 OR BELOW: 5 0.50 INCH OR MORE: 2
MIN 0 OR BELOW: 0 1.00 INCH OR MORE: 0
[HDD (BASE 65) ]
TOTAL THIS MO. 337 CLEAR (SCALE 0-3) 16
DPTR FM NORMAL -39 PTCLDY (SCALE 4-7) 12
TOTAL FM JUL 1 4998 CLOUDY (SCALE 8-10) 2
DPTR FM NORMAL -467
[CDD (BASE 65) ]
TOTAL THIS MO. 11
DPTR FM NORMAL -1 [PRESSURE DATA]
TOTAL FM JAN 1 11 HIGHEST SLP 30.54 ON 7
DPTR FM NORMAL -3 LOWEST SLP 29.39 ON 1
[REMARKS]
#FINAL-04-23#