000
CXUS53 KILX 011542
CLSPIA
CLIMATE REPORT
NATIONAL WEATHER SERVICE LINCOLN IL
1042 AM CDT FRI SEP 01 2023
...................................
...THE PEORIA IL CLIMATE SUMMARY FOR THE SEASON, FROM
6/1/2023 TO 8/31/2023...
CLIMATE NORMAL PERIOD 1991 TO 2020
CLIMATE RECORD PERIOD 1883 TO 2023
WEATHER OBSERVED NORMAL DEPART LAST YEAR`S
VALUE DATE(S) VALUE FROM VALUE
NORMAL
..............................................................
TEMPERATURE (F)
RECORD
HIGH 113 07/15/1936
LOW 39 06/01/1993
06/04/1945
HIGHEST 99 08/24 MM MM 98
LOWEST 49 06/08 MM MM 53
AVG. MAXIMUM 85.9 84.7 1.2 85.6
AVG. MINIMUM 64.5 64.4 0.1 65.3
MEAN 75.2 74.5 0.7 75.4
DAYS MAX >= 90 29 19.4 9.6 19
DAYS MAX <= 32 0 0.0 0.0 0
DAYS MIN <= 32 0 0.0 0.0 0
DAYS MIN <= 0 0 0.0 0.0 0
PRECIPITATION (INCHES)
RECORD
MAXIMUM 24.27 1902
MINIMUM 3.04 1988
TOTALS 11.50 10.57 0.93 7.74
DAILY AVG. 0.13 0.08
DAYS >= .01 27 27.6 -0.6 25
DAYS >= .10 17 18.0 -1.0 15
DAYS >= .50 7 7.6 -0.6 6
DAYS >= 1.00 3 2.8 0.2 1
GREATEST
24 HR. TOTAL 3.29 08/05 TO 08/05 1.26
SNOWFALL (INCHES)
RECORDS
TOTAL 0.0 MM
24 HR TOTAL 0.0 MM
TOTALS 0.0 0.0 0.0 0.0
SINCE 7/1 0.0 0.0 0.0 MM
DAYS >= TRACE 0 0.0 0.0 0
DAYS >= 1.0 0 0.0 0.0 0
GREATEST
SNOW DEPTH 0 0
24 HR TOTAL MM 0.0
DEGREE DAYS
HEATING TOTAL 2 17 -15 1
SINCE 7/1 0 1 -1 MM
COOLING TOTAL 941 895 46 984
SINCE 1/1 1036 997 39 MM
FREEZE DATES
RECORD
EARLIEST 09/20/1991
LATEST 05/25/1925
EARLIEST MM
LATEST 04/24
..............................................................
WIND (MPH)
AVERAGE WIND SPEED 5.6
HIGHEST WIND SPEED/DIRECTION 39/260 DATE 06/29
HIGHEST GUST SPEED/DIRECTION 58/240 DATE 06/29
SKY COVER
POSSIBLE SUNSHINE (PERCENT) MM
AVERAGE SKY COVER 0.25
NUMBER OF DAYS FAIR 64
NUMBER OF DAYS PC 21
NUMBER OF DAYS CLOUDY 6
AVERAGE RH (PERCENT) 68
WEATHER CONDITIONS. NUMBER OF DAYS WITH
THUNDERSTORM 26 MIXED PRECIP 0
HEAVY RAIN 14 RAIN 16
LIGHT RAIN 36 FREEZING RAIN 0
LT FREEZING RAIN 0 HAIL 0
HEAVY SNOW 0 SNOW 0
LIGHT SNOW 0 SLEET 0
FOG 34 FOG W/VIS <= 1/4 MILE 3
HAZE 11
- INDICATES NEGATIVE NUMBERS.
R INDICATES RECORD WAS SET OR TIED.
MM INDICATES DATA IS MISSING.
T INDICATES TRACE AMOUNT.
&&
RECORDS SET IN PEORIA IL DURING 2023 SUMMER SEASON (JUN-AUG)...
* NO MONTHLY OR SEASONAL RECORDS WERE SET.
* RECORD DAILY RAINFALL OF 3.29" ON AUG 5TH.
* RECORD DAILY WARM LOW OF 77F ON AUG 23RD.
* RECORD DAILY WARM LOW OF 78F ON AUG 24TH.
* RECORD DAILY WARM LOW OF 79F ON AUG 25TH.
$$
ERWIN