000
CXUS55 KPIH 011100
CF6PIH
PRELIMINARY LOCAL CLIMATOLOGICAL DATA (WS FORM: F-6)
STATION: POCATELLO
MONTH: OCTOBER
YEAR: 2023
LATITUDE: 42 55 N
LONGITUDE: 112 36 W
TEMPERATURE IN F: :PCPN: SNOW: WIND :SUNSHINE: SKY :PK WND
================================================================================
1 2 3 4 5 6A 6B 7 8 9 10 11 12 13 14 15 16 17 18
12Z AVG MX 2MIN
DY MAX MIN AVG DEP HDD CDD WTR SNW DPTH SPD SPD DIR MIN PSBL S-S WX SPD DR
================================================================================
1 61 44 53 -1 12 0 0.06 0.0 0 10.1 30 170 M M 6 1 38 170
2 50 44 47 -6 18 0 0.21 0.0 0 11.2 21 240 M M 10 1 29 210
3 53 47 50 -3 15 0 0.09 0.0 0 12.7 20 230 M M 9 26 210
4 59 44 52 0 13 0 0.00 0.0 0 10.9 20 240 M M 6 26 230
5 66 36 51 -1 14 0 0.00 0.0 0 2.9 10 260 M M 1 14 250
6 71 35 53 2 12 0 0.00 0.0 0 2.9 9 20 M M 0 13 10
7 75 33 54 3 11 0 0.00 0.0 0 3.3 9 310 M M 0 1 12 330
8 78 36 57 7 8 0 0.00 0.0 0 3.2 12 340 M M 0 15 240
9 80 36 58 8 7 0 0.00 0.0 0 6.7 22 330 M M 0 29 180
10 72 49 61 11 4 0 0.02 0.0 0 8.5 20 250 M M 3 3 25 250
11 53 42 48 -1 17 0 0.11 0.0 0 16.2 28 250 M M 7 1 36 240
12 50 41 46 -3 19 0 0.29 0.0 0 9.4 21 240 M M 10 26 250
13 61 32 47 -1 18 0 0.00 0.0 0 3.7 10 170 M M 3 14 190
14 66 35 51 3 14 0 T 0.0 0 4.3 14 100 M M 2 16 100
15 71 34 53 5 12 0 0.00 0.0 0 3.4 9 60 M M 0 12 60
16 77 34 56 9 9 0 0.00 0.0 0 4.7 18 180 M M 0 24 170
17 68 44 56 9 9 0 0.00 0.0 0 16.7 30 240 M M 0 36 230
18 68 40 54 8 11 0 0.00 0.0 0 7.8 17 220 M M 0 23 240
19 76 33 55 9 10 0 0.00 0.0 0 2.9 13 350 M M 0 18 14 160
20 76 37 57 12 8 0 0.00 0.0 0 3.4 10 10 M M 0 12 360
21 73 36 55 10 10 0 0.00 0.0 0 3.5 9 360 M M 0 13 230
22 74 34 54 9 11 0 0.00 0.0 0 4.1 14 190 M M 0 18 190
23 58 42 50 6 15 0 0.06 0.0 0 9.9 20 230 M M 6 27 210
24 61 42 52 8 13 0 0.00 0.0 0 13.9 24 180 M M 0 35 180
25 57 40 49 5 16 0 0.30 0.0 0 11.2 29 240 M M 7 1 38 180
26 42 27 35 -8 30 0 T T 0 19.5 35 250 M M 7 1 44 240
27 47 24 36 -7 29 0 0.00 0.0 0 5.5 14 240 M M 2 19 250
28 40 18 29 -13 36 0 0.02 1.0 0 7.0 17 50 M M 5 18 23 30
29 40 14 27 -15 38 0 0.00 0.0 0 3.5 15 30 M M 0 18 30
30 44 13 29 -13 36 0 0.00 0.0 0 1.7 9 260 M M 0 8 12 260
31 54 16 35 -6 30 0 0.00 0.0 0 3.1 10 350 M M 0 14 60
================================================================================
SM 1921 1082 505 0 1.16 1.0 227.8 M 84
================================================================================
AV 62.0 34.9 7.3 FASTST M M 3 MAX(MPH)
MISC ----> 35 250 44 240
================================================================================
NOTES:
# LAST OF SEVERAL OCCURRENCES
COLUMN 17 PEAK WIND IN M.P.H.
PRELIMINARY LOCAL CLIMATOLOGICAL DATA (WS FORM: F-6) , PAGE 2
STATION: POCATELLO
MONTH: OCTOBER
YEAR: 2023
LATITUDE: 42 55 N
LONGITUDE: 112 36 W
[TEMPERATURE DATA] [PRECIPITATION DATA] SYMBOLS USED IN COLUMN 16
AVERAGE MONTHLY: 48.4 TOTAL FOR MONTH: 1.16 1 = FOG OR MIST
DPTR FM NORMAL: 1.3 DPTR FM NORMAL: 0.17 2 = FOG REDUCING VISIBILITY
HIGHEST: 80 ON 9 GRTST 24HR 0.40 ON 11-12 TO 1/4 MILE OR LESS
LOWEST: 13 ON 30 3 = THUNDER
SNOW, ICE PELLETS, HAIL 4 = ICE PELLETS
TOTAL MONTH: 1.0 INCH 5 = HAIL
GRTST 24HR 1.0 ON 28-28 6 = FREEZING RAIN OR DRIZZLE
GRTST DEPTH: 0 7 = DUSTSTORM OR SANDSTORM:
VSBY 1/2 MILE OR LESS
8 = SMOKE OR HAZE
[NO. OF DAYS WITH] [WEATHER - DAYS WITH] 9 = BLOWING SNOW
X = TORNADO
MAX 32 OR BELOW: 0 0.01 INCH OR MORE: 9
MAX 90 OR ABOVE: 0 0.10 INCH OR MORE: 4
MIN 32 OR BELOW: 7 0.50 INCH OR MORE: 0
MIN 0 OR BELOW: 0 1.00 INCH OR MORE: 0
[HDD (BASE 65) ]
TOTAL THIS MO. 505 CLEAR (SCALE 0-3) 21
DPTR FM NORMAL -49 PTCLDY (SCALE 4-7) 7
TOTAL FM JUL 1 659 CLOUDY (SCALE 8-10) 3
DPTR FM NORMAL -123
[CDD (BASE 65) ]
TOTAL THIS MO. 0
DPTR FM NORMAL 0 [PRESSURE DATA]
TOTAL FM JAN 1 443 HIGHEST SLP 30.63 ON 29
DPTR FM NORMAL 13 LOWEST SLP 29.52 ON 11
[REMARKS]
#FINAL-10-23#