000
CXUS54 KBRO 010800
CF6PIL
PRELIMINARY LOCAL CLIMATOLOGICAL DATA (WS FORM: F-6)
STATION: BAYVIEW
MONTH: OCTOBER
YEAR: 2021
LATITUDE: 26 10 N
LONGITUDE: 97 20 W
TEMPERATURE IN F: :PCPN: SNOW: WIND :SUNSHINE: SKY :PK WND
================================================================================
1 2 3 4 5 6A 6B 7 8 9 10 11 12 13 14 15 16 17 18
12Z AVG MX 2MIN
DY MAX MIN AVG DEP HDD CDD WTR SNW DPTH SPD SPD DIR MIN PSBL S-S WX SPD DR
================================================================================
1 83 74 79 -1 0 14 4.05 0.0 0 9.1 29 340 M M 3 13 35 330
2 85 79 82 2 0 17 0.00 0.0 0 7.8 14 60 M M 1 8 19 50
3 88 76 82 2 0 17 0.01 0.0 0 6.8 16 360 M M 1 18 20 40
4 88 76 82 2 0 17 0.00 0.0 0 7.9 17 20 M M 1 23 360
5 90 71 81 1 0 16 0.00 0.0 0 7.4 16 20 M M 0 1 23 30
6 87 66 77 -2 0 12 0.00 0.0 0 5.5 12 60 M M 0 18 80
7 86 68 77 -2 0 12 0.00 0.0 0 5.6 13 80 M M 0 18 110
8 86 68 77 -2 0 12 0.00 0.0 0 5.3 14 90 M M 1 19 80
9 88 67 78 -1 0 13 0.00 0.0 0 8.0 20 110 M M 1 25 130
10 91 78 85 7 0 20 0.00 0.0 0 17.4 30 160 M M 2 43 160
11 90 81 86 8 0 21 0.00 0.0 0 12.6 21 140 M M 4 8 29 170
12 91 81 86 8 0 21 0.00 0.0 0 16.1 25 150 M M 3 18 34 150
13 89 80 85 7 0 20 0.00 0.0 0 17.3 29 150 M M 5 40 150
14 89 80 85 7 0 20 0.00 0.0 0 13.3 22 140 M M 5 31 140
15 89 77 83 6 0 18 0.00 0.0 0 7.6 17 100 M M 0 1 21 110
16 79 65 72 -5 0 7 3.88 0.0 0 14.9 26 310 M M 7 13 38 40
17 80 62 71 -6 0 6 0.00 0.0 0 8.1 15 350 M M 0 26 30
18 81 63 72 -5 0 7 0.00 0.0 0 5.5 12 70 M M 1 18 80
19 86 64 75 -1 0 10 0.00 0.0 0 7.9 16 90 M M 0 21 100
20 86 73 80 4 0 15 0.00 0.0 0 9.1 20 110 M M 1 24 100
21 86 69 78 2 0 13 0.00 0.0 0 7.1 14 70 M M 0 8 20 70
22 86 72 79 3 0 14 0.00 0.0 0 6.8 16 80 M M 1 22 100
23 86 70 78 3 0 13 0.00 0.0 0 8.6 21 160 M M 1 30 160
24 89 74 82 7 0 17 0.00 0.0 0 7.9 18 120 M M 2 24 120
25 89 73 81 6 0 16 0.00 0.0 0 7.9 16 120 M M 1 12 21 100
26 88 78 83 9 0 18 0.00 0.0 0 14.7 24 140 M M 5 34 140
27 91 64 78 4 0 13 0.00 0.0 0 13.0 30 360 M M 2 8 39 360
28 84 56 70 -4 0 5 0.00 0.0 0 7.4 22 320 M M 0 28 340
29 84 53 69 -5 0 4 0.00 0.0 0 8.2 21 360 M M 0 28 340
30 82 54 68 -5 0 3 0.00 0.0 0 6.6 14 90 M M 0 18 110
31 M M M M M M M M M M M M M M M M M
================================================================================
SM 2597 2112 0 411 7.94 0.0 281.4 M 48
================================================================================
AV 86.6 70.4 9.4 FASTST M M 2 MAX(MPH)
MISC ----> # 30 160 43 160
================================================================================
NOTES:
# LAST OF SEVERAL OCCURRENCES
COLUMN 17 PEAK WIND IN M.P.H.
PRELIMINARY LOCAL CLIMATOLOGICAL DATA (WS FORM: F-6) , PAGE 2
STATION: BAYVIEW
MONTH: OCTOBER
YEAR: 2021
LATITUDE: 26 10 N
LONGITUDE: 97 20 W
[TEMPERATURE DATA] [PRECIPITATION DATA] SYMBOLS USED IN COLUMN 16
AVERAGE MONTHLY: 78.5 TOTAL FOR MONTH: 7.94 1 = FOG OR MIST
DPTR FM NORMAL: 1.6 DPTR FM NORMAL: 5.21 2 = FOG REDUCING VISIBILITY
HIGHEST: 91 ON 27,12 GRTST 24HR 4.05 ON 1- 1 TO 1/4 MILE OR LESS
LOWEST: 53 ON 29 3 = THUNDER
SNOW, ICE PELLETS, HAIL 4 = ICE PELLETS
TOTAL MONTH: 0.0 INCH 5 = HAIL
GRTST 24HR 0.0 6 = FREEZING RAIN OR DRIZZLE
GRTST DEPTH: 0 7 = DUSTSTORM OR SANDSTORM:
VSBY 1/2 MILE OR LESS
8 = SMOKE OR HAZE
[NO. OF DAYS WITH] [WEATHER - DAYS WITH] 9 = BLOWING SNOW
X = TORNADO
MAX 32 OR BELOW: 0 0.01 INCH OR MORE: 3
MAX 90 OR ABOVE: 5 0.10 INCH OR MORE: 2
MIN 32 OR BELOW: 0 0.50 INCH OR MORE: 2
MIN 0 OR BELOW: 0 1.00 INCH OR MORE: 2
[HDD (BASE 65) ]
TOTAL THIS MO. 0 CLEAR (SCALE 0-3) 24
DPTR FM NORMAL -4 PTCLDY (SCALE 4-7) 6
TOTAL FM JUL 1 0 CLOUDY (SCALE 8-10) 0
DPTR FM NORMAL 0
[CDD (BASE 65) ]
TOTAL THIS MO. 411
DPTR FM NORMAL 37 [PRESSURE DATA]
TOTAL FM JAN 1 3748 HIGHEST SLP M ON M
DPTR FM NORMAL -125 LOWEST SLP 29.58 ON 27
[REMARKS]
#FINAL-10-21#