933
CXUS51 KRLX 012358
CF6PKB
PRELIMINARY LOCAL CLIMATOLOGICAL DATA (WS FORM: F-6)
STATION: PARKERSBURG WV
MONTH: MAY
YEAR: 2020
LATITUDE: 39 20 N
LONGITUDE: 81 26 W
TEMPERATURE IN F: :PCPN: SNOW: WIND :SUNSHINE: SKY :PK WND
================================================================================
1 2 3 4 5 6A 6B 7 8 9 10 11 12 13 14 15 16 17 18
12Z AVG MX 2MIN
DY MAX MIN AVG DEP HDD CDD WTR SNW DPTH SPD SPD DIR MIN PSBL S-S WX SPD DR
================================================================================
1 55 45 50 -9 15 0 0.02 M M 5.7 16 320 M M 9 1 20 320
2 77 40 59 0 6 0 0.00 M M 6.5 16 190 M M 1 1 23 200
3 71 60 66 7 0 1 0.61 M M 4.6 12 190 M M 8 13 17 230
4 68 44 56 -3 9 0 0.00 M M 6.9 17 320 M M 0 1 24 330
5 53 43 48 -12 17 0 0.12 M M 7.7 14 80 M M 7 1 19 70
6 58 35 47 -13 18 0 0.09 M M 5.8 13 340 M M 8 1 23 350
7 67 29 48 -12 17 0 0.00 M M 5.8 18 250 M M 4 1 28 300
8 56 30 43 -17 22 0 0.84 M M 6.8 20 310 M M 8 1 31 320
9 49 28 39 -21 26 0 0.00 M M 6.1 22 310 M M 5 1 34 280
10 65 33 49 -12 16 0 0.10 M M 6.0 29 280 M M 4 12 39 300
11 46 39 43 -18 22 0 0.02 M M 7.6 22 290 M M 10 1 32 300
12 61 37 49 -12 16 0 0.00 M M 3.8 16 270 M M 4 23 260
13 69 33 51 -10 14 0 0.00 M M 2.4 12 230 M M 2 16 220
14 78 50 64 2 1 0 0.11 M M 4.2 15 260 M M 6 13 22 270
15 78 59 69 7 0 4 0.05 M M 8.5 24 200 M M 5 1 32 200
16 77 59 68 6 0 3 0.00 M M 3.7 12 50 M M 5 12 14 40
17 84 57 71 9 0 6 0.00 M M 5.0 16 190 M M 3 8 22 200
18 82 67 75 12 0 10 0.05 M M 4.8 13 150 M M 5 1 19 170
19 68 49 59 -4 6 0 1.30 M M 9.6 17 100 M M 10 1 27 100
20 55 45 50 -13 15 0 1.84 M M 7.2 15 70 M M 10 18 22 70
21 61 52 57 -7 8 0 0.95 M M 6.6 10 90 M M 9 1 14 100
22 77 56 67 3 0 2 0.18 M M 2.5 12 280 M M 7 123 17 290
23 82 53 68 4 0 3 0.00 M M 1.5 9 320 M M 4 12 13 250
24 86 60 73 9 0 8 0.32 M M 3.0 8 170 M M 4 1 12 130
25 90 64 77 12 0 12 0.00 M M 2.5 9 120 M M 1 1 12 130
26 88 65 77 12 0 12 0.00 M M 4.3 10 170 M M 0 14 90
27 85 66 76 11 0 11 0.03 M M 4.4 15 170 M M 2 20 170
28 84 63 74 8 0 9 1.74 M M 4.1 17 240 M M 7 13 27 220
29 80 62 71 5 0 6 0.12 M M 6.4 22 300 M M 4 13 30 290
30 76 53 65 -1 0 0 0.00 M M 3.6 16 310 M M 5 12 24 340
31 72 49 61 -5 4 0 0.00 M M 4.9 14 320 M M 1 1 22 310
================================================================================
SM 2198 1525 232 87 8.49 M 162.5 M 158
================================================================================
AV 70.9 49.2 5.2 FASTST M M 5 MAX(MPH)
MISC ----> 29 280 39 300
================================================================================
NOTES:
# LAST OF SEVERAL OCCURRENCES
COLUMN 17 PEAK WIND IN M.P.H.
PRELIMINARY LOCAL CLIMATOLOGICAL DATA (WS FORM: F-6) , PAGE 2
STATION: PARKERSBURG WV
MONTH: MAY
YEAR: 2020
LATITUDE: 39 20 N
LONGITUDE: 81 26 W
[TEMPERATURE DATA] [PRECIPITATION DATA] SYMBOLS USED IN COLUMN 16
AVERAGE MONTHLY: 60.0 TOTAL FOR MONTH: 8.49 1 = FOG OR MIST
DPTR FM NORMAL: -2.3 DPTR FM NORMAL: 4.19 2 = FOG REDUCING VISIBILITY
HIGHEST: 90 ON 25 GRTST 24HR 2.31 ON 19-20 TO 1/4 MILE OR LESS
LOWEST: 28 ON 9 3 = THUNDER
SNOW, ICE PELLETS, HAIL 4 = ICE PELLETS
TOTAL MONTH: M 5 = HAIL
GRTST 24HR M ON M 6 = FREEZING RAIN OR DRIZZLE
GRTST DEPTH: M ON M 7 = DUSTSTORM OR SANDSTORM:
VSBY 1/2 MILE OR LESS
8 = SMOKE OR HAZE
[NO. OF DAYS WITH] [WEATHER - DAYS WITH] 9 = BLOWING SNOW
X = TORNADO
MAX 32 OR BELOW: 0 0.01 INCH OR MORE: 18
MAX 90 OR ABOVE: 1 0.10 INCH OR MORE: 12
MIN 32 OR BELOW: 3 0.50 INCH OR MORE: 6
MIN 0 OR BELOW: 0 1.00 INCH OR MORE: 3
[HDD (BASE 65) ]
TOTAL THIS MO. 232 CLEAR (SCALE 0-3) 8
DPTR FM NORMAL 85 PTCLDY (SCALE 4-7) 18
TOTAL FM JUL 1 4370 CLOUDY (SCALE 8-10) 5
DPTR FM NORMAL -583
[CDD (BASE 65) ]
TOTAL THIS MO. 87
DPTR FM NORMAL 24 [PRESSURE DATA]
TOTAL FM JAN 1 103 HIGHEST SLP 30.37 ON 13
DPTR FM NORMAL 19 LOWEST SLP 29.73 ON 8
[REMARKS]
#FINAL-05-20#