000
CXUS51 KRLX 020431
CLMPKB
CLIMATE REPORT
NATIONAL WEATHER SERVICE CHARLESTON WV
1131 PM EST MON JAN 01 2024
...................................
...THE PARKERSBURG WV CLIMATE SUMMARY FOR THE MONTH OF DECEMBER 2023...
CLIMATE NORMAL PERIOD: 1991 TO 2020
CLIMATE RECORD PERIOD: 1926 TO 2023
WEATHER OBSERVED NORMAL DEPART LAST YEAR`S
VALUE DATE(S) VALUE FROM VALUE
NORMAL
..............................................................
TEMPERATURE (F)
RECORD
HIGH 74 12/12/2015
LOW -2 12/20/2004
HIGHEST 65 12/09 70
12/25
LOWEST 18 12/20 -2
AVG. MAXIMUM 50.6 44.4 6.2 45.6
AVG. MINIMUM 33.7 28.3 5.4 27.9
MEAN 42.1 36.3 5.8 36.8
DAYS MAX >= 90 0 0.0 0.0 0
DAYS MAX <= 32 0 5.4 -5.4 4
DAYS MAX >= 80 0 0
DAYS MAX >= 100 0 0
DAYS MIN <= 32 14 21.0 -7.0 20
DAYS MIN <= 0 0 0.1 -0.1 2
DAYS MIN <= 10 0 0
PRECIPITATION (INCHES)
RECORD
MAXIMUM 8.10 1990
MINIMUM 0.43 1965
TOTALS 3.07 3.36 -0.29 1.68
DAILY AVG. 0.10 0.11 -0.01 0.05
DAYS >= .01 14 13.2 0.8 11
DAYS >= .10 9 7.5 1.5 6
DAYS >= .50 1 2.5 -1.5 1
DAYS >= 1.00 0 0.5 -0.5 0
GREATEST
24 HR. TOTAL 1.00 12/26 TO 12/27 0.54
DEGREE DAYS
HEATING TOTAL 701 888 -187 866
SINCE 7/1 1594 1881 -287 MM
COOLING TOTAL 0 0 0 0
SINCE 1/1 823 998 -175 MM
..............................................................
WIND (MPH)
AVERAGE WIND SPEED 4.4
HIGHEST WIND SPEED/DIRECTION 24/300 DATE 12/18
HIGHEST GUST SPEED/DIRECTION 36/270 DATE 12/03
SKY COVER
AVERAGE SKY COVER 0.62
NUMBER OF DAYS FAIR 9
NUMBER OF DAYS PC 5
NUMBER OF DAYS CLOUDY 17
AVERAGE RH (PERCENT) 70
WEATHER CONDITIONS. NUMBER OF DAYS WITH
THUNDERSTORM 0 MIXED PRECIP 0
HEAVY RAIN 0 RAIN 6
LIGHT RAIN 17 FREEZING RAIN 0
LT FREEZING RAIN 0 HAIL 0
HEAVY SNOW 0 SNOW 0
LIGHT SNOW 2 SLEET 0
FOG 17 FOG W/VIS <= 1/4 MILE 1
HAZE 4
- INDICATES NEGATIVE NUMBERS.
R INDICATES RECORD WAS SET OR TIED.
MM INDICATES DATA IS MISSING.
T INDICATES TRACE AMOUNT.
$$