000
CXUS53 KAPX 011833
CF6PLN
PRELIMINARY LOCAL CLIMATOLOGICAL DATA (WS FORM: F-6)
STATION: PELLSTON
MONTH: SEPTEMBER
YEAR: 2020
LATITUDE: 45 34 N
LONGITUDE: 84 48 W
TEMPERATURE IN F: :PCPN: SNOW: WIND :SUNSHINE: SKY :PK WND
================================================================================
1 2 3 4 5 6A 6B 7 8 9 10 11 12 13 14 15 16 17 18
12Z AVG MX 2MIN
DY MAX MIN AVG DEP HDD CDD WTR SNW DPTH SPD SPD DIR MIN PSBL S-S WX SPD DR
================================================================================
1 73 45 59 -2 6 0 0.19 M M 2.6 10 220 M M 1 1 14 240
2 73 50 62 1 3 0 0.37 M M 7.0 21 260 M M 5 1 34 260
3 76 50 63 3 2 0 0.20 M M 10.8 31 300 M M 4 13 47 290
4 69 44 57 -3 8 0 0.00 M M 10.0 25 290 M M 2 36 300
5 70 42 56 -4 9 0 0.05 M M 5.4 17 320 M M 3 1 24 310
6 74 38 56 -4 9 0 0.11 M M 8.1 20 160 M M 3 13 30 180
7 69 51 60 1 5 0 0.00 M M 9.8 29 320 M M 6 39 320
8 57 46 52 -7 13 0 0.13 M M 3.1 12 30 M M 10 1 15 40
9 54 47 51 -8 14 0 0.49 M M 4.2 10 20 M M 10 1 14 10
10 59 38 49 -9 16 0 0.08 M M 2.9 12 20 M M 8 1 16 10
11 66 32 49 -9 16 0 0.00 M M 2.6 10 70 M M 0 16 180
12 61 51 56 -2 9 0 0.58 M M 5.0 10 140 M M 9 1 16 120
13 67 44 56 -1 9 0 0.19 M M 11.4 20 280 M M 4 1 31 320
14 62 36 49 -8 16 0 0.00 M M 1.5 8 280 M M 1 1 10 40
15 76 37 57 1 8 0 0.00 M M 12.1 25 230 M M 2 1 43 230
16 69 39 54 -2 11 0 T M M 11.4 20 330 M M 5 1 30 250
17 59 34 47 -9 18 0 0.00 M M 4.8 15 300 M M 0 22 290
18 57 28 43 -12 22 0 0.00 M M 3.4 15 300 M M 0 1 19 300
19 61 28 45 -10 20 0 0.00 M M 2.8 12 210 M M 4 16 220
20 70 34 52 -2 13 0 0.00 M M 4.6 15 180 M M 0 1 21 150
21 72 41 57 3 8 0 0.00 M M 4.4 14 190 M M 0 21 180
22 76 49 63 9 2 0 0.00 M M 6.3 15 300 M M 0 1 21 270
23 80 45 63 10 2 0 0.00 M M 1.9 10 260 M M 3 12 15 310
24 61 52 57 4 8 0 0.27 M M 5.6 21 40 M M 8 13 24 40
25 78 54 66 14 0 1 0.00 M M 5.8 14 200 M M 4 1 24 200
26 76 62 69 17 0 4 0.15 M M 6.7 17 220 M M 5 13 24 220
27 73 58 66 14 0 1 0.01 M M 9.0 24 250 M M 6 37 260
28 58 50 54 3 11 0 0.41 M M 3.0 10 280 M M 10 1 14 290
29 60 47 54 3 11 0 0.11 M M 5.9 16 260 M M 8 31 250
30 60 45 53 3 12 0 0.88 M M 5.5 20 320 M M 7 13 26 310
================================================================================
SM 2016 1317 281 6 4.22 M 177.6 M 128
================================================================================
AV 67.2 43.9 5.9 FASTST M M 4 MAX(MPH)
MISC ----> # 31 300 # 47 290
================================================================================
NOTES:
# LAST OF SEVERAL OCCURRENCES
COLUMN 17 PEAK WIND IN M.P.H.
PRELIMINARY LOCAL CLIMATOLOGICAL DATA (WS FORM: F-6) , PAGE 2
STATION: PELLSTON
MONTH: SEPTEMBER
YEAR: 2020
LATITUDE: 45 34 N
LONGITUDE: 84 48 W
[TEMPERATURE DATA] [PRECIPITATION DATA] SYMBOLS USED IN COLUMN 16
AVERAGE MONTHLY: 55.6 TOTAL FOR MONTH: 4.22 1 = FOG OR MIST
DPTR FM NORMAL: -0.5 DPTR FM NORMAL: 0.64 2 = FOG REDUCING VISIBILITY
HIGHEST: 80 ON 23 GRTST 24HR 0.88 ON 30-30 TO 1/4 MILE OR LESS
LOWEST: 28 ON 19,18 3 = THUNDER
SNOW, ICE PELLETS, HAIL 4 = ICE PELLETS
TOTAL MONTH: M 5 = HAIL
GRTST 24HR M ON M 6 = FREEZING RAIN OR DRIZZLE
GRTST DEPTH: M ON M 7 = DUSTSTORM OR SANDSTORM:
VSBY 1/2 MILE OR LESS
8 = SMOKE OR HAZE
[NO. OF DAYS WITH] [WEATHER - DAYS WITH] 9 = BLOWING SNOW
X = TORNADO
MAX 32 OR BELOW: 0 0.01 INCH OR MORE: 16
MAX 90 OR ABOVE: 0 0.10 INCH OR MORE: 13
MIN 32 OR BELOW: 3 0.50 INCH OR MORE: 2
MIN 0 OR BELOW: 0 1.00 INCH OR MORE: 0
[HDD (BASE 65) ]
TOTAL THIS MO. 281 CLEAR (SCALE 0-3) 13
DPTR FM NORMAL -3 PTCLDY (SCALE 4-7) 13
TOTAL FM JUL 1 331 CLOUDY (SCALE 8-10) 4
DPTR FM NORMAL -119
[CDD (BASE 65) ]
TOTAL THIS MO. 6
DPTR FM NORMAL -11 [PRESSURE DATA]
TOTAL FM JAN 1 353 HIGHEST SLP M ON M
DPTR FM NORMAL 135 LOWEST SLP 29.42 ON 30
[REMARKS]
#FINAL-09-20#