000
CXUS52 KMFL 281030
CF6PMP
PRELIMINARY LOCAL CLIMATOLOGICAL DATA (WS FORM: F-6)
STATION: POMPANO BEACH ARPK
MONTH: MARCH
YEAR: 2024
LATITUDE: 26 14 N
LONGITUDE: 80 7 W
TEMPERATURE IN F: :PCPN: SNOW: WIND :SUNSHINE: SKY :PK WND
================================================================================
1 2 3 4 5 6A 6B 7 8 9 10 11 12 13 14 15 16 17 18
12Z AVG MX 2MIN
DY MAX MIN AVG DEP HDD CDD WTR SNW DPTH SPD SPD DIR MIN PSBL S-S WX SPD DR
================================================================================
1 81 73 77 6 0 12 T M M 14.5 21 140 M M 4 30 140
2 80 72 76 5 0 11 0.03 0.0 0 10.4 18 150 M M 4 24 140
3 82 70 76 5 0 11 0.80 M M 8.9 16 150 M M 8 13 22 130
4 81 70 76 4 0 11 0.00 M M 8.6 16 60 M M 3 22 50
5 82 71 77 5 0 12 0.00 M M 8.5 15 140 M M 3 21 150
6 81 71 76 4 0 11 0.34 0.0 0 6.2 16 180 M M 5 3 22 150
7 79 68 74 2 0 9 1.40 0.0 0 2.5 22 250 M M 5 13 34 250
8 83 68 76 4 0 11 0.00 0.0 0 6.5 16 150 M M 2 1 22 150
9 84 76 80 8 0 15 0.00 0.0 0 10.4 23 160 M M 1 31 160
10 87 69 78 6 0 13 T 0.0 0 9.5 22 250 M M 5 29 260
11 79 63 71 -1 0 6 0.00 0.0 0 10.2 18 40 M M 2 23 60
12 78 69 74 2 0 9 0.00 0.0 0 8.8 14 90 M M 1 21 120
13 81 66 74 2 0 9 0.00 0.0 0 7.9 15 130 M M 2 20 130
14 82 68 75 3 0 10 0.00 0.0 0 7.7 14 100 M M 0 20 100
15 83 73 78 6 0 13 0.00 0.0 0 11.0 18 150 M M 1 24 120
16 85 69 77 5 0 12 0.00 0.0 0 7.5 16 140 M M 2 20 140
17 85 70 78 6 0 13 0.00 0.0 0 8.4 18 160 M M 2 24 150
18 92 71 82 9 0 17 0.00 0.0 0 9.1 22 240 M M 2 31 220
19 77 62 70 -3 0 5 0.01 0.0 0 13.5 24 330 M M 3 30 350
20 78 59 69 -4 0 4 0.00 M M 5.8 15 100 M M 2 22 100
21 82 70 76 3 0 11 0.00 0.0 0 11.5 20 140 M M 5 28 130
22 75 66 71 -2 0 6 2.75 0.0 0 12.0 25 130 M M 8 138 33 150
23 81 68 75 2 0 10 0.16 M M 8.8 28 150 M M 6 13 38 130
24 81 62 72 -1 0 7 0.01 M M 12.9 21 70 M M 4 31 40
25 80 72 76 3 0 11 T M M 15.2 22 90 M M 6 32 80
26 82 73 78 4 0 13 0.00 0.0 0 14.0 22 130 M M 6 29 100
27 82 74 78 4 0 13 0.00 0.0 0 12.6 18 130 M M 3 25 140
================================================================================
SM 2203 1863 0 285 5.50 0.0 262.9 M 95
================================================================================
AV 81.6 69.0 9.7 FASTST M M 4 MAX(MPH)
MISC ----> 28 150 38 130
================================================================================
NOTES:
# LAST OF SEVERAL OCCURRENCES
COLUMN 17 PEAK WIND IN M.P.H.
PRELIMINARY LOCAL CLIMATOLOGICAL DATA (WS FORM: F-6) , PAGE 2
STATION: POMPANO BEACH ARPK
MONTH: MARCH
YEAR: 2024
LATITUDE: 26 14 N
LONGITUDE: 80 7 W
[TEMPERATURE DATA] [PRECIPITATION DATA] SYMBOLS USED IN COLUMN 16
AVERAGE MONTHLY: 75.3 TOTAL FOR MONTH: 5.50 1 = FOG OR MIST
DPTR FM NORMAL: 3.0 DPTR FM NORMAL: 3.05 2 = FOG REDUCING VISIBILITY
HIGHEST: 92 ON 18 GRTST 24HR 2.77 ON 22-23 TO 1/4 MILE OR LESS
LOWEST: 59 ON 20 3 = THUNDER
SNOW, ICE PELLETS, HAIL 4 = ICE PELLETS
TOTAL MONTH: 0.0 INCH 5 = HAIL
GRTST 24HR 0.0 6 = FREEZING RAIN OR DRIZZLE
GRTST DEPTH: 0 7 = DUSTSTORM OR SANDSTORM:
VSBY 1/2 MILE OR LESS
8 = SMOKE OR HAZE
[NO. OF DAYS WITH] [WEATHER - DAYS WITH] 9 = BLOWING SNOW
X = TORNADO
MAX 32 OR BELOW: 0 0.01 INCH OR MORE: 8
MAX 90 OR ABOVE: 1 0.10 INCH OR MORE: 5
MIN 32 OR BELOW: 0 0.50 INCH OR MORE: 3
MIN 0 OR BELOW: 0 1.00 INCH OR MORE: 2
[HDD (BASE 65) ]
TOTAL THIS MO. 0 CLEAR (SCALE 0-3) 14
DPTR FM NORMAL -9 PTCLDY (SCALE 4-7) 13
TOTAL FM JUL 1 33 CLOUDY (SCALE 8-10) 0
DPTR FM NORMAL -96
[CDD (BASE 65) ]
TOTAL THIS MO. 285
DPTR FM NORMAL 77 [PRESSURE DATA]
TOTAL FM JAN 1 642 HIGHEST SLP M ON M
DPTR FM NORMAL 101 LOWEST SLP 29.68 ON 23
[REMARKS]