000
CXUS54 KOUN 010910
CF6PNC
PRELIMINARY LOCAL CLIMATOLOGICAL DATA (WS FORM: F-6)
STATION: PONCA CITY
MONTH: FEBRUARY
YEAR: 2022
LATITUDE: 36 44 N
LONGITUDE: 97 6 W
TEMPERATURE IN F: :PCPN: SNOW: WIND :SUNSHINE: SKY :PK WND
================================================================================
1 2 3 4 5 6A 6B 7 8 9 10 11 12 13 14 15 16 17 18
12Z AVG MX 2MIN
DY MAX MIN AVG DEP HDD CDD WTR SNW DPTH SPD SPD DIR MIN PSBL S-S WX SPD DR
================================================================================
1 60 32 46 9 19 0 0.02 T M 14.4 32 30 M M 7 1 38 40
2 32 16 24 -13 41 0 0.02 M M 21.8 32 40 M M 10 168 39 30
3 19 11 15 -22 50 0 T M M 18.3 28 30 M M 10 18 34 20
4 28 0 14 -24 51 0 T M M 4.6 12 250 M M 2 15 250
5 47 8 28 -10 37 0 0.00 M M 7.8 20 160 M M 0 27 200
6 48 26 37 -1 28 0 0.00 M M 7.0 17 10 M M 0 23 160
7 58 20 39 1 26 0 0.00 M M 5.2 16 250 M M 1 24 210
8 66 23 45 7 20 0 0.00 M M 4.8 18 350 M M 0 23 290
9 66 22 44 6 21 0 0.00 M M 4.1 17 330 M M 0 24 340
10 59 32 46 7 19 0 0.00 M M 4.9 14 250 M M 2 18 240
11 61 35 48 9 17 0 0.00 M M 12.8 29 10 M M 0 34 30
12 41 19 30 -9 35 0 0.00 M M 10.6 28 20 M M 0 35 30
13 51 25 38 -2 27 0 0.00 M M 7.0 17 10 M M 0 24 360
14 65 22 44 4 21 0 0.00 M M 8.0 16 110 M M 0 21 120
15 70 43 57 17 8 0 0.00 M M 19.0 30 170 M M 0 42 160
16 75 45 60 20 5 0 0.07 M M 16.4 26 200 M M 4 35 200
17 45 14 30 -10 35 0 0.37 M M 16.7 38 360 M M 7 136 45 10
18 46 11 29 -12 36 0 0.00 M M 5.8 16 210 M M 0 23 200
19 55 26 41 0 24 0 0.00 M M 8.4 20 50 M M 0 23 60
20 68 45 57 16 8 0 0.00 M M 14.2 26 220 M M 0 35 210
21 75 35 55 13 10 0 0.00 M M 13.2 26 360 M M 0 34 350
22 35 16 26 -16 39 0 T M M 17.3 26 10 M M 4 35 330
23 22 10 16 -26 49 0 0.02 M M 15.9 25 10 M M 7 32 10
24 23 9 16 -27 49 0 T M M 7.9 16 40 M M 8 168 20 300
25 33 5 19 -24 46 0 0.00 M M 5.7 15 360 M M 0 17 20
26 46 12 29 -14 36 0 0.00 M M 2.6 9 40 M M 0 12 20
27 59 15 37 -7 28 0 0.00 M M 3.0 13 250 M M 0 19 300
28 71 21 46 2 19 0 0.00 M M 4.6 12 260 M M 0 16 250
================================================================================
SM 1424 598 804 0 0.50 T 282.0 M 62
================================================================================
AV 50.9 21.4 10.1 FASTST M M 2 MAX(MPH)
MISC ----> 38 360 45 10
================================================================================
NOTES:
# LAST OF SEVERAL OCCURRENCES
COLUMN 17 PEAK WIND IN M.P.H.
PRELIMINARY LOCAL CLIMATOLOGICAL DATA (WS FORM: F-6) , PAGE 2
STATION: PONCA CITY
MONTH: FEBRUARY
YEAR: 2022
LATITUDE: 36 44 N
LONGITUDE: 97 6 W
[TEMPERATURE DATA] [PRECIPITATION DATA] SYMBOLS USED IN COLUMN 16
AVERAGE MONTHLY: 36.1 TOTAL FOR MONTH: 0.50 1 = FOG OR MIST
DPTR FM NORMAL: -4.0 DPTR FM NORMAL: -0.60 2 = FOG REDUCING VISIBILITY
HIGHEST: 75 ON 21,16 GRTST 24HR 0.44 ON 16-17 TO 1/4 MILE OR LESS
LOWEST: 0 ON 4 3 = THUNDER
SNOW, ICE PELLETS, HAIL 4 = ICE PELLETS
TOTAL MONTH: T 5 = HAIL
GRTST 24HR T ON 1- 1 6 = FREEZING RAIN OR DRIZZLE
GRTST DEPTH: M ON M 7 = DUSTSTORM OR SANDSTORM:
VSBY 1/2 MILE OR LESS
8 = SMOKE OR HAZE
[NO. OF DAYS WITH] [WEATHER - DAYS WITH] 9 = BLOWING SNOW
X = TORNADO
MAX 32 OR BELOW: 5 0.01 INCH OR MORE: 5
MAX 90 OR ABOVE: 0 0.10 INCH OR MORE: 1
MIN 32 OR BELOW: 23 0.50 INCH OR MORE: 0
MIN 0 OR BELOW: 1 1.00 INCH OR MORE: 0
[HDD (BASE 65) ]
TOTAL THIS MO. 804 CLEAR (SCALE 0-3) 20
DPTR FM NORMAL 106 PTCLDY (SCALE 4-7) 6
TOTAL FM JUL 1 2768 CLOUDY (SCALE 8-10) 2
DPTR FM NORMAL -400
[CDD (BASE 65) ]
TOTAL THIS MO. 0
DPTR FM NORMAL -1 [PRESSURE DATA]
TOTAL FM JAN 1 0 HIGHEST SLP 30.71 ON 25
DPTR FM NORMAL 0 LOWEST SLP 29.54 ON 21
[REMARKS]
#FINAL-02-22#