000
CXUS54 KOUN 010810
CF6PNC
PRELIMINARY LOCAL CLIMATOLOGICAL DATA (WS FORM: F-6)
STATION: PONCA CITY
MONTH: SEPTEMBER
YEAR: 2023
LATITUDE: 36 44 N
LONGITUDE: 97 6 W
TEMPERATURE IN F: :PCPN: SNOW: WIND :SUNSHINE: SKY :PK WND
================================================================================
1 2 3 4 5 6A 6B 7 8 9 10 11 12 13 14 15 16 17 18
12Z AVG MX 2MIN
DY MAX MIN AVG DEP HDD CDD WTR SNW DPTH SPD SPD DIR MIN PSBL S-S WX SPD DR
================================================================================
1 95 67 81 3 0 16 0.00 M M 9.8 16 140 M M 0 25 160
2 97 63 80 2 0 15 0.00 M M 6.9 16 160 M M 0 26 150
3 99 61 80 3 0 15 0.00 M M 8.4 18 160 M M 0 31 160
4 101 74 88 11 0 23 0.00 M M 15.1 24 160 M M 0 36 170
5 101 71 86 9 0 21 T M M 10.4 21 170 M M 0 3 34 170
6 93 63 78 2 0 13 0.00 M M 6.5 20 10 M M 0 25 10
7 98 61 80 4 0 15 0.00 M M 10.0 18 150 M M 0 27 130
8 96 66 81 5 0 16 0.00 M M 11.2 20 120 M M 0 28 80
9 93 58 76 1 0 11 0.00 M M 6.8 14 130 M M 0 20 80
10 92 59 76 1 0 11 0.00 M M 5.6 14 150 M M 0 20 150
11 73 65 69 -5 0 4 0.77 M M 5.1 13 30 M M 9 1 17 310
12 77 61 69 -5 0 4 0.01 M M 4.4 13 40 M M 7 16 40
13 80 57 69 -5 0 4 T M M 7.1 15 130 M M 3 1 20 90
14 82 66 74 1 0 9 T M M 7.3 15 120 M M 7 23 160
15 82 66 74 1 0 9 T M M 5.5 12 160 M M 8 1 17 130
16 82 60 71 -2 0 6 0.02 M M 3.1 9 350 M M 7 13 80
17 88 53 71 -1 0 6 0.00 M M 3.6 13 120 M M 1 12 18 340
18 93 61 77 5 0 12 0.00 M M 9.2 16 170 M M 1 27 220
19 79 68 74 2 0 9 0.03 0.0 M 12.8 31 160 M M 3 138 39 150
20 86 65 76 5 0 11 0.00 0.0 M 11.3 20 150 M M 0 26 160
21 87 68 78 7 0 13 T M M 10.5 18 170 M M 1 25 210
22 86 69 78 8 0 13 T M M 15.8 28 140 M M 3 3 37 150
23 95 69 82 12 0 17 0.00 M M 9.8 21 160 M M 1 29 160
24 93 59 76 6 0 11 0.00 M M 6.7 18 30 M M 1 24 40
25 92 55 74 5 0 9 0.00 M M 3.1 10 250 M M 0 15 280
26 95 56 76 7 0 11 0.00 M M 3.9 13 210 M M 0 20 200
27 97 56 77 9 0 12 0.00 M M 7.1 14 150 M M 0 20 170
28 97 69 83 15 0 18 0.00 M M 9.9 20 160 M M 0 25 180
29 96 72 84 17 0 19 0.00 M M 14.5 24 170 M M 0 34 160
30 95 72 84 17 0 19 0.00 M M 13.5 22 160 M M 0 32 170
================================================================================
SM 2720 1910 0 372 0.83 0.0 254.9 M 52
================================================================================
AV 90.7 63.7 8.5 FASTST M M 2 MAX(MPH)
MISC ----> 31 160 39 150
================================================================================
NOTES:
# LAST OF SEVERAL OCCURRENCES
COLUMN 17 PEAK WIND IN M.P.H.
PRELIMINARY LOCAL CLIMATOLOGICAL DATA (WS FORM: F-6) , PAGE 2
STATION: PONCA CITY
MONTH: SEPTEMBER
YEAR: 2023
LATITUDE: 36 44 N
LONGITUDE: 97 6 W
[TEMPERATURE DATA] [PRECIPITATION DATA] SYMBOLS USED IN COLUMN 16
AVERAGE MONTHLY: 77.2 TOTAL FOR MONTH: 0.83 1 = FOG OR MIST
DPTR FM NORMAL: 4.5 DPTR FM NORMAL: -1.91 2 = FOG REDUCING VISIBILITY
HIGHEST: 101 ON 5, 4 GRTST 24HR 0.78 ON 11-12 TO 1/4 MILE OR LESS
LOWEST: 53 ON 17 3 = THUNDER
SNOW, ICE PELLETS, HAIL 4 = ICE PELLETS
TOTAL MONTH: 0.0 INCH 5 = HAIL
GRTST 24HR 0.0 6 = FREEZING RAIN OR DRIZZLE
GRTST DEPTH: M ON M 7 = DUSTSTORM OR SANDSTORM:
VSBY 1/2 MILE OR LESS
8 = SMOKE OR HAZE
[NO. OF DAYS WITH] [WEATHER - DAYS WITH] 9 = BLOWING SNOW
X = TORNADO
MAX 32 OR BELOW: 0 0.01 INCH OR MORE: 4
MAX 90 OR ABOVE: 19 0.10 INCH OR MORE: 1
MIN 32 OR BELOW: 0 0.50 INCH OR MORE: 1
MIN 0 OR BELOW: 0 1.00 INCH OR MORE: 0
[HDD (BASE 65) ]
TOTAL THIS MO. 0 CLEAR (SCALE 0-3) 24
DPTR FM NORMAL -25 PTCLDY (SCALE 4-7) 4
TOTAL FM JUL 1 0 CLOUDY (SCALE 8-10) 2
DPTR FM NORMAL -23
[CDD (BASE 65) ]
TOTAL THIS MO. 372
DPTR FM NORMAL 116 [PRESSURE DATA]
TOTAL FM JAN 1 2108 HIGHEST SLP M ON M
DPTR FM NORMAL 233 LOWEST SLP 29.60 ON 4
[REMARKS]
#FINAL-09-23#