000
CXUS54 KMOB 010627
CF6PNS
PRELIMINARY LOCAL CLIMATOLOGICAL DATA (WS FORM: F-6)
STATION: PENSACOLA
MONTH: APRIL
YEAR: 2023
LATITUDE: 30 28 N
LONGITUDE: 87 12 W
TEMPERATURE IN F: :PCPN: SNOW: WIND :SUNSHINE: SKY :PK WND
================================================================================
1 2 3 4 5 6A 6B 7 8 9 10 11 12 13 14 15 16 17 18
12Z AVG MX 2MIN
DY MAX MIN AVG DEP HDD CDD WTR SNW DPTH SPD SPD DIR MIN PSBL S-S WX SPD DR
================================================================================
1 86 68 77 12 0 12 0.01 0.0 0 10.8 21 240 M M 6 1 27 240
2 77 64 71 6 0 6 T 0.0 0 5.4 10 140 M M 0 1 16 40
3 83 70 77 11 0 12 T 0.0 0 13.2 25 220 M M 7 13 35 230
4 81 73 77 11 0 12 0.00 0.0 0 10.7 18 150 M M 9 1 25 170
5 82 74 78 12 0 13 0.00 0.0 0 10.9 21 160 M M 9 27 150
6 84 73 79 13 0 14 0.00 0.0 0 7.1 14 140 M M 5 19 140
7 83 69 76 10 0 11 0.06 0.0 0 5.2 14 160 M M 7 12 20 140
8 75 57 66 0 0 1 0.89 0.0 0 5.5 14 30 M M 9 13 23 30
9 62 51 57 -10 8 0 0.00 0.0 0 10.2 16 70 M M 10 25 30
10 71 59 65 -2 0 0 0.03 0.0 0 9.2 17 60 M M 9 27 90
11 78 60 69 2 0 4 T 0.0 0 7.1 16 70 M M 6 8 24 70
12 74 61 68 1 0 3 0.42 0.0 0 8.2 16 90 M M 5 1 23 90
13 75 62 69 1 0 4 0.38 0.0 0 15.1 33 120 M M 6 1 50 100
14 79 60 70 2 0 5 0.00 0.0 0 7.9 20 180 M M 1 24 180
15 80 61 71 3 0 6 0.78 0.0 0 8.6 24 260 M M 3 123 45 240
16 79 61 70 2 0 5 0.37 0.0 0 9.0 18 330 M M 3 13 26 340
17 78 49 64 -4 1 0 0.00 0.0 0 8.1 17 330 M M 0 26 320
18 79 50 65 -4 0 0 0.00 0.0 0 4.1 13 180 M M 0 18 180
19 81 53 67 -2 0 2 0.00 0.0 0 5.7 17 140 M M 0 12 23 150
20 80 59 70 1 0 5 0.00 0.0 0 7.8 17 150 M M 2 12 25 150
21 81 63 72 2 0 7 0.00 0.0 0 6.7 16 200 M M 4 12 22 190
22 82 61 72 2 0 7 0.00 0.0 0 8.5 18 350 M M 1 1 26 10
23 79 55 67 -3 0 2 0.00 0.0 0 7.3 14 180 M M 1 20 160
24 79 62 71 1 0 6 0.00 0.0 0 8.6 16 20 M M 3 26 360
25 80 61 71 1 0 6 0.00 0.0 0 6.0 12 150 M M 0 18 70
26 80 66 73 2 0 8 0.00 0.0 0 8.9 15 150 M M 5 21 160
27 74 67 71 0 0 6 4.13 0.0 0 10.1 26 330 M M 9 123 40 330
28 84 67 76 5 0 11 0.00 0.0 0 9.1 21 190 M M 2 1 26 180
29 76 63 70 -2 0 5 0.27 0.0 0 6.3 18 120 M M 7 123 26 120
30 83 60 72 0 0 7 0.00 0.0 0 11.6 21 290 M M 2 39 320
================================================================================
SM 2365 1859 9 180 7.34 0.0 252.9 M 131
================================================================================
AV 78.8 62.0 8.4 FASTST M M 4 MAX(MPH)
MISC ----> 33 120 50 100
================================================================================
NOTES:
# LAST OF SEVERAL OCCURRENCES
COLUMN 17 PEAK WIND IN M.P.H.
PRELIMINARY LOCAL CLIMATOLOGICAL DATA (WS FORM: F-6) , PAGE 2
STATION: PENSACOLA
MONTH: APRIL
YEAR: 2023
LATITUDE: 30 28 N
LONGITUDE: 87 12 W
[TEMPERATURE DATA] [PRECIPITATION DATA] SYMBOLS USED IN COLUMN 16
AVERAGE MONTHLY: 70.4 TOTAL FOR MONTH: 7.34 1 = FOG OR MIST
DPTR FM NORMAL: 2.1 DPTR FM NORMAL: 1.82 2 = FOG REDUCING VISIBILITY
HIGHEST: 86 ON 1 GRTST 24HR 4.13 ON 27-27 TO 1/4 MILE OR LESS
LOWEST: 49 ON 17 3 = THUNDER
SNOW, ICE PELLETS, HAIL 4 = ICE PELLETS
TOTAL MONTH: 0.0 INCH 5 = HAIL
GRTST 24HR 0.0 6 = FREEZING RAIN OR DRIZZLE
GRTST DEPTH: 0 7 = DUSTSTORM OR SANDSTORM:
VSBY 1/2 MILE OR LESS
8 = SMOKE OR HAZE
[NO. OF DAYS WITH] [WEATHER - DAYS WITH] 9 = BLOWING SNOW
X = TORNADO
MAX 32 OR BELOW: 0 0.01 INCH OR MORE: 10
MAX 90 OR ABOVE: 0 0.10 INCH OR MORE: 7
MIN 32 OR BELOW: 0 0.50 INCH OR MORE: 3
MIN 0 OR BELOW: 0 1.00 INCH OR MORE: 1
[HDD (BASE 65) ]
TOTAL THIS MO. 9 CLEAR (SCALE 0-3) 12
DPTR FM NORMAL -26 PTCLDY (SCALE 4-7) 12
TOTAL FM JUL 1 853 CLOUDY (SCALE 8-10) 6
DPTR FM NORMAL -449
[CDD (BASE 65) ]
TOTAL THIS MO. 180
DPTR FM NORMAL 46 [PRESSURE DATA]
TOTAL FM JAN 1 502 HIGHEST SLP M ON M
DPTR FM NORMAL 282 LOWEST SLP 29.52 ON 13
[REMARKS]
#FINAL-04-23#