000
CXUS54 KMOB 011609
CF6PNS
PRELIMINARY LOCAL CLIMATOLOGICAL DATA (WS FORM: F-6)
STATION: PENSACOLA
MONTH: DECEMBER
YEAR: 2023
LATITUDE: 30 28 N
LONGITUDE: 87 12 W
TEMPERATURE IN F: :PCPN: SNOW: WIND :SUNSHINE: SKY :PK WND
================================================================================
1 2 3 4 5 6A 6B 7 8 9 10 11 12 13 14 15 16 17 18
12Z AVG MX 2MIN
DY MAX MIN AVG DEP HDD CDD WTR SNW DPTH SPD SPD DIR MIN PSBL S-S WX SPD DR
================================================================================
1 75 60 68 10 0 3 0.04 0.0 0 9.0 24 170 M M 7 1 32 160
2 71 66 69 11 0 4 2.46 0.0 0 10.0 28 130 M M 10 13 36 130
3 72 60 66 8 0 1 0.09 0.0 0 5.6 13 230 M M 5 1 17 230
4 70 52 61 4 4 0 0.00 0.0 0 6.6 16 280 M M 0 22 270
5 67 46 57 0 8 0 0.00 0.0 0 8.1 13 330 M M 0 20 320
6 60 42 51 -6 14 0 0.00 0.0 0 9.0 17 340 M M 0 25 330
7 62 40 51 -6 14 0 0.00 0.0 0 6.1 10 80 M M 1 15 100
8 67 53 60 3 5 0 T 0.0 0 7.8 15 90 M M 7 19 90
9 79 67 73 17 0 8 0.02 0.0 0 7.2 16 190 M M 9 12 21 200
10 72 44 58 2 7 0 1.41 0.0 0 10.8 29 300 M M 6 138 46 220
11 60 39 50 -6 15 0 0.00 0.0 0 8.4 20 350 M M 0 29 10
12 63 42 53 -3 12 0 0.00 0.0 0 6.5 13 30 M M 0 8 19 40
13 65 46 56 0 9 0 0.00 0.0 0 8.0 14 70 M M 0 8 22 30
14 68 50 59 3 6 0 0.00 0.0 0 8.1 15 70 M M 1 23 70
15 69 51 60 4 5 0 0.00 0.0 0 7.6 14 70 M M 2 21 50
16 62 54 58 3 7 0 0.03 0.0 0 6.7 14 330 M M 6 1 21 40
17 64 48 56 1 9 0 T 0.0 0 11.7 21 330 M M 6 18 29 350
18 66 41 54 -1 11 0 0.00 0.0 0 9.2 20 330 M M 0 23 350
19 56 39 48 -7 17 0 0.00 0.0 0 7.8 16 10 M M 0 8 25 20
20 57 42 50 -5 15 0 0.00 0.0 0 6.5 13 70 M M 0 17 90
21 63 43 53 -2 12 0 0.00 0.0 0 5.3 13 70 M M 0 18 60
22 67 50 59 4 6 0 0.00 0.0 0 6.0 13 130 M M 0 17 120
23 70 50 60 6 5 0 0.00 0.0 0 6.8 10 130 M M 0 16 130
24 65 58 62 8 3 0 0.07 0.0 0 13.8 25 120 M M 5 1 38 110
25 78 57 68 14 0 3 0.61 0.0 0 10.3 29 150 M M 5 18 40 130
26 59 47 53 -1 12 0 0.00 0.0 0 7.0 15 350 M M 4 1 21 340
27 60 45 53 -1 12 0 0.00 0.0 0 3.7 10 270 M M 1 15 270
28 60 40 50 -4 15 0 0.00 0.0 0 9.4 17 280 M M 0 25 280
29 55 35 45 -9 20 0 0.00 0.0 0 9.1 17 280 M M 0 27 250
30 58 37 48 -6 17 0 0.00 0.0 0 5.3 14 300 M M 0 19 250
31 63 35 49 -5 16 0 0.00 0.0 0 4.0 13 190 M M 0 18 17 200
================================================================================
SM 2023 1479 276 19 4.73 0.0 241.4 M 75
================================================================================
AV 65.3 47.7 7.8 FASTST M M 2 MAX(MPH)
MISC ----> # 29 300 46 220
================================================================================
NOTES:
# LAST OF SEVERAL OCCURRENCES
COLUMN 17 PEAK WIND IN M.P.H.
PRELIMINARY LOCAL CLIMATOLOGICAL DATA (WS FORM: F-6) , PAGE 2
STATION: PENSACOLA
MONTH: DECEMBER
YEAR: 2023
LATITUDE: 30 28 N
LONGITUDE: 87 12 W
[TEMPERATURE DATA] [PRECIPITATION DATA] SYMBOLS USED IN COLUMN 16
AVERAGE MONTHLY: 56.5 TOTAL FOR MONTH: 4.73 1 = FOG OR MIST
DPTR FM NORMAL: 1.0 DPTR FM NORMAL: -0.67 2 = FOG REDUCING VISIBILITY
HIGHEST: 79 ON 9 GRTST 24HR 2.47 ON 1- 2 TO 1/4 MILE OR LESS
LOWEST: 35 ON 31,29 3 = THUNDER
SNOW, ICE PELLETS, HAIL 4 = ICE PELLETS
TOTAL MONTH: 0.0 INCH 5 = HAIL
GRTST 24HR 0.0 6 = FREEZING RAIN OR DRIZZLE
GRTST DEPTH: 0 7 = DUSTSTORM OR SANDSTORM:
VSBY 1/2 MILE OR LESS
8 = SMOKE OR HAZE
[NO. OF DAYS WITH] [WEATHER - DAYS WITH] 9 = BLOWING SNOW
X = TORNADO
MAX 32 OR BELOW: 0 0.01 INCH OR MORE: 8
MAX 90 OR ABOVE: 0 0.10 INCH OR MORE: 3
MIN 32 OR BELOW: 0 0.50 INCH OR MORE: 3
MIN 0 OR BELOW: 0 1.00 INCH OR MORE: 2
[HDD (BASE 65) ]
TOTAL THIS MO. 276 CLEAR (SCALE 0-3) 20
DPTR FM NORMAL -39 PTCLDY (SCALE 4-7) 9
TOTAL FM JUL 1 435 CLOUDY (SCALE 8-10) 2
DPTR FM NORMAL -69
[CDD (BASE 65) ]
TOTAL THIS MO. 19
DPTR FM NORMAL -1 [PRESSURE DATA]
TOTAL FM JAN 1 3508 HIGHEST SLP 30.53 ON 14
DPTR FM NORMAL 566 LOWEST SLP 29.76 ON 25
[REMARKS]
#FINAL-12-23#