000
CXUS55 KALY 010710
CF6POU
PRELIMINARY LOCAL CLIMATOLOGICAL DATA (WS FORM: F-6)
STATION: POUGHKEEPSIE NY
MONTH: APRIL
YEAR: 2022
LATITUDE: 41 37 N
LONGITUDE: 73 53 W
TEMPERATURE IN F: :PCPN: SNOW: WIND :SUNSHINE: SKY :PK WND
================================================================================
1 2 3 4 5 6A 6B 7 8 9 10 11 12 13 14 15 16 17 18
12Z AVG MX 2MIN
DY MAX MIN AVG DEP HDD CDD WTR SNW DPTH SPD SPD DIR MIN PSBL S-S WX SPD DR
================================================================================
1 56 40 48 5 17 0 0.36 M M 10.4 25 280 M M 10 128 35 280
2 54 34 44 0 21 0 0.00 M M 5.9 20 290 M M 3 28 280
3 46 34 40 -4 25 0 0.25 M M 1.9 9 230 M M 7 18 12 250
4 55 31 43 -1 22 0 0.00 M M 5.0 15 330 M M 3 1 22 10
5 60 29 45 0 20 0 0.00 M M 3.6 14 180 M M 3 20 180
6 53 45 49 4 16 0 0.21 M M 6.3 15 60 M M 10 18 21 40
7 52 47 50 4 15 0 1.97 M M 7.7 23 110 M M 10 138 31 100
8 62 43 53 7 12 0 0.08 M M 4.3 17 250 M M 7 1 22 230
9 51 38 45 -1 20 0 0.25 M M 3.6 16 290 M M 8 128 22 280
10 48 33 41 -6 24 0 0.00 M M 6.2 21 310 M M 8 12 29 300
11 63 28 46 -1 19 0 0.00 M M 3.1 13 240 M M 2 17 260
12 71 44 58 10 7 0 0.17 M M 4.3 15 280 M M 4 1 22 250
13 77 38 58 10 7 0 0.00 M M 4.3 15 180 M M 2 23 210
14 85 53 69 21 0 4 0.15 M M 6.1 26 270 M M 4 38 42 270
15 69 38 54 5 11 0 0.00 M M 7.0 20 230 M M 0 29 240
16 68 41 55 6 10 0 0.34 M M 8.4 25 10 M M 6 1 33 340
17 49 32 41 -9 24 0 0.00 M M 7.2 23 300 M M 3 12 32 300
18 56 27 42 -8 23 0 0.25 M M 6.3 21 120 M M 3 1 32 120
19 49 36 43 -7 22 0 0.90 M M 10.9 24 260 M M 9 1 35 230
20 56 36 46 -5 19 0 0.00 M M 10.0 23 310 M M 3 31 300
21 62 31 47 -4 18 0 0.00 M M 5.9 21 170 M M 3 30 160
22 64 38 51 -1 14 0 0.00 M M 6.9 22 330 M M 0 28 320
23 62 36 49 -3 16 0 T M M 3.2 9 340 M M 5 11 20
24 67 44 56 4 9 0 0.00 M M 5.9 17 130 M M 2 21 120
25 63 40 52 -1 13 0 0.00 M M 5.1 15 240 M M 7 19 130
26 56 50 53 0 12 0 0.15 M M 1.6 16 30 M M 10 18 22 30
27 54 36 45 -9 20 0 0.04 M M 12.0 24 280 M M 7 18 35 270
28 55 38 47 -7 18 0 0.00 M M 13.7 26 330 M M 3 38 320
29 60 30 45 -9 20 0 0.00 M M 8.7 22 320 M M 0 30 340
30 65 30 48 -6 17 0 0.00 M M 4.1 16 20 M M 0 22 30
================================================================================
SM 1788 1120 491 4 5.12 M 189.6 M 142
================================================================================
AV 59.6 37.3 6.3 FASTST M M 5 MAX(MPH)
MISC ----> # 26 270 42 270
================================================================================
NOTES:
# LAST OF SEVERAL OCCURRENCES
COLUMN 17 PEAK WIND IN M.P.H.
PRELIMINARY LOCAL CLIMATOLOGICAL DATA (WS FORM: F-6) , PAGE 2
STATION: POUGHKEEPSIE NY
MONTH: APRIL
YEAR: 2022
LATITUDE: 41 37 N
LONGITUDE: 73 53 W
[TEMPERATURE DATA] [PRECIPITATION DATA] SYMBOLS USED IN COLUMN 16
AVERAGE MONTHLY: 48.5 TOTAL FOR MONTH: 5.12 1 = FOG OR MIST
DPTR FM NORMAL: -0.5 DPTR FM NORMAL: 1.50 2 = FOG REDUCING VISIBILITY
HIGHEST: 85 ON 14 GRTST 24HR 2.05 ON 7- 8 TO 1/4 MILE OR LESS
LOWEST: 27 ON 18 3 = THUNDER
SNOW, ICE PELLETS, HAIL 4 = ICE PELLETS
TOTAL MONTH: M 5 = HAIL
GRTST 24HR M ON M 6 = FREEZING RAIN OR DRIZZLE
GRTST DEPTH: M ON M 7 = DUSTSTORM OR SANDSTORM:
VSBY 1/2 MILE OR LESS
8 = SMOKE OR HAZE
[NO. OF DAYS WITH] [WEATHER - DAYS WITH] 9 = BLOWING SNOW
X = TORNADO
MAX 32 OR BELOW: 0 0.01 INCH OR MORE: 13
MAX 90 OR ABOVE: 0 0.10 INCH OR MORE: 11
MIN 32 OR BELOW: 8 0.50 INCH OR MORE: 2
MIN 0 OR BELOW: 0 1.00 INCH OR MORE: 1
[HDD (BASE 65) ]
TOTAL THIS MO. 491 CLEAR (SCALE 0-3) 11
DPTR FM NORMAL 7 PTCLDY (SCALE 4-7) 12
TOTAL FM JUL 1 5303 CLOUDY (SCALE 8-10) 7
DPTR FM NORMAL -450
[CDD (BASE 65) ]
TOTAL THIS MO. 4
DPTR FM NORMAL -1 [PRESSURE DATA]
TOTAL FM JAN 1 4 HIGHEST SLP M ON M
DPTR FM NORMAL -1 LOWEST SLP 29.40 ON 1
[REMARKS]
#FINAL-04-22#