000
CXUS55 KALY 010810
CF6POU
PRELIMINARY LOCAL CLIMATOLOGICAL DATA (WS FORM: F-6)
STATION: POUGHKEEPSIE NY
MONTH: DECEMBER
YEAR: 2021
LATITUDE: 41 37 N
LONGITUDE: 73 53 W
TEMPERATURE IN F: :PCPN: SNOW: WIND :SUNSHINE: SKY :PK WND
================================================================================
1 2 3 4 5 6A 6B 7 8 9 10 11 12 13 14 15 16 17 18
12Z AVG MX 2MIN
DY MAX MIN AVG DEP HDD CDD WTR SNW DPTH SPD SPD DIR MIN PSBL S-S WX SPD DR
================================================================================
1 46 32 39 3 26 0 0.00 M M 5.4 16 260 M M 4 20 230
2 54 35 45 9 20 0 0.30 M M 5.6 26 290 M M 7 138 38 300
3 46 25 36 0 29 0 T M M 9.2 20 280 M M 4 27 280
4 46 25 36 1 29 0 0.00 M M 2.0 12 240 M M 6 1 14 230
5 46 26 36 1 29 0 0.00 M M 2.9 12 150 M M 3 17 170
6 58 41 50 15 15 0 0.11 M M 4.3 35 280 M M 10 18 49 290
7 41 27 34 0 31 0 0.00 M M M M M M M 1 M M
8 38 28 33 -1 32 0 0.03 M M 2.0 8 340 M M 8 18 10 320
9 37 21 29 -5 36 0 0.00 M M 2.6 10 250 M M 5 1 14 250
10 46 30 38 4 27 0 0.00 M M 2.1 8 230 M M 7 1 11 220
11 67 34 51 18 14 0 0.28 M M 5.6 35 240 M M 9 138 46 220
12 54 28 41 8 24 0 0.00 M M 9.3 29 300 M M 2 40 300
13 54 27 41 8 24 0 0.00 M M 8.0 16 230 M M 0 M M
14 52 25 39 7 26 0 0.00 M M 2.2 15 30 M M 0 8 20 20
15 45 22 34 2 31 0 0.05 M M 0.8 7 130 M M 4 18 8 140
16 64 41 53 21 12 0 0.00 M M 2.7 12 220 M M 3 12 17 210
17 59 30 45 13 20 0 0.00 M M 8.0 18 270 M M 0 24 250
18 40 33 37 5 28 0 0.37 M M 2.3 9 30 M M 9 18 11 360
19 39 23 31 0 34 0 0.04 M M 8.0 18 10 M M 4 1 26 320
20 35 16 26 -5 39 0 0.00 M M 2.7 7 220 M M 0 11 200
21 42 21 32 1 33 0 0.00 M M 1.2 13 230 M M 1 18 16 230
22 48 31 40 9 25 0 0.19 M M 7.7 22 290 M M 6 18 31 280
23 35 24 30 0 35 0 T M M 6.7 20 340 M M 3 8 26 340
24 32 26 29 -1 36 0 0.03 M M 2.0 7 30 M M 7 18 9 120
25 40 30 35 5 30 0 0.22 M M 0.8 8 200 M M 10 128 12 200
26 48 31 40 10 25 0 0.00 M M 5.8 17 350 M M 6 12 24 310
27 33 24 29 -1 36 0 0.04 M M 2.1 10 360 M M 6 168 16 10
28 46 31 39 10 26 0 0.03 M M 4.1 17 250 M M 7 18 21 250
29 40 35 38 9 27 0 T M M 1.1 7 360 M M 10 1 9 350
30 45 39 42 13 23 0 0.01 M M 0.6 6 20 M M 10 18 6 10
31 52 39 46 17 19 0 0.11 M M 1.1 8 180 M M 10 128 11 190
================================================================================
SM 1428 900 841 0 1.81 M 118.9 M 162
================================================================================
AV 46.1 29.0 4.0 FASTST M M 5 MAX(MPH)
MISC ----> # 35 280 49 290
================================================================================
NOTES:
# LAST OF SEVERAL OCCURRENCES
COLUMN 17 PEAK WIND IN M.P.H.
PRELIMINARY LOCAL CLIMATOLOGICAL DATA (WS FORM: F-6) , PAGE 2
STATION: POUGHKEEPSIE NY
MONTH: DECEMBER
YEAR: 2021
LATITUDE: 41 37 N
LONGITUDE: 73 53 W
[TEMPERATURE DATA] [PRECIPITATION DATA] SYMBOLS USED IN COLUMN 16
AVERAGE MONTHLY: 37.5 TOTAL FOR MONTH: 1.81 1 = FOG OR MIST
DPTR FM NORMAL: 5.4 DPTR FM NORMAL: -1.58 2 = FOG REDUCING VISIBILITY
HIGHEST: 67 ON 11 GRTST 24HR 0.41 ON 18-19 TO 1/4 MILE OR LESS
LOWEST: 16 ON 20 3 = THUNDER
SNOW, ICE PELLETS, HAIL 4 = ICE PELLETS
TOTAL MONTH: M 5 = HAIL
GRTST 24HR M ON M 6 = FREEZING RAIN OR DRIZZLE
GRTST DEPTH: M ON M 7 = DUSTSTORM OR SANDSTORM:
VSBY 1/2 MILE OR LESS
8 = SMOKE OR HAZE
[NO. OF DAYS WITH] [WEATHER - DAYS WITH] 9 = BLOWING SNOW
X = TORNADO
MAX 32 OR BELOW: 1 0.01 INCH OR MORE: 14
MAX 90 OR ABOVE: 0 0.10 INCH OR MORE: 7
MIN 32 OR BELOW: 23 0.50 INCH OR MORE: 0
MIN 0 OR BELOW: 0 1.00 INCH OR MORE: 0
[HDD (BASE 65) ]
TOTAL THIS MO. 841 CLEAR (SCALE 0-3) 10
DPTR FM NORMAL -177 PTCLDY (SCALE 4-7) 13
TOTAL FM JUL 1 1834 CLOUDY (SCALE 8-10) 8
DPTR FM NORMAL -411
[CDD (BASE 65) ]
TOTAL THIS MO. 0
DPTR FM NORMAL 0 [PRESSURE DATA]
TOTAL FM JAN 1 905 HIGHEST SLP 30.68 ON 15
DPTR FM NORMAL 161 LOWEST SLP 29.44 ON 11
[REMARKS]
#FINAL-12-21#