000
CXUS56 KLOX 011155
CF6PRB
PRELIMINARY LOCAL CLIMATOLOGICAL DATA (WS FORM: F-6)
STATION: PASO ROBLES AIRPORT CA
MONTH: JUNE
YEAR: 2023
LATITUDE: 35 40 N
LONGITUDE: 120 38 W
TEMPERATURE IN F: :PCPN: SNOW: WIND :SUNSHINE: SKY :PK WND
================================================================================
1 2 3 4 5 6A 6B 7 8 9 10 11 12 13 14 15 16 17 18
12Z AVG MX 2MIN
DY MAX MIN AVG DEP HDD CDD WTR SNW DPTH SPD SPD DIR MIN PSBL S-S WX SPD DR
================================================================================
1 71 49 60 -6 5 0 0.00 M M 10.1 23 210 M M 4 27 190
2 81 47 64 -3 1 0 0.00 M M 8.1 21 200 M M 4 26 190
3 92 42 67 0 0 2 0.00 M M 5.1 20 190 M M 1 12 23 190
4 88 45 67 0 0 2 T M M 9.8 26 200 M M 0 32 200
5 64 54 59 -8 6 0 T M M 10.7 18 210 M M 9 25 210
6 60 54 57 -10 8 0 0.01 M M 7.6 14 280 M M 10 1 17 280
7 69 50 60 -8 5 0 0.00 M M 6.3 16 200 M M 7 20 200
8 81 46 64 -4 1 0 0.00 M M 7.7 21 200 M M 3 8 24 190
9 80 51 66 -2 0 1 0.00 M M 8.7 25 200 M M M 31 200
10 82 53 68 0 0 3 0.00 M M 9.6 28 210 M M 2 34 200
11 71 51 61 -7 4 0 0.00 M M 10.6 20 210 M M 5 25 200
12 70 54 62 -6 3 0 0.00 M M 8.9 20 210 M M 5 25 210
13 82 51 67 -2 0 2 0.00 M M 9.7 25 200 M M 2 30 200
14 84 50 67 -2 0 2 0.00 M M 9.9 24 200 M M 2 30 200
15 75 54 65 -4 0 0 0.00 M M 11.2 23 200 M M 4 27 200
16 82 55 69 0 0 4 0.00 M M 7.5 22 200 M M 3 26 210
17 95 50 73 4 0 8 0.00 M M 6.2 18 180 M M 0 21 190
18 84 53 69 -1 0 4 0.00 M M 9.7 22 200 M M 2 27 200
19 80 48 64 -6 1 0 0.00 M M 12.8 23 330 M M 0 29 320
20 83 44 64 -6 1 0 0.00 M M 8.8 20 330 M M 0 22 330
21 86 41 64 -6 1 0 0.00 M M 6.9 18 200 M M 0 8 23 200
22 70 46 58 -12 7 0 0.00 M M 9.6 22 210 M M 3 27 210
23 77 50 64 -7 1 0 0.00 M M 7.4 20 210 M M 4 8 23 200
24 83 46 65 -6 0 0 0.00 M M 9.5 24 210 M M 0 8 29 200
25 80 50 65 -6 0 0 0.00 M M 8.7 20 200 M M 3 23 190
26 86 52 69 -2 0 4 0.00 M M 9.3 21 320 M M 3 25 330
27 87 51 69 -2 0 4 0.00 M M 8.1 18 190 M M 3 22 310
28 88 51 70 -1 0 5 0.00 M M 7.6 20 290 M M 4 1 24 290
29 99 50 75 3 0 10 0.00 M M 5.6 17 300 M M 2 8 22 300
30 108 53 81 9 0 16 0.00 M M 5.0 18 290 M M 0 8 23 290
================================================================================
SM 2438 1491 44 67 0.01 M 256.7 M 85
================================================================================
AV 81.3 49.7 8.6 FASTST M M 3 MAX(MPH)
MISC ----> 28 210 34 200
================================================================================
NOTES:
# LAST OF SEVERAL OCCURRENCES
COLUMN 17 PEAK WIND IN M.P.H.
PRELIMINARY LOCAL CLIMATOLOGICAL DATA (WS FORM: F-6) , PAGE 2
STATION: PASO ROBLES AIRPORT CA
MONTH: JUNE
YEAR: 2023
LATITUDE: 35 40 N
LONGITUDE: 120 38 W
[TEMPERATURE DATA] [PRECIPITATION DATA] SYMBOLS USED IN COLUMN 16
AVERAGE MONTHLY: 65.5 TOTAL FOR MONTH: 0.01 1 = FOG OR MIST
DPTR FM NORMAL: -3.6 DPTR FM NORMAL: -0.03 2 = FOG REDUCING VISIBILITY
HIGHEST: 108 ON 30 GRTST 24HR 0.01 ON 5- 6 TO 1/4 MILE OR LESS
LOWEST: 41 ON 21 3 = THUNDER
SNOW, ICE PELLETS, HAIL 4 = ICE PELLETS
TOTAL MONTH: M 5 = HAIL
GRTST 24HR M ON M 6 = FREEZING RAIN OR DRIZZLE
GRTST DEPTH: M ON M 7 = DUSTSTORM OR SANDSTORM:
VSBY 1/2 MILE OR LESS
8 = SMOKE OR HAZE
[NO. OF DAYS WITH] [WEATHER - DAYS WITH] 9 = BLOWING SNOW
X = TORNADO
MAX 32 OR BELOW: 0 0.01 INCH OR MORE: 1
MAX 90 OR ABOVE: 4 0.10 INCH OR MORE: 0
MIN 32 OR BELOW: 0 0.50 INCH OR MORE: 0
MIN 0 OR BELOW: 0 1.00 INCH OR MORE: 0
[HDD (BASE 65) ]
TOTAL THIS MO. 44 CLEAR (SCALE 0-3) 16
DPTR FM NORMAL 18 PTCLDY (SCALE 4-7) 11
TOTAL FM JUL 1 2997 CLOUDY (SCALE 8-10) 3
DPTR FM NORMAL 235
[CDD (BASE 65) ]
TOTAL THIS MO. 67
DPTR FM NORMAL -83 [PRESSURE DATA]
TOTAL FM JAN 1 136 HIGHEST SLP 30.10 ON 20
DPTR FM NORMAL -77 LOWEST SLP 29.74 ON 4
[REMARKS]
#FINAL-06-23#