000
CXUS56 KLOX 011730
CLMPRB
CLIMATE REPORT
NATIONAL WEATHER SERVICE LOS ANGELES/OXNARD
930 AM PST MON JAN 01 2024
...................................
...THE PASO ROBLES AIRPORT CA CLIMATE SUMMARY FOR THE MONTH OF DECEMBER 2023...
CLIMATE NORMAL PERIOD: 1991 TO 2020
CLIMATE RECORD PERIOD: 1948 TO 2023
WEATHER OBSERVED NORMAL DEPART LAST YEAR`S
VALUE DATE(S) VALUE FROM VALUE
NORMAL
..............................................................
TEMPERATURE (F)
HIGHEST 74 12/05
LOWEST 28 12/13
12/14
12/16
AVG. MAXIMUM 64.1 60.3 3.8
AVG. MINIMUM 38.8 33.4 5.4
MEAN 51.5 46.8 4.7
DAYS MAX >= 90 0
DAYS MAX <= 32 0
DAYS MIN <= 32 9
DAYS MIN <= 0 0
PRECIPITATION (INCHES)
TOTALS 3.14 1.98 1.16
DAILY AVG. 0.13
DAYS >= .01 4
DAYS >= .10 3
DAYS >= .50 1
DAYS >= 1.00 0
GREATEST
24 HR. TOTAL 1.66 12/20 TO 12/21
STORM TOTAL 1.37
DEGREE DAYS
HEATING TOTAL 413 563 -150 455
SINCE 7/1 831 1086 -255 MM
COOLING TOTAL 0 0 0 0
SINCE 1/1 963 958 5 MM
..............................................................
WIND (MPH)
AVERAGE WIND SPEED 4.1
HIGHEST WIND SPEED/DIRECTION 28/090 DATE 12/21
HIGHEST GUST SPEED/DIRECTION 33/090 DATE 12/21
SKY COVER
POSSIBLE SUNSHINE (PERCENT) MM
AVERAGE SKY COVER 0.32
NUMBER OF DAYS FAIR 19
NUMBER OF DAYS PC 7
NUMBER OF DAYS CLOUDY 5
AVERAGE RH (PERCENT) 71
WEATHER CONDITIONS. NUMBER OF DAYS WITH
THUNDERSTORM 0 MIXED PRECIP 0
HEAVY RAIN 5 RAIN 6
LIGHT RAIN 6 FREEZING RAIN 0
LT FREEZING RAIN 0 HAIL 0
HEAVY SNOW 0 SNOW 0
LIGHT SNOW 0 SLEET 0
FOG 16 FOG W/VIS <= 1/4 MILE 5
HAZE 2
- INDICATES NEGATIVE NUMBERS.
R INDICATES RECORD WAS SET OR TIED.
MM INDICATES DATA IS MISSING.
T INDICATES TRACE AMOUNT.
$$