278
CXUS54 KFWD 010831
CF6PRX
PRELIMINARY LOCAL CLIMATOLOGICAL DATA (WS FORM: F-6)
STATION: PARIS
MONTH: FEBRUARY
YEAR: 2021
LATITUDE: 33 37 N
LONGITUDE: 95 27 W
TEMPERATURE IN F: :PCPN: SNOW: WIND :SUNSHINE: SKY :PK WND
================================================================================
1 2 3 4 5 6A 6B 7 8 9 10 11 12 13 14 15 16 17 18
12Z AVG MX 2MIN
DY MAX MIN AVG DEP HDD CDD WTR SNW DPTH SPD SPD DIR MIN PSBL S-S WX SPD DR
================================================================================
1 55 30 43 -1 22 0 0.00 M M 9.1 14 340 M M 0 M M
2 58 33 46 1 19 0 0.00 M M 5.0 10 130 M M 0 M M
3 65 34 50 5 15 0 0.00 M M 11.8 20 140 M M 0 24 150
4 67 38 53 8 12 0 0.00 M M 14.7 25 320 M M 5 33 320
5 56 30 43 -2 22 0 0.00 M M 6.6 10 150 M M 4 16 150
6 44 37 41 -4 24 0 0.14 M M 9.7 17 330 M M 10 1 M M
7 49 29 39 -7 26 0 0.00 M M 9.6 16 120 M M 5 22 120
8 56 36 46 0 19 0 0.00 M M 11.5 16 120 M M 8 1 M M
9 46 29 38 -8 27 0 M M M 10.2 15 320 M M 10 1 M M
10 33 27 30 -16 35 0 0.01 M M 11.4 16 340 M M 10 16 M M
11 28 24 26 -20 39 0 T 0.0 0 14.0 16 350 M M 10 1 20 330
12 27 22 25 -22 40 0 0.00 0.0 0 12.6 16 350 M M 10 1 M M
13 30 18 24 -23 41 0 0.00 M M 14.7 20 10 M M 9 1 31 360
14 20 9 15 -32 50 0 T M M 15.5 21 350 M M 10 1 23 360
15 13 1 7 -40 58 0 T M M 15.1 21 330 M M 6 1 30 350
16 23 -5 9 -39 56 0 0.06 M M 6.7 9 90 M M 3 M M
17 25 18 22 -26 43 0 T M M 8.4 13 80 M M 10 1 M M
18 31 19 25 -23 40 0 0.00 M M 11.8 17 340 M M 4 M M
19 36 9 23 -25 42 0 0.00 M M 5.7 12 330 M M 0 M M
20 50 17 34 -15 31 0 0.00 M M 8.5 14 180 M M 0 M M
21 64 34 49 0 16 0 0.00 M M 11.2 16 200 M M 6 23 200
22 66 30 48 -1 17 0 0.00 M M 6.3 13 220 M M 0 M M
23 76 37 57 7 8 0 0.00 0.0 M 10.6 20 200 M M 0 31 200
24 74 48 61 11 4 0 0.00 M M 11.3 18 230 M M 2 26 190
25 56 42 49 -1 16 0 1.45 M M 10.6 18 70 M M 5 13 23 80
26 52 42 47 -3 18 0 0.88 M M 4.9 20 100 M M 10 13 M M
27 61 44 53 2 12 0 0.03 M M 8.6 13 120 M M 10 12 M M
28 76 49 63 12 2 0 0.17 M M 10.2 17 340 M M 8 1 21 200
================================================================================
SM 1337 781 754 0 2.74 0.0 286.3 M 155
================================================================================
AV 47.8 27.9 10.2 FASTST M M 6 MAX(MPH)
MISC ----> 25 320 33 320
================================================================================
NOTES:
# LAST OF SEVERAL OCCURRENCES
COLUMN 17 PEAK WIND IN M.P.H.
PRELIMINARY LOCAL CLIMATOLOGICAL DATA (WS FORM: F-6) , PAGE 2
STATION: PARIS
MONTH: FEBRUARY
YEAR: 2021
LATITUDE: 33 37 N
LONGITUDE: 95 27 W
[TEMPERATURE DATA] [PRECIPITATION DATA] SYMBOLS USED IN COLUMN 16
AVERAGE MONTHLY: 37.8 TOTAL FOR MONTH: 2.74 1 = FOG OR MIST
DPTR FM NORMAL: -9.6 DPTR FM NORMAL: -0.54 2 = FOG REDUCING VISIBILITY
HIGHEST: 76 ON 28,23 GRTST 24HR 2.32 ON 25-26 TO 1/4 MILE OR LESS
LOWEST: -5 ON 16 3 = THUNDER
SNOW, ICE PELLETS, HAIL 4 = ICE PELLETS
TOTAL MONTH: 0.0 INCH 5 = HAIL
GRTST 24HR 0.0 6 = FREEZING RAIN OR DRIZZLE
GRTST DEPTH: 0 7 = DUSTSTORM OR SANDSTORM:
VSBY 1/2 MILE OR LESS
8 = SMOKE OR HAZE
[NO. OF DAYS WITH] [WEATHER - DAYS WITH] 9 = BLOWING SNOW
X = TORNADO
MAX 32 OR BELOW: 8 0.01 INCH OR MORE: 7
MAX 90 OR ABOVE: 0 0.10 INCH OR MORE: 4
MIN 32 OR BELOW: 16 0.50 INCH OR MORE: 2
MIN 0 OR BELOW: 1 1.00 INCH OR MORE: 1
[HDD (BASE 65) ]
TOTAL THIS MO. 754 CLEAR (SCALE 0-3) 9
DPTR FM NORMAL 260 PTCLDY (SCALE 4-7) 7
TOTAL FM JUL 1 2383 CLOUDY (SCALE 8-10) 12
DPTR FM NORMAL 144
[CDD (BASE 65) ]
TOTAL THIS MO. 0
DPTR FM NORMAL -2 [PRESSURE DATA]
TOTAL FM JAN 1 0 HIGHEST SLP 30.59 ON 19
DPTR FM NORMAL -1 LOWEST SLP 29.68 ON 4
[REMARKS]
#FINAL-02-21#