000
CXUS54 KFWD 010830
CF6PSN
PRELIMINARY LOCAL CLIMATOLOGICAL DATA (WS FORM: F-6)
STATION: PALESTINE
MONTH: DECEMBER
YEAR: 2021
LATITUDE: 31 46 N
LONGITUDE: 95 42 W
TEMPERATURE IN F: :PCPN: SNOW: WIND :SUNSHINE: SKY :PK WND
================================================================================
1 2 3 4 5 6A 6B 7 8 9 10 11 12 13 14 15 16 17 18
12Z AVG MX 2MIN
DY MAX MIN AVG DEP HDD CDD WTR SNW DPTH SPD SPD DIR MIN PSBL S-S WX SPD DR
================================================================================
1 75 52 64 14 1 0 0.00 M M 5.7 14 210 M M 3 1 20 210
2 79 50 65 15 0 0 0.00 M M 3.8 12 210 M M 2 12 13 210
3 73 61 67 17 0 2 0.00 M M 5.8 12 200 M M 7 1 16 180
4 75 64 70 20 0 5 0.00 M M 3.5 8 180 M M 8 1 15 190
5 75 68 72 23 0 7 0.00 M M 7.6 12 200 M M 9 22 190
6 70 41 56 7 9 0 0.11 M M 11.5 23 10 M M 5 1 31 10
7 63 39 51 2 14 0 0.00 M M 5.3 8 110 M M 5 16 100
8 66 46 56 7 9 0 0.00 M M 6.6 13 180 M M 6 1 20 180
9 77 59 68 20 0 3 0.00 M M 9.5 15 220 M M 8 12 21 220
10 82 70 76 28 0 11 0.00 M M 12.4 20 200 M M 9 1 32 180
11 75 34 55 7 10 0 0.27 M M 7.8 18 340 M M 5 3 32 300
12 59 28 44 -4 21 0 0.00 M M 3.2 9 100 M M 2 16 100
13 63 43 53 5 12 0 0.03 M M 4.4 8 140 M M 9 1 M M
14 75 63 69 22 0 4 0.02 M M 7.8 12 170 M M 10 1 18 180
15 79 70 75 28 0 10 0.00 M M 10.8 16 170 M M 9 26 M
16 79 70 75 28 0 10 0.02 M M 8.0 14 170 M M 8 1 21 170
17 77 68 73 26 0 8 0.00 M M 9.4 15 180 M M 8 22 180
18 70 43 57 10 8 0 2.01 M M 11.1 20 360 M M 9 13 25 360
19 52 36 44 -3 21 0 0.00 M M 9.0 13 10 M M 4 18 10
20 52 36 44 -2 21 0 0.11 M M 2.7 7 80 M M 7 1 M M
21 57 30 44 -2 21 0 0.00 M M 1.3 6 280 M M 5 12 M M
22 68 43 56 10 9 0 0.00 M M 8.8 14 150 M M 3 18 180
23 73 55 64 18 1 0 0.00 M M 11.2 18 190 M M 7 28 190
24 77 59 68 22 0 3 0.00 M M 13.6 24 200 M M 7 33 210
25 77 61 69 23 0 4 0.00 M M 7.0 16 190 M M 6 1 25 190
26 79 61 70 24 0 5 0.00 M M 9.8 21 200 M M 7 1 25 190
27 77 66 72 26 0 7 0.00 M M 9.2 15 210 M M 9 24 210
28 77 59 68 22 0 3 0.00 M M 7.9 16 210 M M 7 1 25 220
29 77 57 67 21 0 2 0.00 M M 5.5 12 200 M M 8 128 21 180
30 77 48 63 17 2 0 0.00 M M 1.8 6 210 M M 3 128 M M
31 79 64 72 26 0 7 0.00 M M 8.4 18 200 M M 9 18 23 200
================================================================================
SM 2234 1644 159 91 2.57 M 230.2 M 204
================================================================================
AV 72.1 53.0 7.4 FASTST M M 7 MAX(MPH)
MISC ----> 24 200 33 210
================================================================================
NOTES:
# LAST OF SEVERAL OCCURRENCES
COLUMN 17 PEAK WIND IN M.P.H.
PRELIMINARY LOCAL CLIMATOLOGICAL DATA (WS FORM: F-6) , PAGE 2
STATION: PALESTINE
MONTH: DECEMBER
YEAR: 2021
LATITUDE: 31 46 N
LONGITUDE: 95 42 W
[TEMPERATURE DATA] [PRECIPITATION DATA] SYMBOLS USED IN COLUMN 16
AVERAGE MONTHLY: 62.5 TOTAL FOR MONTH: 2.57 1 = FOG OR MIST
DPTR FM NORMAL: 15.1 DPTR FM NORMAL: -1.63 2 = FOG REDUCING VISIBILITY
HIGHEST: 82 ON 10 GRTST 24HR 2.01 ON 18-18 TO 1/4 MILE OR LESS
LOWEST: 28 ON 12 3 = THUNDER
SNOW, ICE PELLETS, HAIL 4 = ICE PELLETS
TOTAL MONTH: M 5 = HAIL
GRTST 24HR M ON M 6 = FREEZING RAIN OR DRIZZLE
GRTST DEPTH: M ON M 7 = DUSTSTORM OR SANDSTORM:
VSBY 1/2 MILE OR LESS
8 = SMOKE OR HAZE
[NO. OF DAYS WITH] [WEATHER - DAYS WITH] 9 = BLOWING SNOW
X = TORNADO
MAX 32 OR BELOW: 0 0.01 INCH OR MORE: 7
MAX 90 OR ABOVE: 0 0.10 INCH OR MORE: 4
MIN 32 OR BELOW: 2 0.50 INCH OR MORE: 1
MIN 0 OR BELOW: 0 1.00 INCH OR MORE: 1
[HDD (BASE 65) ]
TOTAL THIS MO. 159 CLEAR (SCALE 0-3) 3
DPTR FM NORMAL -392 PTCLDY (SCALE 4-7) 17
TOTAL FM JUL 1 435 CLOUDY (SCALE 8-10) 11
DPTR FM NORMAL -499
[CDD (BASE 65) ]
TOTAL THIS MO. 91
DPTR FM NORMAL 85 [PRESSURE DATA]
TOTAL FM JAN 1 2547 HIGHEST SLP M ON M
DPTR FM NORMAL 225 LOWEST SLP M ON M
[REMARKS]
#FINAL-12-21#