000
CXUS56 KSGX 011045
CF6PSP
PRELIMINARY LOCAL CLIMATOLOGICAL DATA (WS FORM: F-6)
STATION: PALM SPRINGS INTL AIRPORT CA
MONTH: SEPTEMBER
YEAR: 2023
LATITUDE: 33 49 N
LONGITUDE: 116 30 W
TEMPERATURE IN F: :PCPN: SNOW: WIND :SUNSHINE: SKY :PK WND
================================================================================
1 2 3 4 5 6A 6B 7 8 9 10 11 12 13 14 15 16 17 18
12Z AVG MX 2MIN
DY MAX MIN AVG DEP HDD CDD WTR SNW DPTH SPD SPD DIR MIN PSBL S-S WX SPD DR
================================================================================
1 101 75 88 -4 0 23 0.04 M M 9.2 38 100 M M 5 138 47 100
2 94 77 86 -6 0 21 0.00 M M 5.0 13 330 M M 5 18 110
3 97 78 88 -4 0 23 0.00 M M 10.3 29 330 M M 0 35 320
4 99 72 86 -6 0 21 0.00 M M 9.5 21 320 M M 0 78 26 320
5 98 70 84 -7 0 19 0.00 M M 7.0 16 330 M M 0 21 320
6 100 73 87 -4 0 22 0.00 M M 4.2 13 330 M M 0 15 320
7 104 77 91 0 0 26 0.00 M M 5.6 13 330 M M 0 16 120
8 108 79 94 4 0 29 0.00 M M 3.6 15 330 M M 0 25 310
9 115 85 100 10 0 35 0.00 M M 5.3 20 320 M M 0 24 320
10 108 80 94 4 0 29 T M M 10.1 28 320 M M 1 33 320
11 100 74 87 -3 0 22 T M M 5.4 16 310 M M 0 20 320
12 104 81 93 4 0 28 0.00 M M 6.8 22 330 M M 0 8 27 320
13 101 71 86 -3 0 21 0.00 M M 7.6 22 320 M M 0 8 28 320
14 103 72 88 -1 0 23 0.00 M M 6.5 22 330 M M 0 8 25 330
15 105 75 90 2 0 25 0.00 M M 7.6 17 320 M M 0 21 320
16 104 76 90 2 0 25 0.00 M M 8.3 18 320 M M 0 23 320
17 99 73 86 -2 0 21 0.00 M M 7.2 17 320 M M 0 8 22 320
18 94 70 82 -6 0 17 0.00 M M 8.0 22 320 M M 0 8 28 320
19 97 67 82 -5 0 17 0.00 M M 4.1 16 320 M M 0 8 20 320
20 89 66 78 -9 0 13 0.00 M M 10.1 23 330 M M 0 8 29 320
21 90 66 78 -8 0 13 0.00 M M 8.2 23 320 M M 0 78 30 320
22 92 67 80 -6 0 15 0.00 M M 2.9 10 340 M M 0 12 70
23 98 73 86 0 0 21 0.00 M M 5.8 18 320 M M 0 23 330
24 100 68 84 -1 0 19 0.00 M M 2.6 12 110 M M 0 17 300
25 102 70 86 1 0 21 0.00 M M 6.6 21 320 M M 0 25 310
26 104 67 86 1 0 21 0.00 M M 2.5 13 310 M M 0 17 310
27 102 71 87 3 0 22 0.00 M M 4.2 13 330 M M 0 14 320
28 100 67 84 0 0 19 0.00 M M 3.7 17 320 M M 0 21 320
29 94 66 80 -4 0 15 0.00 M M 7.2 24 320 M M 0 35 310
30 84 63 74 -9 0 9 T M M 8.6 31 320 M M 0 8 41 320
================================================================================
SM 2986 2169 0 635 0.04 M 193.7 M 11
================================================================================
AV 99.5 72.3 6.5 FASTST M M 0 MAX(MPH)
MISC ----> 38 100 47 100
================================================================================
NOTES:
# LAST OF SEVERAL OCCURRENCES
COLUMN 17 PEAK WIND IN M.P.H.
PRELIMINARY LOCAL CLIMATOLOGICAL DATA (WS FORM: F-6) , PAGE 2
STATION: PALM SPRINGS INTL AIRPORT CA
MONTH: SEPTEMBER
YEAR: 2023
LATITUDE: 33 49 N
LONGITUDE: 116 30 W
[TEMPERATURE DATA] [PRECIPITATION DATA] SYMBOLS USED IN COLUMN 16
AVERAGE MONTHLY: 85.9 TOTAL FOR MONTH: 0.04 1 = FOG OR MIST
DPTR FM NORMAL: -2.2 DPTR FM NORMAL: -0.20 2 = FOG REDUCING VISIBILITY
HIGHEST: 115 ON 9 GRTST 24HR 0.04 ON 1- 1 TO 1/4 MILE OR LESS
LOWEST: 63 ON 30 3 = THUNDER
SNOW, ICE PELLETS, HAIL 4 = ICE PELLETS
TOTAL MONTH: M 5 = HAIL
GRTST 24HR M ON M 6 = FREEZING RAIN OR DRIZZLE
GRTST DEPTH: M ON M 7 = DUSTSTORM OR SANDSTORM:
VSBY 1/2 MILE OR LESS
8 = SMOKE OR HAZE
[NO. OF DAYS WITH] [WEATHER - DAYS WITH] 9 = BLOWING SNOW
X = TORNADO
MAX 32 OR BELOW: 0 0.01 INCH OR MORE: 1
MAX 90 OR ABOVE: 28 0.10 INCH OR MORE: 0
MIN 32 OR BELOW: 0 0.50 INCH OR MORE: 0
MIN 0 OR BELOW: 0 1.00 INCH OR MORE: 0
[HDD (BASE 65) ]
TOTAL THIS MO. 0 CLEAR (SCALE 0-3) 28
DPTR FM NORMAL 0 PTCLDY (SCALE 4-7) 2
TOTAL FM JUL 1 0 CLOUDY (SCALE 8-10) 0
DPTR FM NORMAL 0
[CDD (BASE 65) ]
TOTAL THIS MO. 635
DPTR FM NORMAL -58 [PRESSURE DATA]
TOTAL FM JAN 1 3928 HIGHEST SLP 30.00 ON 2
DPTR FM NORMAL -165 LOWEST SLP 29.66 ON 29
[REMARKS]
#FINAL-09-23#