000
CXUS55 KPUB 011947
CF6PUB
PRELIMINARY LOCAL CLIMATOLOGICAL DATA (WS FORM: F-6)
STATION: PUEBLO CO
MONTH: MAY
YEAR: 2023
LATITUDE: 38 16 N
LONGITUDE: 104 31 W
TEMPERATURE IN F: :PCPN: SNOW: WIND :SUNSHINE: SKY :PK WND
================================================================================
1 2 3 4 5 6A 6B 7 8 9 10 11 12 13 14 15 16 17 18
12Z AVG MX 2MIN
DY MAX MIN AVG DEP HDD CDD WTR SNW DPTH SPD SPD DIR MIN PSBL S-S WX SPD DR
================================================================================
1 78 41 60 4 5 0 0.00 0.0 0 7.3 18 90 M M 0 26 150
2 70 46 58 2 7 0 0.00 0.0 0 8.1 21 140 M M 0 28 140
3 82 48 65 9 0 0 0.00 0.0 0 7.8 21 100 M M 0 25 100
4 82 53 68 11 0 3 T 0.0 0 8.8 24 40 M M 2 33 30
5 84 47 66 9 0 1 0.00 0.0 0 9.7 31 260 M M 0 44 260
6 83 43 63 5 2 0 0.00 0.0 0 9.0 28 250 M M 0 39 260
7 79 45 62 4 3 0 0.00 0.0 0 7.1 22 40 M M 0 27 50
8 80 42 61 3 4 0 0.04 0.0 0 7.9 25 130 M M 1 32 130
9 90 45 68 9 0 3 0.00 0.0 0 8.7 26 210 M M 0 36 220
10 82 54 68 9 0 3 0.01 0.0 0 15.7 37 140 M M 5 38 50 140
11 66 48 57 -3 8 0 0.68 T 0 17.8 32 310 M M 7 135 42 320
12 73 49 61 1 4 0 0.02 0.0 0 13.4 31 350 M M 6 42 360
13 66 52 59 -1 6 0 T 0.0 0 6.0 14 30 M M 10 17 40
14 71 53 62 1 3 0 0.14 0.0 0 8.6 31 140 M M 9 13 54 140
15 71 50 61 0 4 0 0.00 0.0 0 4.4 13 180 M M 6 19 150
16 85 47 66 5 0 1 T 0.0 0 6.1 25 360 M M 2 34 350
17 83 54 69 7 0 4 0.00 0.0 0 7.8 21 280 M M 1 29 270
18 73 57 65 3 0 0 T 0.0 0 8.2 25 360 M M 7 3 32 350
19 59 54 57 -6 8 0 0.04 0.0 0 5.4 15 350 M M 10 18 19 340
20 76 47 62 -1 3 0 0.01 0.0 0 6.4 26 300 M M 6 138 35 300
21 81 47 64 1 1 0 0.00 0.0 0 6.6 21 20 M M 0 1 28 40
22 79 47 63 -1 2 0 0.00 0.0 0 6.4 16 120 M M 0 8 21 150
23 78 55 67 3 0 2 0.00 0.0 0 8.2 25 100 M M 3 18 32 100
24 76 52 64 0 1 0 0.15 0.0 0 6.3 33 270 M M 6 138 43 270
25 79 48 64 -1 1 0 0.00 0.0 0 5.9 20 160 M M 3 38 27 170
26 81 51 66 1 0 1 0.05 0.0 0 8.5 28 110 M M 1 3 34 100
27 84 52 68 2 0 3 T 0.0 0 8.9 30 170 M M 0 39 160
28 83 52 68 2 0 3 0.00 0.0 0 7.7 20 110 M M 0 28 140
29 88 51 70 4 0 5 T 0.0 0 10.0 32 330 M M 0 3 42 330
30 84 50 67 0 0 2 T 0.0 0 8.9 26 10 M M 1 3 42 200
31 84 51 68 1 0 3 0.00 0.0 0 9.2 25 160 M M 0 34 150
================================================================================
SM 2430 1531 62 34 1.14 T 260.8 M 86
================================================================================
AV 78.4 49.4 8.4 FASTST M M 3 MAX(MPH)
MISC ----> 37 140 54 140
================================================================================
NOTES:
COLUMN 17 PEAK WIND IN M.P.H.
PRELIMINARY LOCAL CLIMATOLOGICAL DATA (WS FORM: F-6) , PAGE 2
STATION: PUEBLO CO
MONTH: MAY
YEAR: 2023
LATITUDE: 38 16 N
LONGITUDE: 104 31 W
[TEMPERATURE DATA] [PRECIPITATION DATA] SYMBOLS USED IN COLUMN 16
AVERAGE MONTHLY: 63.9 TOTAL FOR MONTH: 1.14 1 = FOG OR MIST
DPTR FM NORMAL: 2.5 DPTR FM NORMAL: -0.43 2 = FOG REDUCING VISIBILITY
HIGHEST: 90 ON 9 GRTST 24HR 0.69 ON 11-12 TO 1/4 MILE OR LESS
LOWEST: 41 ON 1 3 = THUNDER
SNOW, ICE PELLETS, HAIL 4 = ICE PELLETS
TOTAL MONTH: T 5 = HAIL
GRTST 24HR T ON 11 6 = FREEZING RAIN OR DRIZZLE
GRTST DEPTH: 0 7 = DUSTSTORM OR SANDSTORM:
VSBY 1/2 MILE OR LESS
8 = SMOKE OR HAZE
[NO. OF DAYS WITH] [WEATHER - DAYS WITH] 9 = BLOWING SNOW
X = TORNADO
MAX 32 OR BELOW: 0 0.01 INCH OR MORE: 9
MAX 90 OR ABOVE: 1 0.10 INCH OR MORE: 3
MIN 32 OR BELOW: 0 0.50 INCH OR MORE: 1
MIN 0 OR BELOW: 0 1.00 INCH OR MORE: 0
[HDD (BASE 65) ]
TOTAL THIS MO. 62 CLEAR (SCALE 0-3) 21
DPTR FM NORMAL -96 PTCLDY (SCALE 4-7) 7
TOTAL FM JUL 1 5476 CLOUDY (SCALE 8-10) 3
DPTR FM NORMAL 158
[CDD (BASE 65) ]
TOTAL THIS MO. 34
DPTR FM NORMAL -13 [PRESSURE DATA]
TOTAL FM JAN 1 35 HIGHEST SLP 30.38 ON 15
DPTR FM NORMAL -14 LOWEST SLP 29.50 ON 10
[REMARKS]
#FINAL-05-23#