000
CXUS55 KPUB 021924 RRA
CF6PUB
PRELIMINARY LOCAL CLIMATOLOGICAL DATA (WS FORM: F-6)
STATION: PUEBLO CO
MONTH: JULY
YEAR: 2021
LATITUDE: 38 16 N
LONGITUDE: 104 31 W
TEMPERATURE IN F: :PCPN: SNOW: WIND :SUNSHINE: SKY :PK WND
================================================================================
1 2 3 4 5 6A 6B 7 8 9 10 11 12 13 14 15 16 17 18
12Z AVG MX 2MIN
DY MAX MIN AVG DEP HDD CDD WTR SNW DPTH SPD SPD DIR MIN PSBL S-S WX SPD DR
================================================================================
1 88 61 75 -1 0 10 1.24 0.0 0 9.0 44 40 M M 5 13 65 40
2 84 63 74 -2 0 9 0.00 0.0 0 5.4 14 110 M M 5 1 20 100
3 92 63 78 2 0 13 T 0.0 0 6.1 23 360 M M 0 33 360
4 94 61 78 2 0 13 T 0.0 0 9.3 37 40 M M 0 49 40
5 92 59 76 -1 0 11 0.00 0.0 0 4.8 14 300 M M 0 18 300
6 89 64 77 0 0 12 0.90 0.0 0 8.6 24 320 M M 3 13 33 320
7 89 62 76 -1 0 11 0.00 0.0 0 5.4 13 140 M M 0 18 130
8 99 59 79 2 0 14 0.00 0.0 0 5.5 23 350 M M 0 32 350
9 103 62 83 6 0 18 0.02 T 0 8.2 38 350 M M 0 35 57 340
10 90 65 78 1 0 13 0.00 0.0 0 10.8 35 10 M M 2 48 360
11 87 60 74 -3 0 9 0.00 0.0 0 4.8 13 140 M M 1 17 110
12 92 57 75 -2 0 10 0.00 0.0 0 5.6 14 140 M M 0 19 130
13 96 57 77 -1 0 12 0.00 0.0 0 7.6 26 270 M M 1 36 340
14 92 61 77 -1 0 12 T 0.0 0 10.5 33 300 M M 3 43 300
15 92 57 75 -3 0 10 0.00 0.0 0 7.6 31 80 M M 0 39 80
16 94 64 79 1 0 14 T 0.0 0 10.0 31 20 M M 2 3 40 30
17 93 61 77 -1 0 12 0.10 0.0 0 7.7 32 10 M M 1 3 43 330
18 92 61 77 -1 0 12 0.00 0.0 0 6.2 31 120 M M 0 40 130
19 92 60 76 -2 0 11 0.00 0.0 0 5.7 17 130 M M 0 24 130
20 94 59 77 -1 0 12 0.00 0.0 0 9.8 23 120 M M 0 29 130
21 95 62 79 1 0 14 0.00 0.0 0 6.6 21 340 M M 0 27 10
22 99 63 81 3 0 16 0.00 0.0 0 6.3 18 310 M M 0 25 310
23 99 66 83 5 0 18 T 0.0 0 10.3 36 360 M M 1 3 49 350
24 88 66 77 -1 0 12 0.25 0.0 0 10.8 36 330 M M 3 38 48 330
25 95 64 80 2 0 15 T 0.0 0 10.5 38 70 M M 3 3 50 60
26 93 59 76 -2 0 11 0.00 0.0 0 5.8 16 140 M M 0 8 25 160
27 95 63 79 2 0 14 0.00 0.0 0 6.9 13 140 M M 0 19 140
28 101 62 82 5 0 17 0.00 0.0 0 5.8 14 110 M M 0 21 130
29 99 68 84 7 0 19 0.00 0.0 0 9.2 22 100 M M 1 29 100
30 98 63 81 4 0 16 0.00 0.0 0 8.7 35 360 M M 0 48 10
31 88 63 76 -1 0 11 2.76 0.0 0 12.8 25 30 M M 4 138 34 10
================================================================================
SM 2894 1915 0 401 5.27 T 242.3 M 35
================================================================================
AV 93.4 61.8 7.8 FASTST M M 1 MAX(MPH)
MISC ----> 44 40 65 40
================================================================================
NOTES:
# LAST OF SEVERAL OCCURRENCES
COLUMN 17 PEAK WIND IN M.P.H.
PRELIMINARY LOCAL CLIMATOLOGICAL DATA (WS FORM: F-6) , PAGE 2
STATION: PUEBLO CO
MONTH: JULY
YEAR: 2021
LATITUDE: 38 16 N
LONGITUDE: 104 31 W
[TEMPERATURE DATA] [PRECIPITATION DATA] SYMBOLS USED IN COLUMN 16
AVERAGE MONTHLY: 77.6 TOTAL FOR MONTH: 5.27 1 = FOG OR MIST
DPTR FM NORMAL: 0.4 DPTR FM NORMAL: 3.38 2 = FOG REDUCING VISIBILITY
HIGHEST: 103 ON 9 GRTST 24HR 2.76 ON 31 TO 1/4 MILE OR LESS
LOWEST: 57 ON 12,13 3 = THUNDER
SNOW, ICE PELLETS, HAIL 4 = ICE PELLETS
TOTAL MONTH: T 5 = HAIL
GRTST 24HR T ON 9 6 = FREEZING RAIN OR DRIZZLE
GRTST DEPTH: 0 7 = DUSTSTORM OR SANDSTORM:
VSBY 1/2 MILE OR LESS
8 = SMOKE OR HAZE
[NO. OF DAYS WITH] [WEATHER - DAYS WITH] 9 = BLOWING SNOW
X = TORNADO
MAX 32 OR BELOW: 0 0.01 INCH OR MORE: 6
MAX 90 OR ABOVE: 24 0.10 INCH OR MORE: 5
MIN 32 OR BELOW: 0 0.50 INCH OR MORE: 3
MIN 0 OR BELOW: 0 1.00 INCH OR MORE: 2
[HDD (BASE 65) ]
TOTAL THIS MO. 0 CLEAR (SCALE 0-3) 28
DPTR FM NORMAL -1 PTCLDY (SCALE 4-7) 3
TOTAL FM JUL 1 0 CLOUDY (SCALE 8-10) 0
DPTR FM NORMAL 0
[CDD (BASE 65) ]
TOTAL THIS MO. 401
DPTR FM NORMAL 22 [PRESSURE DATA]
TOTAL FM JAN 1 701 HIGHEST SLP 30.22 ON 31
DPTR FM NORMAL 53 LOWEST SLP 29.73 ON 8
[REMARKS]
#FINAL-07-21#