000
CXUS56 KOTX 010910
CF6PUW
PRELIMINARY LOCAL CLIMATOLOGICAL DATA (WS FORM: F-6)
STATION: PULLMAN_MOSCOW AIRPORT
MONTH: JUNE
YEAR: 2023
LATITUDE: 46 44 N
LONGITUDE: 117 7 W
TEMPERATURE IN F: :PCPN: SNOW: WIND :SUNSHINE: SKY :PK WND
================================================================================
1 2 3 4 5 6A 6B 7 8 9 10 11 12 13 14 15 16 17 18
12Z AVG MX 2MIN
DY MAX MIN AVG DEP HDD CDD WTR SNW DPTH SPD SPD DIR MIN PSBL S-S WX SPD DR
================================================================================
1 71 41 56 -2 9 0 0.00 M M 3.6 12 270 M M 1 18 270
2 75 41 58 0 7 0 0.00 M M 4.0 14 270 M M 0 17 280
3 79 44 62 4 3 0 0.00 M M 2.8 9 330 M M 1 8 14 350
4 81 51 66 8 0 1 0.00 M M 3.7 12 290 M M 0 17 280
5 79 50 65 7 0 0 0.00 M M 2.5 9 100 M M 0 18 12 100
6 85 56 71 13 0 6 0.00 M M 5.0 13 350 M M 0 8 15 350
7 87 51 69 11 0 4 0.00 M M 3.3 12 270 M M 0 14 290
8 78 61 70 12 0 5 0.09 M M 4.3 13 220 M M 6 1 18 260
9 70 56 63 5 2 0 0.14 M M 3.2 14 240 M M 7 13 19 240
10 73 53 63 4 2 0 0.11 M M 3.0 12 260 M M 6 1 15 290
11 78 49 64 5 1 0 0.00 M M 3.0 14 360 M M 1 18 340
12 82 56 69 10 0 4 0.00 M M 3.3 20 70 M M 3 3 24 80
13 84 55 70 11 0 5 0.00 M M 10.6 29 240 M M 2 38 35 230
14 66 50 58 -1 7 0 0.00 M M 13.2 23 250 M M 3 8 30 240
15 69 48 59 0 6 0 0.00 M M 6.9 15 270 M M 3 8 22 270
16 77 49 63 3 2 0 T M M 5.8 14 270 M M 1 8 23 270
17 73 54 64 4 1 0 T M M 11.6 24 250 M M 6 33 250
18 62 46 54 -6 11 0 0.00 M M 15.0 25 250 M M 2 34 240
19 57 41 49 -11 16 0 0.00 M M 6.4 17 220 M M 4 8 24 230
20 58 42 50 -10 15 0 0.01 M M 4.9 16 200 M M 7 20 290
21 67 41 54 -7 11 0 0.00 M M 3.6 9 170 M M 3 13 170
22 75 39 57 -4 8 0 0.00 M M 4.6 14 100 M M 0 17 130
23 79 38 59 -2 6 0 0.00 M M 4.8 16 270 M M 0 8 23 280
24 80 44 62 1 3 0 0.01 M M 3.6 26 200 M M 1 37 190
25 80 52 66 4 0 1 T M M 3.5 13 150 M M 2 16 160
26 80 48 64 2 1 0 0.00 M M 3.9 23 80 M M 3 3 30 80
27 77 56 67 5 0 2 T M M 3.8 14 250 M M 5 19 250
28 81 59 70 8 0 5 0.00 M M 5.2 13 90 M M 3 16 270
29 87 60 74 11 0 9 0.00 M M 4.3 12 240 M M 1 8 14 90
30 88 54 71 8 0 6 0.00 M M 2.4 12 270 M M 0 16 300
================================================================================
SM 2278 1485 111 48 0.36 M 155.8 M 71
================================================================================
AV 75.9 49.5 5.2 FASTST M M 2 MAX(MPH)
MISC ----> 29 240 37 190
================================================================================
NOTES:
# LAST OF SEVERAL OCCURRENCES
COLUMN 17 PEAK WIND IN M.P.H.
PRELIMINARY LOCAL CLIMATOLOGICAL DATA (WS FORM: F-6) , PAGE 2
STATION: PULLMAN_MOSCOW AIRPORT
MONTH: JUNE
YEAR: 2023
LATITUDE: 46 44 N
LONGITUDE: 117 7 W
[TEMPERATURE DATA] [PRECIPITATION DATA] SYMBOLS USED IN COLUMN 16
AVERAGE MONTHLY: 62.7 TOTAL FOR MONTH: 0.36 1 = FOG OR MIST
DPTR FM NORMAL: 2.9 DPTR FM NORMAL: -0.81 2 = FOG REDUCING VISIBILITY
HIGHEST: 88 ON 30 GRTST 24HR 0.23 ON 8- 9 TO 1/4 MILE OR LESS
LOWEST: 38 ON 23 3 = THUNDER
SNOW, ICE PELLETS, HAIL 4 = ICE PELLETS
TOTAL MONTH: M 5 = HAIL
GRTST 24HR M ON M 6 = FREEZING RAIN OR DRIZZLE
GRTST DEPTH: M ON M 7 = DUSTSTORM OR SANDSTORM:
VSBY 1/2 MILE OR LESS
8 = SMOKE OR HAZE
[NO. OF DAYS WITH] [WEATHER - DAYS WITH] 9 = BLOWING SNOW
X = TORNADO
MAX 32 OR BELOW: 0 0.01 INCH OR MORE: 5
MAX 90 OR ABOVE: 0 0.10 INCH OR MORE: 2
MIN 32 OR BELOW: 0 0.50 INCH OR MORE: 0
MIN 0 OR BELOW: 0 1.00 INCH OR MORE: 0
[HDD (BASE 65) ]
TOTAL THIS MO. 111 CLEAR (SCALE 0-3) 20
DPTR FM NORMAL -68 PTCLDY (SCALE 4-7) 10
TOTAL FM JUL 1 6295 CLOUDY (SCALE 8-10) 0
DPTR FM NORMAL 41
[CDD (BASE 65) ]
TOTAL THIS MO. 48
DPTR FM NORMAL 25 [PRESSURE DATA]
TOTAL FM JAN 1 76 HIGHEST SLP M ON M
DPTR FM NORMAL 45 LOWEST SLP 29.68 ON 13
[REMARKS]
#FINAL-06-23#