157
CXUS51 KBOX 011513
CF6PVD
PRELIMINARY LOCAL CLIMATOLOGICAL DATA (WS FORM: F-6)
STATION: PROVIDENCE RI
MONTH: AUGUST
YEAR: 2020
LATITUDE: 41 43 N
LONGITUDE: 71 26 W
TEMPERATURE IN F: :PCPN: SNOW: WIND :SUNSHINE: SKY :PK WND
================================================================================
1 2 3 4 5 6A 6B 7 8 9 10 11 12 13 14 15 16 17 18
12Z AVG MX 2MIN
DY MAX MIN AVG DEP HDD CDD WTR SNW DPTH SPD SPD DIR MIN PSBL S-S WX SPD DR
================================================================================
1 91 66 79 5 0 14 0.00 0.0 0 5.7 16 180 M M 3 24 120
2 85 69 77 3 0 12 T 0.0 0 10.8 22 170 M M 7 29 160
3 94 77 86 12 0 21 0.00 0.0 0 11.5 25 240 M M 3 1 34 220
4 86 72 79 5 0 14 0.19 0.0 0 15.0 41 140 M M 6 1 59 190
5 92 70 81 7 0 16 0.00 0.0 0 9.8 22 200 M M 2 28 200
6 83 66 75 1 0 10 0.00 0.0 0 4.9 15 190 M M 5 20 140
7 82 67 75 2 0 10 T 0.0 0 5.2 13 150 M M 5 18 90
8 86 67 77 4 0 12 0.00 0.0 0 7.8 16 190 M M 4 19 130
9 89 67 78 5 0 13 0.00 0.0 0 9.4 21 150 M M 5 25 150
10 93 71 82 9 0 17 0.00 0.0 0 8.1 18 210 M M 5 25 210
11 93 73 83 10 0 18 0.00 0.0 0 9.4 21 210 M M 6 38 170
12 92 74 83 10 0 18 0.01 0.0 0 8.2 17 150 M M 7 1 21 160
13 87 72 80 7 0 15 T 0.0 0 5.3 12 180 M M 8 19 150
14 90 67 79 6 0 14 0.00 0.0 0 8.4 17 70 M M 4 28 80
15 75 67 71 -2 0 6 T 0.0 0 14.1 24 40 M M 8 1 31 20
16 71 64 68 -5 0 3 0.36 0.0 0 11.7 18 50 M M 10 1 27 60
17 80 63 72 0 0 7 0.01 0.0 0 9.6 20 10 M M 7 1 24 10
18 85 66 76 4 0 11 0.13 0.0 0 7.1 16 250 M M 4 13 22 260
19 78 60 69 -3 0 4 T 0.0 0 5.0 17 220 M M 5 24 210
20 82 59 71 -1 0 6 0.00 0.0 0 7.2 20 160 M M 3 24 160
21 89 63 76 4 0 11 0.00 0.0 0 9.0 20 240 M M 6 25 220
22 90 68 79 7 0 14 0.38 0.0 0 5.6 22 40 M M 5 13 31 40
23 89 65 77 5 0 12 0.00 0.0 0 6.0 25 40 M M 3 1 29 40
24 86 70 78 7 0 13 0.46 0.0 0 6.8 17 160 M M 5 138 22 150
25 91 70 81 10 0 16 T 0.0 0 8.5 25 300 M M 4 13 33 300
26 78 62 70 -1 0 5 0.00 0.0 0 10.6 18 280 M M 3 26 360
27 75 60 68 -3 0 3 0.10 0.0 0 6.3 23 40 M M 8 13 36 50
28 84 64 74 3 0 9 0.00 0.0 0 5.3 16 300 M M 7 12 23 300
29 78 66 72 2 0 7 0.07 0.0 0 8.2 17 190 M M 8 1 22 190
30 82 58 70 0 0 5 0.00 0.0 0 11.4 22 350 M M 2 31 320
31 75 54 65 -5 0 0 0.00 0.0 0 5.5 15 180 M M 4 20 120
================================================================================
SM 2631 2057 0 336 1.71 0.0 257.4 M 162
================================================================================
AV 84.9 66.4 8.3 FASTST M M 5 MAX(MPH)
MISC ----> # 41 140 # 59 190
================================================================================
NOTES:
# LAST OF SEVERAL OCCURRENCES
COLUMN 17 PEAK WIND IN M.P.H.
PRELIMINARY LOCAL CLIMATOLOGICAL DATA (WS FORM: F-6) , PAGE 2
STATION: PROVIDENCE RI
MONTH: AUGUST
YEAR: 2020
LATITUDE: 41 43 N
LONGITUDE: 71 26 W
[TEMPERATURE DATA] [PRECIPITATION DATA] SYMBOLS USED IN COLUMN 16
AVERAGE MONTHLY: 75.6 TOTAL FOR MONTH: 1.71 1 = FOG OR MIST
DPTR FM NORMAL: 3.3 DPTR FM NORMAL: -1.89 2 = FOG REDUCING VISIBILITY
HIGHEST: 94 ON 3 GRTST 24HR 0.46 ON 24-24 TO 1/4 MILE OR LESS
LOWEST: 54 ON 31 3 = THUNDER
SNOW, ICE PELLETS, HAIL 4 = ICE PELLETS
TOTAL MONTH: 0.0 INCH 5 = HAIL
GRTST 24HR 0.0 6 = FREEZING RAIN OR DRIZZLE
GRTST DEPTH: 0 7 = DUSTSTORM OR SANDSTORM:
VSBY 1/2 MILE OR LESS
8 = SMOKE OR HAZE
[NO. OF DAYS WITH] [WEATHER - DAYS WITH] 9 = BLOWING SNOW
X = TORNADO
MAX 32 OR BELOW: 0 0.01 INCH OR MORE: 9
MAX 90 OR ABOVE: 9 0.10 INCH OR MORE: 6
MIN 32 OR BELOW: 0 0.50 INCH OR MORE: 0
MIN 0 OR BELOW: 0 1.00 INCH OR MORE: 0
[HDD (BASE 65) ]
TOTAL THIS MO. 0 CLEAR (SCALE 0-3) 5
DPTR FM NORMAL -6 PTCLDY (SCALE 4-7) 25
TOTAL FM JUL 1 0 CLOUDY (SCALE 8-10) 1
DPTR FM NORMAL -9
[CDD (BASE 65) ]
TOTAL THIS MO. 336
DPTR FM NORMAL 104 [PRESSURE DATA]
TOTAL FM JAN 1 938 HIGHEST SLP 30.19 ON 7
DPTR FM NORMAL 282 LOWEST SLP 29.43 ON 29
[REMARKS]
#FINAL-08-20#