000
CXUS54 KOUN 010810
CF6PWA
PRELIMINARY LOCAL CLIMATOLOGICAL DATA (WS FORM: F-6)
STATION: BETHANY/WILEY POST
MONTH: AUGUST
YEAR: 2022
LATITUDE: 35 31 N
LONGITUDE: 97 38 W
TEMPERATURE IN F: :PCPN: SNOW: WIND :SUNSHINE: SKY :PK WND
================================================================================
1 2 3 4 5 6A 6B 7 8 9 10 11 12 13 14 15 16 17 18
12Z AVG MX 2MIN
DY MAX MIN AVG DEP HDD CDD WTR SNW DPTH SPD SPD DIR MIN PSBL S-S WX SPD DR
================================================================================
1 96 79 88 3 0 23 T M M 15.7 25 210 M M 2 32 210
2 104 77 91 6 0 26 0.00 M M 15.5 22 200 M M 0 29 210
3 106 80 93 9 0 28 0.00 M M 16.5 25 200 M M 0 32 200
4 100 84 92 8 0 27 0.00 M M 14.4 24 120 M M 2 29 130
5 103 76 90 6 0 25 0.19 M M 12.0 17 160 M M 4 3 23 170
6 103 79 91 7 0 26 0.00 M M 15.1 21 180 M M 1 27 150
7 101 77 89 5 0 24 0.00 M M 13.9 20 190 M M 0 24 190
8 101 79 90 6 0 25 0.00 M M 10.4 18 210 M M 1 23 200
9 100 74 87 3 0 22 0.10 M M 8.0 31 290 M M 2 3 39 300
10 99 71 85 1 0 20 0.00 M M 5.0 15 10 M M 0 22 10
11 98 70 84 0 0 19 0.00 M M 6.3 14 70 M M 0 8 18 20
12 97 71 84 1 0 19 0.00 M M 7.0 15 180 M M 0 18 110
13 99 76 88 5 0 23 0.00 M M 9.4 16 140 M M 1 22 170
14 100 74 87 4 0 22 0.00 M M 10.1 17 200 M M 0 21 170
15 101 75 88 5 0 23 0.00 M M 10.5 17 180 M M 1 23 200
16 105 76 91 8 0 26 0.03 M M 11.3 21 10 M M 2 3 29 200
17 79 71 75 -7 0 10 0.00 M M 11.1 21 360 M M 8 26 360
18 89 68 79 -3 0 14 0.00 M M 7.7 18 60 M M 4 21 70
19 94 63 79 -3 0 14 0.00 M M 8.0 15 180 M M 0 21 130
20 96 70 83 1 0 18 T M M 8.6 29 200 M M 1 35 200
21 77 71 74 -8 0 9 0.17 M M 3.6 13 180 M M 8 1 15 180
22 93 71 82 0 0 17 0.00 M M 9.0 18 40 M M 4 18 26 60
23 89 68 79 -2 0 14 0.00 M M 6.2 15 40 M M 6 19 40
24 94 67 81 0 0 16 0.00 M M 5.9 15 80 M M 1 18 80
25 96 66 81 0 0 16 0.00 M M 5.3 15 60 M M 0 19 50
26 96 66 81 0 0 16 0.00 M M 5.7 14 190 M M 1 18 170
27 97 73 85 5 0 20 0.00 M M 12.2 24 160 M M 1 29 160
28 102 69 86 6 0 21 1.58 M M 16.1 30 140 M M 5 13 41 40
29 93 67 80 0 0 15 1.35 M M 9.5 21 150 M M 2 3 25 140
30 94 66 80 0 0 15 0.00 M M 6.6 15 60 M M 1 20 30
31 95 73 84 5 0 19 0.00 M M 7.1 17 40 M M 0 20 80
================================================================================
SM 2997 2247 0 612 3.42 M 303.7 M 58
================================================================================
AV 96.7 72.5 9.8 FASTST M M 2 MAX(MPH)
MISC ----> 31 290 41 40
================================================================================
NOTES:
# LAST OF SEVERAL OCCURRENCES
COLUMN 17 PEAK WIND IN M.P.H.
PRELIMINARY LOCAL CLIMATOLOGICAL DATA (WS FORM: F-6) , PAGE 2
STATION: BETHANY/WILEY POST
MONTH: AUGUST
YEAR: 2022
LATITUDE: 35 31 N
LONGITUDE: 97 38 W
[TEMPERATURE DATA] [PRECIPITATION DATA] SYMBOLS USED IN COLUMN 16
AVERAGE MONTHLY: 84.6 TOTAL FOR MONTH: 3.42 1 = FOG OR MIST
DPTR FM NORMAL: 2.1 DPTR FM NORMAL: -0.07 2 = FOG REDUCING VISIBILITY
HIGHEST: 106 ON 3 GRTST 24HR 2.92 ON 28-29 TO 1/4 MILE OR LESS
LOWEST: 63 ON 19 3 = THUNDER
SNOW, ICE PELLETS, HAIL 4 = ICE PELLETS
TOTAL MONTH: M 5 = HAIL
GRTST 24HR M ON M 6 = FREEZING RAIN OR DRIZZLE
GRTST DEPTH: M ON M 7 = DUSTSTORM OR SANDSTORM:
VSBY 1/2 MILE OR LESS
8 = SMOKE OR HAZE
[NO. OF DAYS WITH] [WEATHER - DAYS WITH] 9 = BLOWING SNOW
X = TORNADO
MAX 32 OR BELOW: 0 0.01 INCH OR MORE: 6
MAX 90 OR ABOVE: 27 0.10 INCH OR MORE: 5
MIN 32 OR BELOW: 0 0.50 INCH OR MORE: 2
MIN 0 OR BELOW: 0 1.00 INCH OR MORE: 2
[HDD (BASE 65) ]
TOTAL THIS MO. 0 CLEAR (SCALE 0-3) 24
DPTR FM NORMAL 0 PTCLDY (SCALE 4-7) 6
TOTAL FM JUL 1 0 CLOUDY (SCALE 8-10) 1
DPTR FM NORMAL 0
[CDD (BASE 65) ]
TOTAL THIS MO. 612
DPTR FM NORMAL 71 [PRESSURE DATA]
TOTAL FM JAN 1 2298 HIGHEST SLP M ON M
DPTR FM NORMAL 509 LOWEST SLP 29.64 ON 28
[REMARKS]
#FINAL-08-22#