000
CXUS56 KSGX 011145
CF6RAL
PRELIMINARY LOCAL CLIMATOLOGICAL DATA (WS FORM: F-6)
STATION: RIVERSIDE MUNI AIRPORT CA
MONTH: JANUARY
YEAR: 2023
LATITUDE: 33 57 N
LONGITUDE: 117 27 W
TEMPERATURE IN F: :PCPN: SNOW: WIND :SUNSHINE: SKY :PK WND
================================================================================
1 2 3 4 5 6A 6B 7 8 9 10 11 12 13 14 15 16 17 18
12Z AVG MX 2MIN
DY MAX MIN AVG DEP HDD CDD WTR SNW DPTH SPD SPD DIR MIN PSBL S-S WX SPD DR
================================================================================
1 58 44 51 -4 14 0 0.20 M M 8.1 21 240 M M 6 1 27 250
2 56 40 48 -7 17 0 0.04 M M 3.2 13 260 M M 4 16 280
3 57 48 53 -2 12 0 0.08 M M 2.9 9 100 M M 9 1 11 120
4 62 52 57 2 8 0 0.03 M M 3.0 12 100 M M 8 18 15 110
5 61 48 55 0 10 0 0.42 M M 6.7 21 260 M M 9 18 27 260
6 65 43 54 -1 11 0 0.00 M M 2.5 13 50 M M 2 12 19 30
7 68 41 55 0 10 0 0.00 M M 2.3 7 230 M M 0 8 280
8 67 42 55 -1 10 0 0.00 M M 1.7 8 270 M M 4 11 300
9 60 52 56 0 9 0 T M M 3.9 23 130 M M 10 30 150
10 62 48 55 -1 10 0 0.23 M M 6.4 26 260 M M 8 18 32 240
11 58 42 50 -6 15 0 0.00 M M 2.6 10 270 M M 0 13 270
12 68 44 56 0 9 0 0.00 M M 6.5 13 70 M M 0 17 60
13 66 42 54 -2 11 0 0.00 M M 2.8 12 270 M M 0 13 280
14 54 45 50 -6 15 0 1.12 M M 3.3 16 260 M M 7 1 22 260
15 55 48 52 -4 13 0 0.59 M M 4.8 20 260 M M 9 18 26 240
16 58 47 53 -3 12 0 0.31 M M 9.5 21 260 M M 9 1 26 260
17 56 41 49 -7 16 0 T M M 2.5 15 250 M M 4 18 250
18 57 36 47 -9 18 0 0.00 M M 2.3 7 280 M M 0 10 230
19 58 37 48 -8 17 0 T M M 4.7 15 270 M M 3 1 19 270
20 60 37 49 -7 16 0 0.00 M M 8.0 20 10 M M 1 128 30 20
21 65 36 51 -5 14 0 0.00 M M 3.8 13 10 M M 0 19 40
22 62 35 49 -7 16 0 0.00 M M 5.7 23 20 M M 0 36 20
23 62 47 55 -1 10 0 0.00 M M 13.2 26 30 M M 0 40 20
24 70 42 56 0 9 0 0.00 M M 6.4 17 30 M M 0 24 20
25 70 38 54 -2 11 0 0.00 M M 9.1 21 360 M M 0 31 10
26 65 46 56 0 9 0 0.00 M M 9.3 23 20 M M 0 37 30
27 68 36 52 -4 13 0 0.00 M M 3.1 9 270 M M 0 12 280
28 62 37 50 -6 15 0 T M M 3.2 8 270 M M 1 10 270
29 56 46 51 -5 14 0 0.03 M M 4.4 21 270 M M 10 24 270
30 59 43 51 -5 14 0 0.04 M M 5.6 18 10 M M 9 32 20
31 60 49 55 -1 10 0 0.00 M M 13.4 25 30 M M 0 41 30
================================================================================
SM 1905 1332 388 0 3.09 M 164.9 M 113
================================================================================
AV 61.5 43.0 5.3 FASTST M M 4 MAX(MPH)
MISC ----> # 26 260 41 30
================================================================================
NOTES:
# LAST OF SEVERAL OCCURRENCES
COLUMN 17 PEAK WIND IN M.P.H.
PRELIMINARY LOCAL CLIMATOLOGICAL DATA (WS FORM: F-6) , PAGE 2
STATION: RIVERSIDE MUNI AIRPORT CA
MONTH: JANUARY
YEAR: 2023
LATITUDE: 33 57 N
LONGITUDE: 117 27 W
[TEMPERATURE DATA] [PRECIPITATION DATA] SYMBOLS USED IN COLUMN 16
AVERAGE MONTHLY: 52.2 TOTAL FOR MONTH: 3.09 1 = FOG OR MIST
DPTR FM NORMAL: -3.4 DPTR FM NORMAL: 0.80 2 = FOG REDUCING VISIBILITY
HIGHEST: 70 ON 25,24 GRTST 24HR 1.56 ON 15-16 TO 1/4 MILE OR LESS
LOWEST: 35 ON 22 3 = THUNDER
SNOW, ICE PELLETS, HAIL 4 = ICE PELLETS
TOTAL MONTH: M 5 = HAIL
GRTST 24HR M ON M 6 = FREEZING RAIN OR DRIZZLE
GRTST DEPTH: M ON M 7 = DUSTSTORM OR SANDSTORM:
VSBY 1/2 MILE OR LESS
8 = SMOKE OR HAZE
[NO. OF DAYS WITH] [WEATHER - DAYS WITH] 9 = BLOWING SNOW
X = TORNADO
MAX 32 OR BELOW: 0 0.01 INCH OR MORE: 11
MAX 90 OR ABOVE: 0 0.10 INCH OR MORE: 6
MIN 32 OR BELOW: 0 0.50 INCH OR MORE: 2
MIN 0 OR BELOW: 0 1.00 INCH OR MORE: 1
[HDD (BASE 65) ]
TOTAL THIS MO. 388 CLEAR (SCALE 0-3) 16
DPTR FM NORMAL 92 PTCLDY (SCALE 4-7) 6
TOTAL FM JUL 1 929 CLOUDY (SCALE 8-10) 9
DPTR FM NORMAL 131
[CDD (BASE 65) ]
TOTAL THIS MO. 0
DPTR FM NORMAL -6 [PRESSURE DATA]
TOTAL FM JAN 1 0 HIGHEST SLP 30.38 ON 26
DPTR FM NORMAL -6 LOWEST SLP 29.65 ON 16
[REMARKS]
#FINAL-01-23#