000
CXUS56 KSGX 011045
CF6RAL
PRELIMINARY LOCAL CLIMATOLOGICAL DATA (WS FORM: F-6)
STATION: RIVERSIDE MUNI AIRPORT CA
MONTH: JUNE
YEAR: 2021
LATITUDE: 33 57 N
LONGITUDE: 117 27 W
TEMPERATURE IN F: :PCPN: SNOW: WIND :SUNSHINE: SKY :PK WND
================================================================================
1 2 3 4 5 6A 6B 7 8 9 10 11 12 13 14 15 16 17 18
12Z AVG MX 2MIN
DY MAX MIN AVG DEP HDD CDD WTR SNW DPTH SPD SPD DIR MIN PSBL S-S WX SPD DR
================================================================================
1 92 57 75 5 0 10 0.00 M M 6.5 20 270 M M 2 18 24 270
2 90 59 75 5 0 10 0.00 M M 6.8 18 270 M M 0 18 24 270
3 90 59 75 5 0 10 0.00 M M 6.6 18 270 M M 2 18 24 270
4 88 59 74 4 0 9 0.00 M M 5.9 18 270 M M 0 23 280
5 87 56 72 1 0 7 0.00 M M 6.9 18 270 M M 0 24 270
6 80 56 68 -3 0 3 0.00 M M 7.2 20 270 M M 3 8 25 270
7 72 56 64 -7 1 0 0.00 M M 6.5 20 270 M M 6 8 24 270
8 79 55 67 -4 0 2 0.00 M M 7.1 17 270 M M 4 22 270
9 82 56 69 -3 0 4 0.00 M M 5.8 26 270 M M 0 32 270
10 82 53 68 -4 0 3 0.00 M M 5.9 18 270 M M 0 24 270
11 89 54 72 0 0 7 0.00 M M 5.8 20 270 M M 0 24 270
12 94 58 76 4 0 11 0.00 M M 5.9 22 270 M M 0 26 270
13 96 58 77 5 0 12 0.00 M M 5.5 18 270 M M 0 23 270
14 100 61 81 8 0 16 0.00 M M 5.6 17 260 M M 0 24 260
15 104 66 85 12 0 20 0.00 M M 4.0 14 280 M M 0 19 270
16 96 69 83 10 0 18 0.00 M M 4.9 17 270 M M 0 21 270
17 98 68 83 10 0 18 0.00 M M 6.2 17 250 M M 0 23 270
18 93 67 80 6 0 15 T M M 7.1 20 270 M M 1 22 270
19 93 64 79 5 0 14 0.00 M M 6.5 17 270 M M 0 23 270
20 91 63 77 3 0 12 0.00 M M 6.5 18 270 M M 0 25 270
21 94 59 77 3 0 12 0.00 M M 5.8 18 270 M M 0 18 24 290
22 91 60 76 2 0 11 0.00 M M 5.9 18 240 M M 0 23 280
23 92 64 78 3 0 13 0.02 M M 7.7 20 270 M M 3 3 24 270
24 88 61 75 0 0 10 0.00 M M 8.1 20 270 M M 1 24 270
25 88 59 74 -1 0 9 0.00 M M 4.8 18 270 M M 0 24 250
26 96 62 79 4 0 14 0.00 M M 4.9 18 270 M M 0 23 260
27 98 66 82 6 0 17 0.00 M M 6.2 22 270 M M 0 26 270
28 99 65 82 6 0 17 0.00 M M 6.4 21 270 M M 0 26 280
29 90 64 77 1 0 12 T M M 6.6 17 270 M M 0 22 280
30 93 63 78 2 0 13 0.00 M M 7.0 21 270 M M 0 24 270
================================================================================
SM 2725 1817 1 329 0.02 M 186.6 M 22
================================================================================
AV 90.8 60.6 6.2 FASTST M M 1 MAX(MPH)
MISC ----> 26 270 32 270
================================================================================
NOTES:
# LAST OF SEVERAL OCCURRENCES
COLUMN 17 PEAK WIND IN M.P.H.
PRELIMINARY LOCAL CLIMATOLOGICAL DATA (WS FORM: F-6) , PAGE 2
STATION: RIVERSIDE MUNI AIRPORT CA
MONTH: JUNE
YEAR: 2021
LATITUDE: 33 57 N
LONGITUDE: 117 27 W
[TEMPERATURE DATA] [PRECIPITATION DATA] SYMBOLS USED IN COLUMN 16
AVERAGE MONTHLY: 75.7 TOTAL FOR MONTH: 0.02 1 = FOG OR MIST
DPTR FM NORMAL: 2.7 DPTR FM NORMAL: -0.02 2 = FOG REDUCING VISIBILITY
HIGHEST: 104 ON 15 GRTST 24HR 0.02 ON 23-23 TO 1/4 MILE OR LESS
LOWEST: 53 ON 10 3 = THUNDER
SNOW, ICE PELLETS, HAIL 4 = ICE PELLETS
TOTAL MONTH: M 5 = HAIL
GRTST 24HR M ON M 6 = FREEZING RAIN OR DRIZZLE
GRTST DEPTH: M ON M 7 = DUSTSTORM OR SANDSTORM:
VSBY 1/2 MILE OR LESS
8 = SMOKE OR HAZE
[NO. OF DAYS WITH] [WEATHER - DAYS WITH] 9 = BLOWING SNOW
X = TORNADO
MAX 32 OR BELOW: 0 0.01 INCH OR MORE: 1
MAX 90 OR ABOVE: 20 0.10 INCH OR MORE: 0
MIN 32 OR BELOW: 0 0.50 INCH OR MORE: 0
MIN 0 OR BELOW: 0 1.00 INCH OR MORE: 0
[HDD (BASE 65) ]
TOTAL THIS MO. 1 CLEAR (SCALE 0-3) 28
DPTR FM NORMAL -1 PTCLDY (SCALE 4-7) 2
TOTAL FM JUL 1 1195 CLOUDY (SCALE 8-10) 0
DPTR FM NORMAL -190
[CDD (BASE 65) ]
TOTAL THIS MO. 329
DPTR FM NORMAL 87 [PRESSURE DATA]
TOTAL FM JAN 1 511 HIGHEST SLP 30.07 ON 10
DPTR FM NORMAL 76 LOWEST SLP 29.60 ON 28
[REMARKS]
#FINAL-06-21#