000
CXUS53 KUNR 010930
CF6RAP
PRELIMINARY LOCAL CLIMATOLOGICAL DATA (WS FORM: F-6)
STATION: RAPID CITY AIRPORT SD
MONTH: MARCH
YEAR: 2023
LATITUDE: 44 2 N
LONGITUDE: 103 4 W
TEMPERATURE IN F: :PCPN: SNOW: WIND :SUNSHINE: SKY :PK WND
================================================================================
1 2 3 4 5 6A 6B 7 8 9 10 11 12 13 14 15 16 17 18
12Z AVG MX 2MIN
DY MAX MIN AVG DEP HDD CDD WTR SNW DPTH SPD SPD DIR MIN PSBL S-S WX SPD DR
================================================================================
1 33 20 27 -3 38 0 0.00 M M 11.5 22 290 M M 6 29 280
2 43 17 30 0 35 0 0.00 M M 5.7 16 140 M M 1 1 20 160
3 45 26 36 6 29 0 0.09 M M 8.3 23 330 M M 8 1 31 320
4 38 10 24 -7 41 0 0.01 M M 7.6 20 180 M M 3 12 27 180
5 40 21 31 0 34 0 0.26 M M 10.5 21 330 M M 8 12 27 360
6 27 16 22 -10 43 0 0.11 M M 9.8 21 350 M M 10 12 26 10
7 18 12 15 -17 50 0 0.03 M M 5.9 13 120 M M 10 1 17 140
8 19 13 16 -16 49 0 0.07 M M 7.5 14 120 M M 10 16 19 110
9 22 7 15 -18 50 0 0.13 M M 3.7 13 360 M M 8 1 14 360
10 34 10 22 -11 43 0 0.00 M M 13.7 29 170 M M 7 35 170
11 38 17 28 -6 37 0 T M M 19.2 37 340 M M 3 47 340
12 24 6 15 -19 50 0 T M M 14.9 28 330 M M 3 39 340
13 37 7 22 -12 43 0 0.00 M M 12.2 22 150 M M 3 28 150
14 59 22 41 6 24 0 0.00 M M 4.0 15 50 M M 0 17 40
15 66 25 46 11 19 0 T M M 16.5 46 330 M M 1 1 58 330
16 37 24 31 -5 34 0 T M M 18.9 31 350 M M 7 16 40 350
17 30 12 21 -15 44 0 T M M 21.4 40 330 M M 6 19 53 350
18 36 7 22 -14 43 0 0.00 M M 7.5 18 360 M M 0 23 360
19 56 17 37 0 28 0 0.00 M M 6.1 18 20 M M 0 25 20
20 39 17 28 -9 37 0 0.00 M M 7.5 17 120 M M 3 26 120
21 32 19 26 -11 39 0 0.15 M M 10.5 25 350 M M 7 12 35 340
22 34 18 26 -12 39 0 0.05 M M 3.5 13 340 M M 7 1 17 340
23 42 22 32 -6 33 0 0.08 M M 6.3 12 150 M M 7 1 16 130
24 55 19 37 -1 28 0 0.00 M M 4.5 14 360 M M 3 20 20
25 40 23 32 -7 33 0 0.00 M M 9.0 17 60 M M 8 22 60
26 38 12 25 -14 40 0 0.04 M M 6.7 17 110 M M 8 18 23 140
27 29 13 21 -18 44 0 0.02 M M 9.2 15 30 M M 6 18 20 10
28 44 10 27 -13 38 0 T M M 8.2 21 40 M M 4 27 50
29 37 17 27 -13 38 0 T M M 13.2 24 180 M M 8 30 180
30 50 22 36 -4 29 0 0.05 M M 9.8 20 30 M M 1 1 25 30
31 27 13 20 -20 45 0 0.43 M M 18.5 41 340 M M 7 129 53 340
================================================================================
SM 1169 494 1177 0 1.52 M 311.8 M 163
================================================================================
AV 37.7 15.9 10.1 FASTST M M 5 MAX(MPH)
MISC ----> 46 330 58 330
================================================================================
NOTES:
# LAST OF SEVERAL OCCURRENCES
COLUMN 17 PEAK WIND IN M.P.H.
PRELIMINARY LOCAL CLIMATOLOGICAL DATA (WS FORM: F-6) , PAGE 2
STATION: RAPID CITY AIRPORT SD
MONTH: MARCH
YEAR: 2023
LATITUDE: 44 2 N
LONGITUDE: 103 4 W
[TEMPERATURE DATA] [PRECIPITATION DATA] SYMBOLS USED IN COLUMN 16
AVERAGE MONTHLY: 26.8 TOTAL FOR MONTH: 1.52 1 = FOG OR MIST
DPTR FM NORMAL: -8.6 DPTR FM NORMAL: 0.61 2 = FOG REDUCING VISIBILITY
HIGHEST: 66 ON 15 GRTST 24HR 0.48 ON 30-31 TO 1/4 MILE OR LESS
LOWEST: 6 ON 12 3 = THUNDER
SNOW, ICE PELLETS, HAIL 4 = ICE PELLETS
TOTAL MONTH: M 5 = HAIL
GRTST 24HR M ON M 6 = FREEZING RAIN OR DRIZZLE
GRTST DEPTH: M ON M 7 = DUSTSTORM OR SANDSTORM:
VSBY 1/2 MILE OR LESS
8 = SMOKE OR HAZE
[NO. OF DAYS WITH] [WEATHER - DAYS WITH] 9 = BLOWING SNOW
X = TORNADO
MAX 32 OR BELOW: 9 0.01 INCH OR MORE: 14
MAX 90 OR ABOVE: 0 0.10 INCH OR MORE: 5
MIN 32 OR BELOW: 31 0.50 INCH OR MORE: 0
MIN 0 OR BELOW: 0 1.00 INCH OR MORE: 0
[HDD (BASE 65) ]
TOTAL THIS MO. 1177 CLEAR (SCALE 0-3) 12
DPTR FM NORMAL 259 PTCLDY (SCALE 4-7) 15
TOTAL FM JUL 1 6426 CLOUDY (SCALE 8-10) 4
DPTR FM NORMAL 251
[CDD (BASE 65) ]
TOTAL THIS MO. 0
DPTR FM NORMAL 0 [PRESSURE DATA]
TOTAL FM JAN 1 0 HIGHEST SLP 30.57 ON 18
DPTR FM NORMAL 0 LOWEST SLP 29.43 ON 15
[REMARKS]
#FINAL-03-23#