000
CXUS56 KMFR 010930
CF6RBG
PRELIMINARY LOCAL CLIMATOLOGICAL DATA (WS FORM: F-6)
STATION: ROSEBURG OR
MONTH: AUGUST
YEAR: 2022
LATITUDE: 43 13 N
LONGITUDE: 123 22 W
TEMPERATURE IN F: :PCPN: SNOW: WIND :SUNSHINE: SKY :PK WND
================================================================================
1 2 3 4 5 6A 6B 7 8 9 10 11 12 13 14 15 16 17 18
12Z AVG MX 2MIN
DY MAX MIN AVG DEP HDD CDD WTR SNW DPTH SPD SPD DIR MIN PSBL S-S WX SPD DR
================================================================================
1 92 67 80 7 0 15 0.00 M M 6.5 15 20 M M 0 22 330
2 95 66 81 8 0 16 0.00 M M 2.8 12 330 M M 1 19 320
3 94 61 78 5 0 13 0.00 M M 4.7 16 10 M M 0 22 300
4 85 54 70 -3 0 5 0.00 M M 5.8 17 10 M M 2 24 10
5 88 59 74 1 0 9 0.00 M M 5.7 14 10 M M 0 20 10
6 93 56 75 2 0 10 0.00 M M 3.3 13 10 M M 0 18 10
7 98 60 79 6 0 14 0.00 M M 4.0 15 310 M M 0 24 350
8 85 60 73 1 0 8 0.00 M M 6.5 16 330 M M 0 25 330
9 88 58 73 1 0 8 0.00 M M 5.5 15 310 M M 4 25 300
10 84 61 73 1 0 8 0.00 M M 4.1 14 300 M M 4 22 340
11 88 55 72 0 0 7 0.00 M M 3.4 16 330 M M 0 25 320
12 80 57 69 -3 0 4 0.00 M M 4.3 14 10 M M 4 19 330
13 87 53 70 -2 0 5 0.00 M M 2.8 14 20 M M 0 20 330
14 89 55 72 0 0 7 0.00 M M 4.1 14 330 M M 0 20 330
15 90 56 73 1 0 8 0.00 M M 4.5 15 10 M M 0 20 10
16 93 58 76 4 0 11 0.00 M M 5.7 20 10 M M 0 27 360
17 101 62 82 10 0 17 T M M 2.9 17 220 M M 1 3 33 240
18 101 72 87 16 0 22 T M M 3.6 16 320 M M 0 26 300
19 84 64 74 3 0 9 0.00 M M 6.0 14 10 M M 1 19 10
20 89 62 76 5 0 11 0.00 M M 4.2 13 10 M M 5 18 18 20
21 98 57 78 7 0 13 0.00 M M 2.7 15 320 M M 0 23 20
22 90 58 74 3 0 9 0.00 M M 3.8 13 310 M M 0 21 330
23 90 66 78 7 0 13 0.00 M M 6.9 20 10 M M 4 28 30
24 92 61 77 6 0 12 0.00 M M 3.8 14 330 M M 0 20 10
25 92 61 77 7 0 12 0.00 M M 4.9 13 330 M M 0 19 360
26 89 61 75 5 0 10 0.00 M M 6.0 15 360 M M 1 20 10
27 78 63 71 1 0 6 0.00 M M 8.5 17 20 M M 5 23 350
28 83 53 68 -2 0 3 0.00 M M 6.0 15 20 M M 0 23 360
29 93 56 75 5 0 10 0.00 M M 1.6 9 10 M M 0 13 360
30 99 61 80 10 0 15 0.00 M M 2.5 13 10 M M 0 8 20 310
31 93 59 76 6 0 11 0.00 M M 2.9 14 20 M M 0 18 19 20
================================================================================
SM 2801 1852 0 321 T M 140.0 M 32
================================================================================
AV 90.4 59.7 4.5 FASTST M M 1 MAX(MPH)
MISC ----> # 20 10 33 240
================================================================================
NOTES:
# LAST OF SEVERAL OCCURRENCES
COLUMN 17 PEAK WIND IN M.P.H.
PRELIMINARY LOCAL CLIMATOLOGICAL DATA (WS FORM: F-6) , PAGE 2
STATION: ROSEBURG OR
MONTH: AUGUST
YEAR: 2022
LATITUDE: 43 13 N
LONGITUDE: 123 22 W
[TEMPERATURE DATA] [PRECIPITATION DATA] SYMBOLS USED IN COLUMN 16
AVERAGE MONTHLY: 75.0 TOTAL FOR MONTH: T 1 = FOG OR MIST
DPTR FM NORMAL: 3.5 DPTR FM NORMAL: -0.23 2 = FOG REDUCING VISIBILITY
HIGHEST: 101 ON 18,17 GRTST 24HR T ON 17-17 TO 1/4 MILE OR LESS
LOWEST: 53 ON 28,13 3 = THUNDER
SNOW, ICE PELLETS, HAIL 4 = ICE PELLETS
TOTAL MONTH: M 5 = HAIL
GRTST 24HR M ON M 6 = FREEZING RAIN OR DRIZZLE
GRTST DEPTH: M ON M 7 = DUSTSTORM OR SANDSTORM:
VSBY 1/2 MILE OR LESS
8 = SMOKE OR HAZE
[NO. OF DAYS WITH] [WEATHER - DAYS WITH] 9 = BLOWING SNOW
X = TORNADO
MAX 32 OR BELOW: 0 0.01 INCH OR MORE: 0
MAX 90 OR ABOVE: 17 0.10 INCH OR MORE: 0
MIN 32 OR BELOW: 0 0.50 INCH OR MORE: 0
MIN 0 OR BELOW: 0 1.00 INCH OR MORE: 0
[HDD (BASE 65) ]
TOTAL THIS MO. 0 CLEAR (SCALE 0-3) 25
DPTR FM NORMAL -5 PTCLDY (SCALE 4-7) 6
TOTAL FM JUL 1 0 CLOUDY (SCALE 8-10) 0
DPTR FM NORMAL -7
[CDD (BASE 65) ]
TOTAL THIS MO. 321
DPTR FM NORMAL 114 [PRESSURE DATA]
TOTAL FM JAN 1 671 HIGHEST SLP M ON M
DPTR FM NORMAL 159 LOWEST SLP 29.80 ON 17
[REMARKS]
#FINAL-08-22#