000
CXUS56 KSTO 080535
CF6RBL
PRELIMINARY LOCAL CLIMATOLOGICAL DATA (WS FORM: F-6)
STATION: RED BLUFF
MONTH: NOVEMBER
YEAR: 2022
LATITUDE: 40 8 N
LONGITUDE: 122-15 E
TEMPERATURE IN F: :PCPN: SNOW: WIND :SUNSHINE: SKY :PK WND
================================================================================
1 2 3 4 5 6A 6B 7 8 9 10 11 12 13 14 15 16 17 18
12Z AVG MX 2MIN
DY MAX MIN AVG DEP HDD CDD WTR SNW DPTH SPD SPD DIR MIN PSBL S-S WX SPD DR
================================================================================
1 60 49 55 -4 10 0 0.50 M M 11.2 35 160 M M 5 18 43 160
2 57 43 50 -8 15 0 0.00 M M 5.4 13 180 M M 5 16 160
3 61 39 50 -8 15 0 0.00 M M 7.7 17 360 M M 0 22 360
4 61 40 51 -6 14 0 0.00 M M 3.4 12 180 M M 2 13 180
5 51 41 46 -11 19 0 0.32 M M 5.5 12 360 M M 9 1 14 210
6 60 47 54 -3 11 0 0.25 M M 12.1 37 160 M M 9 1 45 170
7 53 40 47 -9 18 0 0.07 M M 10.7 25 190 M M 5 29 190
8 47 43 45 -11 20 0 1.18 M M 7.3 29 150 M M 10 1 38 140
9 55 42 49 -7 16 0 0.00 M M 3.5 8 310 M M 7 11 310
10 60 38 49 -6 16 0 0.00 M M 8.2 17 360 M M 0 21 340
11 57 36 47 -8 18 0 0.00 M M 3.0 12 330 M M 2 16 330
12 57 40 49 -5 16 0 T M M 5.8 10 30 M M 4 15 350
13 62 41 52 -2 13 0 0.00 M M 9.1 20 20 M M 0 23 350
14 62 33 48 -6 17 0 0.00 M M 4.6 10 20 M M 0 8 12 10
15 69 36 53 0 12 0 0.00 M M 9.2 20 360 M M 0 8 23 350
16 73 40 57 4 8 0 0.00 M M 7.3 17 10 M M 0 19 10
17 65 38 52 -1 13 0 0.00 M M 5.1 10 340 M M 0 16 330
18 62 44 53 1 12 0 0.00 M M 15.0 32 360 M M 1 40 360
19 65 36 51 -1 14 0 0.00 M M 8.5 17 360 M M 0 22 350
20 65 33 49 -3 16 0 0.00 M M 5.7 13 350 M M 0 14 350
21 65 32 49 -2 16 0 0.00 M M 4.3 10 320 M M 0 11 30
22 60 35 48 -3 17 0 0.00 0.0 M 3.3 8 310 M M 0 8 10 310
23 73 36 55 4 10 0 0.00 0.0 M 8.9 22 350 M M 0 27 360
24 78 43 61 11 4 0 0.00 0.0 M 6.4 14 360 M M 0 18 350
25 67 40 54 4 11 0 0.00 M M 5.0 10 10 M M 0 13 310
26 69 45 57 7 8 0 0.00 M M 9.4 21 350 M M 1 26 350
27 63 35 49 -1 16 0 0.00 M M 3.1 12 320 M M 0 14 310
28 60 39 50 1 15 0 0.00 M M 9.3 20 280 M M 0 32 290
29 58 33 46 -3 19 0 0.00 M M 6.8 18 350 M M 0 22 350
30 54 32 43 -6 22 0 0.01 M M 11.3 26 150 M M 3 8 34 140
================================================================================
SM 1849 1169 431 0 2.33 0.0 216.1 M 63
================================================================================
AV 61.6 39.0 7.2 FASTST M M 2 MAX(MPH)
MISC ----> 37 160 45 170
================================================================================
NOTES:
# LAST OF SEVERAL OCCURRENCES
COLUMN 17 PEAK WIND IN M.P.H.
PRELIMINARY LOCAL CLIMATOLOGICAL DATA (WS FORM: F-6) , PAGE 2
STATION: RED BLUFF
MONTH: NOVEMBER
YEAR: 2022
LATITUDE: 40 8 N
LONGITUDE: 122-15 E
[TEMPERATURE DATA] [PRECIPITATION DATA] SYMBOLS USED IN COLUMN 16
AVERAGE MONTHLY: 50.3 TOTAL FOR MONTH: 2.33 1 = FOG OR MIST
DPTR FM NORMAL: -3.1 DPTR FM NORMAL: -0.21 2 = FOG REDUCING VISIBILITY
HIGHEST: 78 ON 24 GRTST 24HR 1.18 ON 8- 8 TO 1/4 MILE OR LESS
LOWEST: 32 ON 30,21 3 = THUNDER
SNOW, ICE PELLETS, HAIL 4 = ICE PELLETS
TOTAL MONTH: 0.0 INCH 5 = HAIL
GRTST 24HR 0.0 6 = FREEZING RAIN OR DRIZZLE
GRTST DEPTH: M ON M 7 = DUSTSTORM OR SANDSTORM:
VSBY 1/2 MILE OR LESS
8 = SMOKE OR HAZE
[NO. OF DAYS WITH] [WEATHER - DAYS WITH] 9 = BLOWING SNOW
X = TORNADO
MAX 32 OR BELOW: 0 0.01 INCH OR MORE: 6
MAX 90 OR ABOVE: 0 0.10 INCH OR MORE: 4
MIN 32 OR BELOW: 2 0.50 INCH OR MORE: 2
MIN 0 OR BELOW: 0 1.00 INCH OR MORE: 1
[HDD (BASE 65) ]
TOTAL THIS MO. 431 CLEAR (SCALE 0-3) 21
DPTR FM NORMAL 81 PTCLDY (SCALE 4-7) 6
TOTAL FM JUL 1 465 CLOUDY (SCALE 8-10) 3
DPTR FM NORMAL 25
[CDD (BASE 65) ]
TOTAL THIS MO. 0
DPTR FM NORMAL -2 [PRESSURE DATA]
TOTAL FM JAN 1 2424 HIGHEST SLP 30.42 ON 16
DPTR FM NORMAL 499 LOWEST SLP 29.55 ON 8
[REMARKS]
#FINAL-11-22#