000
CXUS51 KPHI 161625
CF6RDG
PRELIMINARY LOCAL CLIMATOLOGICAL DATA (WS FORM: F-6)
STATION: READING PA
MONTH: JUNE
YEAR: 2022
LATITUDE: 40 22 N
LONGITUDE: 75 58 W
TEMPERATURE IN F: :PCPN: SNOW: WIND :SUNSHINE: SKY :PK WND
================================================================================
1 2 3 4 5 6A 6B 7 8 9 10 11 12 13 14 15 16 17 18
12Z AVG MX 2MIN
DY MAX MIN AVG DEP HDD CDD WTR SNW DPTH SPD SPD DIR MIN PSBL S-S WX SPD DR
================================================================================
1 93 65 79 12 0 14 0.33 0.0 0 5.2 28 10 M M 4 138 36 20
2 83 64 74 6 0 9 0.71 0.0 0 3.5 26 300 M M 8 1238 35 290
3 79 60 70 2 0 5 T 0.0 0 6.6 18 350 M M 3 18 24 300
4 82 56 69 1 0 4 0.00 0.0 0 5.4 18 280 M M 0 18 24 280
5 79 52 66 -3 0 1 0.00 0.0 0 2.4 9 80 M M 0 8 13 10
6 82 54 68 -1 0 3 0.00 0.0 0 6.4 17 210 M M 0 18 26 150
7 80 60 70 1 0 5 0.43 0.0 0 9.0 21 170 M M 6 18 29 190
8 82 68 75 5 0 10 0.02 0.0 0 5.6 15 320 M M 4 18 19 260
9 79 62 71 1 0 6 0.30 0.0 0 12.6 26 290 M M 5 13 34 300
10 79 56 68 -2 0 3 0.00 0.0 0 5.2 16 260 M M 1 1 19 290
11 75 59 67 -3 0 2 T 0.0 0 3.1 12 280 M M 3 8 14 280
12 78 59 69 -2 0 4 0.19 0.0 0 3.5 13 320 M M 8 128 15 150
13 89 66 78 7 0 13 0.01 0.0 0 4.3 13 290 M M 5 12 17 280
14 84 66 75 4 0 10 T 0.0 0 3.8 9 270 M M 2 13 350
15 90 62 76 4 0 11 T 0.0 0 5.8 18 170 M M 2 18 25 150
16 78 66 72 0 0 7 0.10 0.0 0 7.0 20 170 M M 9 13 26 170
17 92 71 82 10 0 17 T 0.0 0 11.0 28 300 M M 4 18 35 260
18 73 59 66 -6 0 1 0.00 0.0 0 14.6 28 320 M M 5 36 320
19 76 52 64 -9 1 0 0.00 0.0 0 12.8 25 320 M M 0 34 300
20 81 47 64 -9 1 0 0.00 0.0 0 4.8 15 310 M M 0 20 310
21 83 55 69 -4 0 4 0.00 0.0 0 4.6 13 200 M M 3 16 200
22 82 64 73 -1 0 8 0.50 0.0 0 4.7 16 120 M M 6 138 24 140
23 71 60 66 -8 0 1 0.99 0.0 0 2.8 9 130 M M 8 1 14 140
24 82 57 70 -4 0 5 0.00 0.0 0 3.1 10 250 M M 4 128 14 260
25 92 64 78 4 0 13 0.00 0.0 0 3.0 10 220 M M 1 18 16 210
26 90 68 79 5 0 14 0.07 0.0 0 6.8 20 190 M M 3 18 24 190
27 81 68 75 0 0 10 0.27 0.0 0 5.8 16 280 M M 7 1 21 290
28 80 57 69 -6 0 4 0.00 0.0 0 5.7 14 340 M M 1 17 310
29 86 59 73 -2 0 8 0.00 0.0 0 4.1 15 260 M M 1 1 23 290
30 89 62 76 1 0 11 0.00 0.0 0 3.6 13 230 M M 0 16 240
================================================================================
SM 2470 1818 2 203 3.92 0.0 176.8 M 103
================================================================================
AV 82.3 60.6 5.9 FASTST M M 3 MAX(MPH)
MISC ----> # 28 300 # 36 320
================================================================================
NOTES:
# LAST OF SEVERAL OCCURRENCES
COLUMN 17 PEAK WIND IN M.P.H.
PRELIMINARY LOCAL CLIMATOLOGICAL DATA (WS FORM: F-6) , PAGE 2
STATION: READING PA
MONTH: JUNE
YEAR: 2022
LATITUDE: 40 22 N
LONGITUDE: 75 58 W
[TEMPERATURE DATA] [PRECIPITATION DATA] SYMBOLS USED IN COLUMN 16
AVERAGE MONTHLY: 71.5 TOTAL FOR MONTH: 3.92 1 = FOG OR MIST
DPTR FM NORMAL: -0.1 DPTR FM NORMAL: -0.85 2 = FOG REDUCING VISIBILITY
HIGHEST: 93 ON 1 GRTST 24HR 0.99 ON 23-23 TO 1/4 MILE OR LESS
LOWEST: 47 ON 20 3 = THUNDER
SNOW, ICE PELLETS, HAIL 4 = ICE PELLETS
TOTAL MONTH: 0.0 INCH 5 = HAIL
GRTST 24HR 0.0 6 = FREEZING RAIN OR DRIZZLE
GRTST DEPTH: 0 7 = DUSTSTORM OR SANDSTORM:
VSBY 1/2 MILE OR LESS
8 = SMOKE OR HAZE
[NO. OF DAYS WITH] [WEATHER - DAYS WITH] 9 = BLOWING SNOW
X = TORNADO
MAX 32 OR BELOW: 0 0.01 INCH OR MORE: 12
MAX 90 OR ABOVE: 5 0.10 INCH OR MORE: 9
MIN 32 OR BELOW: 0 0.50 INCH OR MORE: 3
MIN 0 OR BELOW: 0 1.00 INCH OR MORE: 0
[HDD (BASE 65) ]
TOTAL THIS MO. 2 CLEAR (SCALE 0-3) 15
DPTR FM NORMAL -15 PTCLDY (SCALE 4-7) 13
TOTAL FM JUL 1 4575 CLOUDY (SCALE 8-10) 2
DPTR FM NORMAL -550
[CDD (BASE 65) ]
TOTAL THIS MO. 203
DPTR FM NORMAL -11 [PRESSURE DATA]
TOTAL FM JAN 1 310 HIGHEST SLP M ON M
DPTR FM NORMAL 21 LOWEST SLP 29.59 ON 9
[REMARKS]
#FINAL-06-22#