000
CXUS51 KPHI 161958
CF6RDG
PRELIMINARY LOCAL CLIMATOLOGICAL DATA (WS FORM: F-6)
STATION: READING PA
MONTH: DECEMBER
YEAR: 2023
LATITUDE: 40 22 N
LONGITUDE: 75 58 W
TEMPERATURE IN F: :PCPN: SNOW: WIND :SUNSHINE: SKY :PK WND
================================================================================
1 2 3 4 5 6A 6B 7 8 9 10 11 12 13 14 15 16 17 18
12Z AVG MX 2MIN
DY MAX MIN AVG DEP HDD CDD WTR SNW DPTH SPD SPD DIR MIN PSBL S-S WX SPD DR
================================================================================
1 43 30 37 -3 28 0 0.23 0.0 0 1.1 9 330 M M 6 1 11 30
2 55 42 49 10 16 0 0.00 0.0 0 1.3 7 300 M M 7 128 8 300
3 52 46 49 10 16 0 0.57 0.0 0 3.5 12 270 M M 10 12 14 270
4 50 34 42 3 23 0 0.00 0.0 0 5.8 15 320 M M 3 1 19 300
5 45 32 39 1 26 0 0.00 0.0 0 4.1 12 290 M M 7 13 290
6 42 32 37 -1 28 0 T T 0 7.5 20 340 M M 8 1 24 310
7 38 29 34 -4 31 0 0.05 0.4 0 2.9 12 330 M M 7 1 14 320
8 54 29 42 4 23 0 0.00 0.0 0 2.8 12 170 M M 2 128 16 190
9 52 33 43 6 22 0 0.00 0.0 0 1.6 6 290 M M 5 18 7 140
10 60 39 50 13 15 0 1.75 0.0 0 5.2 18 330 M M 9 12 27 330
11 46 34 40 3 25 0 0.44 0.1 T 12.9 29 310 M M 8 1 35 300
12 45 28 37 1 28 0 0.00 0.0 0 5.8 16 290 M M 1 20 290
13 46 28 37 1 28 0 0.00 0.0 0 7.0 20 290 M M 0 1 24 320
14 43 24 34 -2 31 0 0.00 0.0 0 5.3 13 270 M M 0 17 270
15 58 27 43 7 22 0 0.00 0.0 0 3.9 16 280 M M 0 20 270
16 58 30 44 8 21 0 0.00 0.0 0 3.6 14 120 M M 0 19 120
17 55 46 51 16 14 0 1.19 0.0 0 7.6 17 30 M M 10 1 22 40
18 57 38 48 13 17 0 1.88 0.0 0 13.0 29 310 M M 9 1 39 290
19 41 28 35 0 30 0 0.01 0.1 T 12.4 28 310 M M 5 34 310
20 45 25 35 0 30 0 0.00 0.0 0 6.5 16 320 M M 4 22 320
21 45 30 38 4 27 0 0.00 0.0 0 5.0 14 350 M M 1 17 350
22 34 27 31 -3 34 0 0.00 0.0 0 1.5 6 360 M M 7 7 10
23 45 31 38 4 27 0 0.00 0.0 0 2.7 9 160 M M 10 12 160
24 46 38 42 8 23 0 T 0.0 0 1.4 6 340 M M 10 18 6 340
25 53 39 46 12 19 0 0.00 0.0 0 1.7 9 160 M M 8 18 11 150
26 48 40 44 11 21 0 0.00 0.0 0 1.5 7 120 M M 10 18 9 70
27 56 45 51 18 14 0 1.53 0.0 0 2.7 22 80 M M 10 1 31 80
28 56 49 53 20 12 0 0.07 0.0 0 4.6 13 290 M M 10 18 16 30
29 53 36 45 12 20 0 0.00 0.0 0 5.9 15 320 M M 3 18 320
30 46 34 40 7 25 0 0.00 0.0 0 9.9 20 280 M M 6 25 290
31 45 38 42 10 23 0 T 0.0 0 4.7 14 260 M M 9 20 260
================================================================================
SM 1512 1061 719 0 7.72 0.6 155.4 M 185
================================================================================
AV 48.8 34.2 5.0 FASTST M M 6 MAX(MPH)
MISC ----> # 29 310 39 290
================================================================================
NOTES:
# LAST OF SEVERAL OCCURRENCES
COLUMN 17 PEAK WIND IN M.P.H.
PRELIMINARY LOCAL CLIMATOLOGICAL DATA (WS FORM: F-6) , PAGE 2
STATION: READING PA
MONTH: DECEMBER
YEAR: 2023
LATITUDE: 40 22 N
LONGITUDE: 75 58 W
[TEMPERATURE DATA] [PRECIPITATION DATA] SYMBOLS USED IN COLUMN 16
AVERAGE MONTHLY: 41.5 TOTAL FOR MONTH: 7.72 1 = FOG OR MIST
DPTR FM NORMAL: 5.8 DPTR FM NORMAL: 4.21 2 = FOG REDUCING VISIBILITY
HIGHEST: 60 ON 10 GRTST 24HR 2.76 ON 17-18 TO 1/4 MILE OR LESS
LOWEST: 24 ON 14 3 = THUNDER
SNOW, ICE PELLETS, HAIL 4 = ICE PELLETS
TOTAL MONTH: 0.6 INCH 5 = HAIL
GRTST 24HR 0.4 ON 7- 7 6 = FREEZING RAIN OR DRIZZLE
GRTST DEPTH: T 7 = DUSTSTORM OR SANDSTORM:
VSBY 1/2 MILE OR LESS
8 = SMOKE OR HAZE
[NO. OF DAYS WITH] [WEATHER - DAYS WITH] 9 = BLOWING SNOW
X = TORNADO
MAX 32 OR BELOW: 0 0.01 INCH OR MORE: 10
MAX 90 OR ABOVE: 0 0.10 INCH OR MORE: 7
MIN 32 OR BELOW: 15 0.50 INCH OR MORE: 5
MIN 0 OR BELOW: 0 1.00 INCH OR MORE: 4
[HDD (BASE 65) ]
TOTAL THIS MO. 719 CLEAR (SCALE 0-3) 8
DPTR FM NORMAL -189 PTCLDY (SCALE 4-7) 12
TOTAL FM JUL 1 1625 CLOUDY (SCALE 8-10) 11
DPTR FM NORMAL -278
[CDD (BASE 65) ]
TOTAL THIS MO. 0
DPTR FM NORMAL 0 [PRESSURE DATA]
TOTAL FM JAN 1 1118 HIGHEST SLP 30.74 ON 14
DPTR FM NORMAL 64 LOWEST SLP 29.14 ON 18
[REMARKS]
#FINAL-12-23#