000
CXUS51 KPHI 011246
CLMRDG
CLIMATE REPORT
NATIONAL WEATHER SERVICE MOUNT HOLLY NJ
846 AM EDT FRI SEP 01 2023
...................................
...THE READING PA CLIMATE SUMMARY FOR THE MONTH OF AUGUST 2023...
CLIMATE NORMAL PERIOD: 1991 TO 2020
CLIMATE RECORD PERIOD: 1869 TO 2023
WEATHER OBSERVED NORMAL DEPART LAST YEAR`S
VALUE DATE(S) VALUE FROM VALUE
NORMAL
..............................................................
TEMPERATURE (F)
RECORD
HIGH 105 08/07/1918
LOW 42 08/31/1986
08/30/1986
08/29/1986
HIGHEST 90 MM MM 97
LOWEST 56 MM MM 56
AVG. MAXIMUM 83.7 84.4 -0.7 89.7
AVG. MINIMUM 64.8 64.1 0.7 67.6
MEAN 74.3 74.3 -0.0 78.7
DAYS MAX >= 90 1 5.4 -4.4 16
DAYS MAX <= 32 0 0.0 0.0 0
DAYS MIN <= 32 0 0.0 0.0 0
DAYS MIN <= 0 0 0.0 0.0 0
PRECIPITATION (INCHES)
RECORD
MAXIMUM 14.85 1955
MINIMUM 0.17 1995
TOTALS 3.72 4.49 -0.77 1.07
DAILY AVG. 0.12 0.14 -0.02 0.03
DAYS >= .01 10 11.2 -1.2 6
DAYS >= .10 7 7.4 -0.4 3
DAYS >= .50 3 3.0 0.0 1
DAYS >= 1.00 1 1.5 -0.5 0
GREATEST
24 HR. TOTAL 1.31 08/12 TO 08/12 0.51
DEGREE DAYS
HEATING TOTAL 0 3 -3 0
SINCE 7/1 0 0 0 MM
COOLING TOTAL 293 289 4 428
SINCE 1/1 923 924 -1 MM
..............................................................
WIND (MPH)
AVERAGE WIND SPEED 5.4
HIGHEST WIND SPEED/DIRECTION 36/250 DATE 08/07
HIGHEST GUST SPEED/DIRECTION 44/350 DATE 08/12
SKY COVER
POSSIBLE SUNSHINE (PERCENT) MM
AVERAGE SKY COVER 0.42
NUMBER OF DAYS FAIR 13
NUMBER OF DAYS PC 15
NUMBER OF DAYS CLOUDY 3
AVERAGE RH (PERCENT) 69
WEATHER CONDITIONS. NUMBER OF DAYS WITH
THUNDERSTORM 5 MIXED PRECIP 0
HEAVY RAIN 7 RAIN 7
LIGHT RAIN 13 FREEZING RAIN 0
LT FREEZING RAIN 0 HEAVY SNOW 0
SNOW 0 LIGHT SNOW 0
SLEET 0 FOG 23
FOG W/VIS <= 1/4 MILE 2 HAZE 13
- INDICATES NEGATIVE NUMBERS.
R INDICATES RECORD WAS SET OR TIED.
MM INDICATES DATA IS MISSING.
T INDICATES TRACE AMOUNT.
$$