295
CXUS52 KRAH 011345
CF6RDU
PRELIMINARY LOCAL CLIMATOLOGICAL DATA (WS FORM: F-6)
STATION: RALEIGH-DURHAM INTL AIRPORT NC
MONTH: APRIL
YEAR: 2020
LATITUDE: 35 52 N
LONGITUDE: 78 47 W
TEMPERATURE IN F: :PCPN: SNOW: WIND :SUNSHINE: SKY :PK WND
================================================================================
1 2 3 4 5 6A 6B 7 8 9 10 11 12 13 14 15 16 17 18
12Z AVG MX 2MIN
DY MAX MIN AVG DEP HDD CDD WTR SNW DPTH SPD SPD DIR MIN PSBL S-S WX SPD DR
================================================================================
1 59 44 52 -4 13 0 T 0.0 0 6.0 16 30 M M 8 1 24 30
2 66 41 54 -3 11 0 0.00 0.0 0 5.3 15 290 M M 2 23 290
3 72 41 57 0 8 0 0.00 0.0 0 5.1 17 300 M M 2 31 310
4 71 39 55 -2 10 0 0.00 0.0 0 3.7 14 110 M M 2 17 100
5 73 47 60 3 5 0 0.00 0.0 0 4.4 13 230 M M 3 16 230
6 82 52 67 9 0 2 0.02 0.0 0 5.4 17 20 M M 4 27 30
7 84 51 68 10 0 3 T 0.0 0 6.0 26 240 M M 7 12 36 250
8 83 58 71 13 0 6 0.43 0.0 0 6.6 18 230 M M 5 13 25 330
9 80 57 69 10 0 4 0.09 0.0 0 10.1 23 260 M M 5 13 35 250
10 60 42 51 -8 14 0 0.00 0.0 0 8.3 22 270 M M 3 35 290
11 67 32 50 -9 15 0 0.00 0.0 0 4.4 17 230 M M 1 21 230
12 76 47 62 3 3 0 0.01 0.0 0 11.0 23 170 M M 8 33 160
13 81 61 71 11 0 6 0.39 0.0 0 15.5 36 220 M M 8 13 48 220
14 74 52 63 3 2 0 0.00 0.0 0 6.6 17 20 M M 4 26 40
15 57 40 49 -11 16 0 0.14 0.0 0 7.5 22 30 M M 7 1 33 30
16 67 34 51 -9 14 0 0.00 0.0 0 3.9 15 270 M M 1 1 23 280
17 73 35 54 -7 11 0 0.00 0.0 0 10.4 30 230 M M 3 36 210
18 67 41 54 -7 11 0 0.36 0.0 0 9.1 21 220 M M 5 1 31 220
19 70 39 55 -6 10 0 0.00 0.0 0 4.1 13 200 M M 6 16 200
20 62 51 57 -4 8 0 0.68 0.0 0 5.0 21 30 M M 7 1 29 40
21 77 48 63 1 2 0 T 0.0 0 9.7 25 250 M M 3 35 230
22 71 41 56 -6 9 0 0.00 0.0 0 5.0 15 240 M M 3 20 250
23 66 55 61 -1 4 0 0.10 0.0 0 7.8 18 220 M M 10 1 23 220
24 80 61 71 9 0 6 0.01 0.0 0 10.4 23 230 M M 8 27 230
25 61 55 58 -5 7 0 0.01 0.0 0 8.2 16 60 M M 9 1 22 80
26 74 51 63 0 2 0 0.26 0.0 0 7.1 28 290 M M 9 13 45 280
27 69 44 57 -6 8 0 0.00 0.0 0 6.2 16 310 M M 3 26 340
28 77 42 60 -3 5 0 0.00 0.0 0 4.8 16 250 M M 5 23 240
29 81 59 70 6 0 5 0.00 0.0 0 15.2 26 180 M M 9 36 160
30 69 55 62 -2 3 0 1.67 0.0 0 8.8 31 180 M M 9 1 44 190
================================================================================
SM 2149 1415 191 32 4.17 0.0 221.6 M 159
================================================================================
AV 71.6 47.2 7.4 FASTST M M 5 MAX(MPH)
MISC ----> # 36 220 # 48 220
================================================================================
NOTES:
# LAST OF SEVERAL OCCURRENCES
COLUMN 17 PEAK WIND IN M.P.H.
PRELIMINARY LOCAL CLIMATOLOGICAL DATA (WS FORM: F-6) , PAGE 2
STATION: RALEIGH-DURHAM INTL AIRPORT NC
MONTH: APRIL
YEAR: 2020
LATITUDE: 35 52 N
LONGITUDE: 78 47 W
[TEMPERATURE DATA] [PRECIPITATION DATA] SYMBOLS USED IN COLUMN 16
AVERAGE MONTHLY: 59.4 TOTAL FOR MONTH: 4.17 1 = FOG OR MIST
DPTR FM NORMAL: -0.8 DPTR FM NORMAL: 1.25 2 = FOG REDUCING VISIBILITY
HIGHEST: 84 ON 7 GRTST 24HR 1.67 ON 30-30 TO 1/4 MILE OR LESS
LOWEST: 32 ON 11 3 = THUNDER
SNOW, ICE PELLETS, HAIL 4 = ICE PELLETS
TOTAL MONTH: 0.0 INCH 5 = HAIL
GRTST 24HR 0.0 6 = FREEZING RAIN OR DRIZZLE
GRTST DEPTH: 0 7 = DUSTSTORM OR SANDSTORM:
VSBY 1/2 MILE OR LESS
8 = SMOKE OR HAZE
[NO. OF DAYS WITH] [WEATHER - DAYS WITH] 9 = BLOWING SNOW
X = TORNADO
MAX 32 OR BELOW: 0 0.01 INCH OR MORE: 13
MAX 90 OR ABOVE: 0 0.10 INCH OR MORE: 8
MIN 32 OR BELOW: 1 0.50 INCH OR MORE: 2
MIN 0 OR BELOW: 0 1.00 INCH OR MORE: 1
[HDD (BASE 65) ]
TOTAL THIS MO. 191 CLEAR (SCALE 0-3) 10
DPTR FM NORMAL -2 PTCLDY (SCALE 4-7) 14
TOTAL FM JUL 1 2601 CLOUDY (SCALE 8-10) 6
DPTR FM NORMAL -588
[CDD (BASE 65) ]
TOTAL THIS MO. 32
DPTR FM NORMAL -17 [PRESSURE DATA]
TOTAL FM JAN 1 87 HIGHEST SLP M ON M
DPTR FM NORMAL 26 LOWEST SLP 29.45 ON 9
[REMARKS]
#FINAL-04-20#