000
CXUS53 KGRB 020017
CLSRHI
CLIMATE REPORT
NATIONAL WEATHER SERVICE GREEN BAY
717 PM CDT WED SEP 01 2021
...................................
...THE RHINELANDER WI CLIMATE SUMMARY FOR THE SEASON, FROM
6/1/2021 TO 8/31/2021...
CLIMATE NORMAL PERIOD: 1991 TO 2020
CLIMATE RECORD PERIOD: 1908 TO 2021
WEATHER OBSERVED NORMAL DEPART LAST YEAR`S
VALUE DATE(S) VALUE FROM VALUE DATE(S)
NORMAL
................................................................
TEMPERATURE (F)
RECORD
HIGH 108 07/13/1936
LOW 27 06/01/2003
HIGHEST 94 06/08 92 2 92 07/04
LOWEST 40 06/01 35 5 35 06/13
AVG. MAXIMUM 79.4 77.5 1.9 78.4
AVG. MINIMUM 54.1 52.4 1.7 53.9
MEAN 66.7 64.9 1.8 66.2
DAYS MAX >= 90 4 3.2 0.8 5
DAYS MAX <= 32 0 0.0 0.0 0
DAYS MIN <= 32 0 0.5 -0.5 0
DAYS MIN <= 0 0 0.0 0.0 0
PRECIPITATION (INCHES)
RECORD
MAXIMUM 21.33 1978
MINIMUM 5.37 1910
TOTALS 14.10 11.04 3.06 16.60
DAILY AVG. 0.15 0.12 0.03 0.18
DAYS >= .01 35 34.8 0.2 34
DAYS >= .10 22 20.1 1.9 24
DAYS >= .50 10 7.1 2.9 12
DAYS >= 1.00 3 2.4 0.6 4
SNOWFALL (INCHES)
RECORDS
TOTAL T 1945
24 HR TOTAL MM
TOTALS 0.0 MM MM 0.0
SINCE 7/1 0.0 MM MM MM
DAYS >= TRACE 0 MM MM 0
DAYS >= 1.0 0 MM MM 0
GREATEST
SNOW DEPTH 0 0 MM
24 HR TOTAL MM
DEGREE DAYS
HEATING TOTAL 118 246 -128 186
SINCE 7/1 62 127 -65 86
COOLING TOTAL 298 242 56 326
SINCE 1/1 313 255 58 352
FREEZE DATES
RECORD
EARLIEST 08/27/1915
LATEST 07/30/1928
EARLIEST MM
LATEST 05/29
................................................................
WIND (MPH)
AVERAGE WIND SPEED 5.3
RESULTANT WIND SPEED/DIRECTION 2/230
HIGHEST WIND SPEED/DIRECTION 28/200 DATE 06/10
HIGHEST GUST SPEED/DIRECTION 39/260 DATE 08/28
SKY COVER
POSSIBLE SUNSHINE (PERCENT) MM
AVERAGE SKY COVER 0.31
NUMBER OF DAYS FAIR 56
NUMBER OF DAYS PC 30
NUMBER OF DAYS CLOUDY 6
AVERAGE RH (PERCENT) 70
WEATHER CONDITIONS. NUMBER OF DAYS WITH
THUNDERSTORM 16 MIXED PRECIP 0
HEAVY RAIN 15 RAIN 19
LIGHT RAIN 36 FREEZING RAIN 0
LT FREEZING RAIN 0 HAIL 0
HEAVY SNOW 0 SNOW 0
LIGHT SNOW 0 SLEET 0
FOG 77 FOG W/VIS <= 1/4 MILE 30
HAZE 13
- INDICATES NEGATIVE NUMBERS.
R INDICATES RECORD WAS SET OR TIED.
MM INDICATES DATA IS MISSING.
T INDICATES TRACE AMOUNT.
$$